{"id":876,"date":"2023-03-04T18:36:27","date_gmt":"2023-03-04T18:36:27","guid":{"rendered":"https:\/\/mernokvagyok.hu\/vizgazdalkodas\/?page_id=876"},"modified":"2023-03-04T18:36:28","modified_gmt":"2023-03-04T18:36:28","slug":"2022-12-14-mmk-vvt-taggyules-es-szakmai-nap","status":"publish","type":"page","link":"https:\/\/mernokvagyok.hu\/vizgazdalkodas\/2022-12-14-mmk-vvt-taggyules-es-szakmai-nap\/","title":{"rendered":"2022.12.14 MMK-VVT taggy\u0171l\u00e9s \u00e9s szakmai nap"},"content":{"rendered":"\n<figure class=\"wp-block-gallery has-nested-images columns-default is-cropped wp-block-gallery-1 is-layout-flex wp-block-gallery-is-layout-flex\">\n<figure class=\"wp-block-image size-large\"><a href=\"https:\/\/mernokvagyok.hu\/vizgazdalkodas\/wp-content\/uploads\/2023\/03\/MMK_7406.jpg\"><img fetchpriority=\"high\" decoding=\"async\" width=\"2953\" height=\"1970\" data-id=\"878\" src=\"https:\/\/mernokvagyok.hu\/vizgazdalkodas\/wp-content\/uploads\/2023\/03\/MMK_7406.jpg\" alt=\"\" class=\"wp-image-878\" \/><\/a><\/figure>\n\n\n\n<figure class=\"wp-block-image size-large\"><a href=\"https:\/\/mernokvagyok.hu\/vizgazdalkodas\/wp-content\/uploads\/2023\/03\/MMK_7443.jpg\"><img decoding=\"async\" width=\"2953\" height=\"1970\" data-id=\"881\" src=\"https:\/\/mernokvagyok.hu\/vizgazdalkodas\/wp-content\/uploads\/2023\/03\/MMK_7443.jpg\" alt=\"\" class=\"wp-image-881\" \/><\/a><\/figure>\n\n\n\n<figure class=\"wp-block-image size-large\"><a href=\"https:\/\/mernokvagyok.hu\/vizgazdalkodas\/wp-content\/uploads\/2023\/03\/MMK_7447.jpg\"><img decoding=\"async\" width=\"2953\" height=\"1783\" data-id=\"879\" src=\"https:\/\/mernokvagyok.hu\/vizgazdalkodas\/wp-content\/uploads\/2023\/03\/MMK_7447.jpg\" alt=\"\" class=\"wp-image-879\" \/><\/a><\/figure>\n\n\n\n<figure class=\"wp-block-image size-large\"><a href=\"https:\/\/mernokvagyok.hu\/vizgazdalkodas\/wp-content\/uploads\/2023\/03\/MMK_7466.jpg\"><img loading=\"lazy\" decoding=\"async\" width=\"2953\" height=\"1970\" data-id=\"877\" src=\"https:\/\/mernokvagyok.hu\/vizgazdalkodas\/wp-content\/uploads\/2023\/03\/MMK_7466.jpg\" alt=\"\" class=\"wp-image-877\" \/><\/a><\/figure>\n\n\n\n<figure class=\"wp-block-image size-large\"><a href=\"https:\/\/mernokvagyok.hu\/vizgazdalkodas\/wp-content\/uploads\/2023\/03\/MMK_7490.jpg\"><img loading=\"lazy\" decoding=\"async\" width=\"2953\" height=\"1970\" data-id=\"880\" src=\"https:\/\/mernokvagyok.hu\/vizgazdalkodas\/wp-content\/uploads\/2023\/03\/MMK_7490.jpg\" alt=\"\" class=\"wp-image-880\" \/><\/a><\/figure>\n\n\n\n<figure class=\"wp-block-image size-large\"><img loading=\"lazy\" decoding=\"async\" width=\"2953\" height=\"1970\" data-id=\"882\" src=\"https:\/\/mernokvagyok.hu\/vizgazdalkodas\/wp-content\/uploads\/2023\/03\/MMK_7495.jpg\" alt=\"\" class=\"wp-image-882\" \/><\/figure>\n<\/figure>\n","protected":false},"excerpt":{"rendered":"","protected":false},"author":871,"featured_media":0,"parent":0,"menu_order":0,"comment_status":"closed","ping_status":"closed","template":"","meta":{"_exactmetrics_skip_tracking":false,"_exactmetrics_sitenote_active":false,"_exactmetrics_sitenote_note":"","_exactmetrics_sitenote_category":0,"footnotes":""},"class_list":["post-876","page","type-page","status-publish","hentry"],"_links":{"self":[{"href":"https:\/\/mernokvagyok.hu\/vizgazdalkodas\/wp-json\/wp\/v2\/pages\/876","targetHints":{"allow":["GET"]}}],"collection":[{"href":"https:\/\/mernokvagyok.hu\/vizgazdalkodas\/wp-json\/wp\/v2\/pages"}],"about":[{"href":"https:\/\/mernokvagyok.hu\/vizgazdalkodas\/wp-json\/wp\/v2\/types\/page"}],"author":[{"embeddable":true,"href":"https:\/\/mernokvagyok.hu\/vizgazdalkodas\/wp-json\/wp\/v2\/users\/871"}],"replies":[{"embeddable":true,"href":"https:\/\/mernokvagyok.hu\/vizgazdalkodas\/wp-json\/wp\/v2\/comments?post=876"}],"version-history":[{"count":1,"href":"https:\/\/mernokvagyok.hu\/vizgazdalkodas\/wp-json\/wp\/v2\/pages\/876\/revisions"}],"predecessor-version":[{"id":883,"href":"https:\/\/mernokvagyok.hu\/vizgazdalkodas\/wp-json\/wp\/v2\/pages\/876\/revisions\/883"}],"wp:attachment":[{"href":"https:\/\/mernokvagyok.hu\/vizgazdalkodas\/wp-json\/wp\/v2\/media?parent=876"}],"curies":[{"name":"wp","href":"https:\/\/api.w.org\/{rel}","templated":true}]}}