{"id":572,"date":"2022-10-26T15:32:17","date_gmt":"2022-10-26T15:32:17","guid":{"rendered":"https:\/\/mernokvagyok.hu\/vizgazdalkodas\/?page_id=572"},"modified":"2026-03-12T08:35:33","modified_gmt":"2026-03-12T08:35:33","slug":"elnoksegi-ulesek-2","status":"publish","type":"page","link":"https:\/\/mernokvagyok.hu\/vizgazdalkodas\/elnoksegi-ulesek-2\/","title":{"rendered":"Eln\u00f6ks\u00e9gi \u00fcl\u00e9sek"},"content":{"rendered":"\n<div class=\"wp-block-columns is-layout-flex wp-container-core-columns-is-layout-9d6595d7 wp-block-columns-is-layout-flex\">\n<div class=\"wp-block-column is-layout-flow wp-block-column-is-layout-flow\" style=\"flex-basis:100%\">\n<figure class=\"wp-block-table is-style-stripes\"><table><thead><tr><th>D\u00e1tum<\/th><th>C\u00edm\/megnevez\u00e9s<\/th><th>Kapcsol\u00f3d\u00f3 dokumentumok<\/th><\/tr><\/thead><tbody>\n<tr><td>2026.02.18.<\/td><td>MMK-VVT Elno\u0308kse\u0301gi u\u0308le\u0301s<\/td><td><a href=\"https:\/\/mernokvagyok.hu\/vizgazdalkodas\/wp-content\/uploads\/2026\/03\/MMK_VVT_elnoksegi-ules_emlekezteto_2026.02.18.pdf\">Eml\u00e9keztet\u0151<\/a><br>\n\n<tr><td>2026.01.21.<\/td><td>MMK-VVT Elno\u0308kse\u0301gi u\u0308le\u0301s<\/td><td><a href=\"https:\/\/mernokvagyok.hu\/vizgazdalkodas\/wp-content\/uploads\/2026\/02\/MMK_VVT_elnoksegi-ules_emlekezteto_2026.01.21.pdf\">Eml\u00e9keztet\u0151<\/a><br>\n\n\n<tr><td>2025.11.19.<\/td><td>MMK-VVT Elno\u0308kse\u0301gi u\u0308le\u0301s<\/td><td><a href=\"https:\/\/mernokvagyok.hu\/vizgazdalkodas\/wp-content\/uploads\/2026\/01\/MMK_VVT_elnoksegi-ules_emlekezteto_11.19._KA_TR.pdf\">Eml\u00e9keztet\u0151<\/a><br>\n\n<a href=\"https:\/\/mernokvagyok.hu\/vizgazdalkodas\/wp-content\/uploads\/2026\/01\/1.-sz.-melleklet-VVT-Feladatterv.xlsx\" target=\"_blank\" rel=\"noreferrer noopener\">1. sz mell\u00e9klet &#8211; Feladatterv<\/a><br>\n\n<a href=\"https:\/\/mernokvagyok.hu\/vizgazdalkodas\/wp-content\/uploads\/2026\/01\/2.-sz.-melleklet-MMK-VVT-2025.01.01-tagozati-adatok.docx\" target=\"_blank\" rel=\"noreferrer noopener\">2.sz mell\u00e9klet &#8211; Tagozati adatok<\/a><br>\n\n<a href=\"https:\/\/mernokvagyok.hu\/vizgazdalkodas\/wp-content\/uploads\/2026\/01\/3.-sz.-melleklet-MMK-KTT-A-tovabbkepzessel-kapcsolatos-tajekoztatas-20251105.pdf\" target=\"_blank\" rel=\"noreferrer noopener\">3.sz mell\u00e9klet &#8211; Tov\u00e1bbk\u00e9pzessel kapcsolatos t\u00e1j\u00e9koztat\u00e1s<\/a>\n\n<\/td><\/tr>\n\n<tr><td>2025.10.22.<\/td><td>MMK-VVT Elno\u0308kse\u0301gi u\u0308le\u0301s<\/td><td><a href=\"https:\/\/mernokvagyok.hu\/vizgazdalkodas\/wp-content\/uploads\/2025\/11\/VVT_10.22.-elnoksegi-ules_emlekezteto.pdf\">Eml\u00e9keztet\u0151<\/a><\/td><\/tr>\n\n<tr><td>2025.10.10<\/td><td>MMK-VVT tiszt\u00faj\u00edt\u00f3 taggy\u0171l\u00e9s<\/td><td><a href=\"https:\/\/mernokvagyok.hu\/vizgazdalkodas\/wp-content\/uploads\/2025\/06\/MMK_VVT-VJB-felhivas-2025-1.pdf\" target=\"_blank\" rel=\"noreferrer noopener\">Jel\u00f6lt\u00e1ll\u00edt\u00e1si felh\u00edv\u00e1s<\/a><br>\n<a href=\"https:\/\/mernokvagyok.hu\/vizgazdalkodas\/wp-content\/uploads\/2025\/09\/01_MMK_VVT_Tisztujito-taggyules-Meghivo-2025.10.10.pdf\" target=\"_blank\" rel=\"noreferrer noopener\">Tiszt\u00faj\u00edt\u00f3 taggy\u0171l\u00e9s megh\u00edv\u00f3<\/a><br>\n<a href=\"https:\/\/mernokvagyok.hu\/vizgazdalkodas\/wp-content\/uploads\/2025\/09\/02_MMK_VVT_Elnokseg-munkajanak-2021-2025.-evi-beszamoloja-2.pdf\" target=\"_blank\" rel=\"noreferrer noopener\">Eln\u00f6ks\u00e9g munk\u00e1j\u00e1nak besz\u00e1mol\u00f3ja 2021-2025<\/a><br>\n<a href=\"https:\/\/mernokvagyok.hu\/vizgazdalkodas\/wp-content\/uploads\/2025\/09\/03_MMK-VVT-Szakertoi-testulet-beszamolo-2021-2025-1.pdf\" target=\"_blank\" rel=\"noreferrer noopener\">Szak\u00e9rt\u0151i test\u00fclet besz\u00e1mol\u00f3ja 2021-2025<\/a><\/td><\/tr>\n\n<tr><td>2025.07.23.<\/td><td>MMK-VVT Elno\u0308kse\u0301gi u\u0308le\u0301s<\/td><td><a href=\"https:\/\/mernokvagyok.hu\/vizgazdalkodas\/wp-content\/uploads\/2025\/09\/MMK-VVT-Elnoksegi-ules-Emlekezteto_07.23.pdf\">Eml\u00e9keztet\u0151<\/a><\/td><\/tr>\n\n<tr><td>2025.04.16<\/td><td>MMK-VVT Eln\u00f6ks\u00e9gi \u00fcl\u00e9s<\/td><td><a href=\"https:\/\/mernokvagyok.hu\/vizgazdalkodas\/wp-content\/uploads\/2025\/05\/10_2025.04.16-Tagozati-elnoksegi-ules-emlekezteto_v2.pdf\" target=\"_blank\" rel=\"noreferrer noopener\">Eml\u00e9keztet\u0151<\/a><\/td><\/tr>\n\n<tr><td>2025. 01. 24.<\/td><td>MMK-VVT Eln\u00f6ks\u00e9gi \u00fcl\u00e9s<\/td><td><a href=\"https:\/\/mernokvagyok.hu\/vizgazdalkodas\/wp-content\/uploads\/2025\/02\/MMK-VVT_2025.01.24-elnoksegi-ules-osszefoglalo.pdf\" target=\"_blank\" rel=\"noreferrer noopener\">Besz\u00e1mol\u00f3<\/a><\/td><\/tr><tr><td>2024.11.27<\/td><td>MMK-VVT Szakmai nap \u00e9s \u00e9ves taggy\u0171l\u00e9s<\/td><td><a rel=\"noreferrer noopener\" href=\"https:\/\/mernokvagyok.hu\/vizgazdalkodas\/wp-content\/uploads\/2024\/12\/01_Korszakok-hataran-atalakuloban-a-vizgazdalkodas-11.27..pdf\" target=\"_blank\">V. N\u00e9meth Zsolt el\u0151ad\u00e1sa<\/a><br><a rel=\"noreferrer noopener\" href=\"https:\/\/mernokvagyok.hu\/vizgazdalkodas\/wp-content\/uploads\/2024\/12\/02_A-folyogazdalkodas-globalis-es-hazai-problemai-.pdf\" target=\"_blank\">Dr. Baranya S\u00e1ndor el\u0151ad\u00e1sa<\/a><br><a href=\"https:\/\/mernokvagyok.hu\/vizgazdalkodas\/2024\/12\/12\/signum-aquae-dijasok-2024\/\" target=\"_blank\" rel=\"noreferrer noopener\">Tagozati d\u00edjak \u00e1tad\u00e1sa<\/a><br><a rel=\"noreferrer noopener\" href=\"https:\/\/mernokvagyok.hu\/vizgazdalkodas\/wp-content\/uploads\/2024\/12\/03_MMK-VVT-elnokseg-2024-beszamolo.pdf\" target=\"_blank\">MMK-VVT eln\u00f6ks\u00e9gi besz\u00e1mol\u00f3<\/a><br><a rel=\"noreferrer noopener\" href=\"https:\/\/mernokvagyok.hu\/vizgazdalkodas\/wp-content\/uploads\/2024\/12\/04_MMK-VVT-SzT-2024-beszamolo.pdf\" target=\"_blank\">MMK-VVT SzT besz\u00e1mol\u00f3<\/a><br><a rel=\"noreferrer noopener\" href=\"https:\/\/mernokvagyok.hu\/vizgazdalkodas\/wp-content\/uploads\/2024\/12\/05_MMK-VVT_Vizepito-mernok-problema-terkepe-2024.pdf\" target=\"_blank\">Tam\u00e1s P\u00e9ter el\u0151ad\u00e1sa<\/a><br><a rel=\"noreferrer noopener\" href=\"https:\/\/mernokvagyok.hu\/vizgazdalkodas\/wp-content\/uploads\/2024\/11\/MMK-VVT-Taggyulesi-meghivo-Napirend_2024.11.27.pdf\" target=\"_blank\">Megh\u00edv\u00f3<\/a><br><a rel=\"noreferrer noopener\" href=\"https:\/\/mernokvagyok.hu\/vizgazdalkodas\/wp-content\/uploads\/2024\/11\/Tagozati-Ugyrend-modositas-tervezet-2024-korrekturas-v4.pdf\" target=\"_blank\">M\u00f3dos\u00edtott \u00fcgyrend korrekt\u00far\u00e1zott v\u00e1ltozat<\/a><br><a rel=\"noreferrer noopener\" href=\"https:\/\/mernokvagyok.hu\/vizgazdalkodas\/wp-content\/uploads\/2024\/11\/Tagozati-Ugyrend-modositas-tervezet-2024-v4.pdf\" target=\"_blank\">M\u00f3dos\u00edtott \u00fcgyrend letiszt\u00e1zott v\u00e1ltozat<\/a><\/td><\/tr><tr><td>2024.11.06<\/td><td>Eln\u00f6ks\u00e9gi \u00fcl\u00e9s<\/td><td><a href=\"https:\/\/mernokvagyok.hu\/vizgazdalkodas\/wp-content\/uploads\/2024\/11\/MMK-VVT-elnoksegi-ules-2024-11-06_Beszamolo.pdf\" target=\"_blank\" rel=\"noreferrer noopener\">Besz\u00e1mol\u00f3<\/a><\/td><\/tr><tr><td>2024.10.09<\/td><td>Kib\u0151v\u00edtett eln\u00f6ks\u00e9gi \u00fcl\u00e9s<\/td><td><a href=\"https:\/\/mernokvagyok.hu\/vizgazdalkodas\/wp-content\/uploads\/2024\/11\/MMK-VVT-kibovitett-elnoksegi-ules-2024-10-09_Beszamolo.pdf\" target=\"_blank\" rel=\"noreferrer noopener\">Besz\u00e1mol\u00f3<\/a><\/td><\/tr><tr><td>2024.06.22<\/td><td>Eln\u00f6ks\u00e9gi \u00fcl\u00e9s<\/td><td><a href=\"https:\/\/mernokvagyok.hu\/vizgazdalkodas\/wp-content\/uploads\/2024\/11\/MMK-VVT-elnoksegi-ules-2024-06-12_Beszamolo.pdf\" target=\"_blank\" rel=\"noreferrer noopener\">Besz\u00e1mol\u00f3<\/a><\/td><\/tr><tr><td>2024.05.22<\/td><td>MMK-VVT eln\u00f6ks\u00e9gi \u00fcl\u00e9s<\/td><td><a href=\"https:\/\/mernokvagyok.hu\/vizgazdalkodas\/wp-content\/uploads\/2024\/05\/Osszefoglalo-VVT-elnokseg-05.22_v2.pdf\" target=\"_blank\" rel=\"noreferrer noopener\">Besz\u00e1mol\u00f3<\/a><\/td><\/tr><tr><td>2024.03.20<\/td><td>MMK-VVT eln\u00f6ks\u00e9gi \u00fcl\u00e9s<\/td><td><a href=\"https:\/\/mernokvagyok.hu\/vizgazdalkodas\/wp-content\/uploads\/2024\/04\/Emlekezteto-a-MMK-VVT-2024.03.20_v2.pdf\" target=\"_blank\" rel=\"noreferrer noopener\">Besz\u00e1mol\u00f3<\/a><\/td><\/tr><tr><td>2023.11.22.<\/td><td>MMK-VVT Szakmai nap \u00e9s \u00e9ves taggy\u0171l\u00e9s<\/td><td><a rel=\"noreferrer noopener\" href=\"https:\/\/mernokvagyok.hu\/vizgazdalkodas\/wp-content\/uploads\/2023\/11\/C_Taggyules-meghivo-Napirend_2023.11.22.pdf\" target=\"_blank\">Megh\u00edv\u00f3<\/a><br><a rel=\"noreferrer noopener\" href=\"https:\/\/mernokvagyok.hu\/vizgazdalkodas\/wp-content\/uploads\/2024\/01\/MMK-VVT-ugyrend_2023.11.22_alairt.pdf\" target=\"_blank\">Elfogadott \u00fcgyrend<\/a><br><a href=\"https:\/\/mernokvagyok.hu\/vizgazdalkodas\/wp-content\/uploads\/2024\/04\/Jegyzokonyv-MMK-VVT-taggyules-2023.11.22.pdf\" target=\"_blank\" rel=\"noreferrer noopener\">Jegyz\u0151k\u00f6nyv<\/a><br><a href=\"https:\/\/mernokvagyok.hu\/vizgazdalkodas\/wp-content\/uploads\/2024\/04\/MMK-VVT-taggyules-2023.11.22.pdf\" target=\"_blank\" rel=\"noreferrer noopener\">Besz\u00e1mol\u00f3<\/a><br><a href=\"https:\/\/mernokvagyok.hu\/vizgazdalkodas\/wp-content\/uploads\/2024\/04\/Magyaro_vizkeszletei_MMK.pdf\" target=\"_blank\" rel=\"noreferrer noopener\">Felsz\u00edni \u00e9s felsz\u00edn alatti vizek \u00e1llapota<\/a><br><a href=\"https:\/\/mernokvagyok.hu\/vizgazdalkodas\/wp-content\/uploads\/2024\/04\/Magyar-Mernoki-Kamara_1122.pdf\" target=\"_blank\" rel=\"noreferrer noopener\">V\u00edzik\u00f6zm\u0171 \u00e1gazat helyzete<\/a><br><a href=\"https:\/\/mernokvagyok.hu\/vizgazdalkodas\/wp-content\/uploads\/2024\/04\/MMK-VVT-SzT-2023.-beszamolo.pdf\" target=\"_blank\" rel=\"noreferrer noopener\">MMK-VVT Szek\u00e9rt\u0151i Test\u00fclet besz\u00e1mol\u00f3ja<\/a><a href=\"https:\/\/mernokvagyok.hu\/vizgazdalkodas\/fenykepek\/\" target=\"_blank\" rel=\"noreferrer noopener\"><br>F\u00e9nyk\u00e9pek<\/a><\/td><\/tr><tr><td>2023.10.18<\/td><td>MMK-VVT eln\u00f6ks\u00e9gi \u00fcl\u00e9s<\/td><td><a href=\"https:\/\/mernokvagyok.hu\/vizgazdalkodas\/wp-content\/uploads\/2023\/11\/2023.10.18-Tagozati-elnoksegi-ules-emlekezteto_v2.pdf\" target=\"_blank\" rel=\"noreferrer noopener\">Besz\u00e1mol\u00f3<\/a><\/td><\/tr><tr><td>2023.09.20<\/td><td>MMK-VVT eln\u00f6ks\u00e9gi \u00fcl\u00e9s<\/td><td><a href=\"https:\/\/mernokvagyok.hu\/vizgazdalkodas\/wp-content\/uploads\/2023\/10\/MMK-VVT-elnoksegi-ules-beszamolo-2023.09.20.pdf\" target=\"_blank\" rel=\"noreferrer noopener\">Besz\u00e1mol\u00f3<\/a><\/td><\/tr><tr><td>2023.08.30<\/td><td>MMK-VVT eln\u00f6ks\u00e9gi \u00fcl\u00e9s<\/td><td><a href=\"https:\/\/mernokvagyok.hu\/vizgazdalkodas\/wp-content\/uploads\/2023\/09\/MMK-VVT-elnoksegi-ules-beszamolo-2023.08.30.pdf\" target=\"_blank\" rel=\"noreferrer noopener\">Besz\u00e1mol\u00f3<\/a><\/td><\/tr><tr><td>2023.06.21<\/td><td>MMK-VVT eln\u00f6ks\u00e9gi \u00fcl\u00e9s<\/td><td><a href=\"https:\/\/mernokvagyok.hu\/vizgazdalkodas\/wp-content\/uploads\/2023\/08\/Elnoksegi-ules-2023-06-20.pdf\" target=\"_blank\" rel=\"noreferrer noopener\">Besz\u00e1mol\u00f3<\/a><\/td><\/tr><tr><td>2023. 06. 8-10.<\/td><td>MMK-VVT kihelyezett \u00e9s kib\u0151v\u00edtett eln\u00f6ks\u00e9gi \u00fcl\u00e9s<\/td><td><\/td><\/tr><tr><td>2023.04.26<\/td><td>MMK-VVT eln\u00f6ks\u00e9gi \u00fcl\u00e9s<\/td><td><a rel=\"noreferrer noopener\" href=\"https:\/\/mernokvagyok.hu\/vizgazdalkodas\/wp-content\/uploads\/2023\/05\/20230514_Osszefoglalo_2023.04.26_v2.pdf\" target=\"_blank\">Besz\u00e1mol\u00f3<\/a><\/td><\/tr><tr><td>2023.03.22<\/td><td>MMK-VVT eln\u00f6ks\u00e9gi \u00fcl\u00e9s<\/td><td><a rel=\"noreferrer noopener\" href=\"https:\/\/mernokvagyok.hu\/vizgazdalkodas\/wp-content\/uploads\/2023\/04\/Osszefoglalo_2023.03.22_v2.pdf\" target=\"_blank\">Besz\u00e1mol\u00f3<\/a><\/td><\/tr><tr><td>2023.02.15<\/td><td>MMK-VVT eln\u00f6ks\u00e9gi \u00fcl\u00e9s<\/td><td><a href=\"https:\/\/mernokvagyok.hu\/vizgazdalkodas\/wp-content\/uploads\/2023\/03\/MMK-VVT-memo_2023.02.15.pdf\" target=\"_blank\" rel=\"noreferrer noopener\">Besz\u00e1mol\u00f3<\/a><\/td><\/tr><tr><td>2022.12.14<\/td><td>MMK-VVT taggy\u0171l\u00e9s \u00e9s szakmai nap<\/td><td><a rel=\"noreferrer noopener\" href=\"https:\/\/mernokvagyok.hu\/vizgazdalkodas\/wp-content\/uploads\/2023\/03\/MMK_VVT-taggyules-beszamolo.pdf\" target=\"_blank\">Besz\u00e1mol\u00f3<\/a><br><a rel=\"noreferrer noopener\" href=\"https:\/\/mernokvagyok.hu\/vizgazdalkodas\/wp-content\/uploads\/2023\/03\/MMK-VVT-taggyules-2022.12.14-elnoksegi-beszamolo.pdf\" target=\"_blank\">Eln\u00f6ks\u00e9gi besz\u00e1mol\u00f3<br><\/a><a rel=\"noreferrer noopener\" href=\"https:\/\/mernokvagyok.hu\/vizgazdalkodas\/wp-content\/uploads\/2023\/03\/VVT-taggyules-jegyzokonyv-alairt.pdf\" target=\"_blank\">Jegyz\u0151k\u00f6nyv<\/a><br><a rel=\"noreferrer noopener\" href=\"https:\/\/mernokvagyok.hu\/vizgazdalkodas\/wp-content\/uploads\/2023\/03\/MMK-VVT-taggyules-2022.12.14-OVF-Lag-I-eloadas.pdf\" target=\"_blank\">L\u00e1ng Istv\u00e1n el\u0151ad\u00e1sa<\/a><br><a rel=\"noreferrer noopener\" href=\"https:\/\/mernokvagyok.hu\/vizgazdalkodas\/wp-content\/uploads\/2023\/03\/MMK-VVT-taggyules-2022.12.14-BM-OKF-eloadas.pdf\" target=\"_blank\">dr. Kir\u00e1ly Zita el\u0151ad\u00e1sa<\/a><br><a href=\"https:\/\/mernokvagyok.hu\/vizgazdalkodas\/2022-12-14-mmk-vvt-taggyules-es-szakmai-nap\/\" target=\"_blank\" rel=\"noreferrer noopener\">F\u00e9nyk\u00e9pek<\/a><\/td><\/tr><\/tbody><\/table><\/figure>\n<\/div>\n<\/div>\n","protected":false},"excerpt":{"rendered":"<p>D\u00e1tum C\u00edm\/megnevez\u00e9s Kapcsol\u00f3d\u00f3 dokumentumok 2026.02.18. MMK-VVT Elno\u0308kse\u0301gi u\u0308le\u0301s Eml\u00e9keztet\u0151 2026.01.21. MMK-VVT Elno\u0308kse\u0301gi u\u0308le\u0301s Eml\u00e9keztet\u0151 2025.11.19. MMK-VVT Elno\u0308kse\u0301gi u\u0308le\u0301s Eml\u00e9keztet\u0151 1. sz mell\u00e9klet &#8211; Feladatterv 2.sz mell\u00e9klet &#8211; Tagozati adatok 3.sz mell\u00e9klet &#8211; Tov\u00e1bbk\u00e9pzessel kapcsolatos t\u00e1j\u00e9koztat\u00e1s 2025.10.22. MMK-VVT Elno\u0308kse\u0301gi u\u0308le\u0301s Eml\u00e9keztet\u0151 2025.10.10 MMK-VVT tiszt\u00faj\u00edt\u00f3 taggy\u0171l\u00e9s Jel\u00f6lt\u00e1ll\u00edt\u00e1si felh\u00edv\u00e1s Tiszt\u00faj\u00edt\u00f3 taggy\u0171l\u00e9s megh\u00edv\u00f3 Eln\u00f6ks\u00e9g munk\u00e1j\u00e1nak besz\u00e1mol\u00f3ja 2021-2025 Szak\u00e9rt\u0151i test\u00fclet [&hellip;]<\/p>\n","protected":false},"author":871,"featured_media":0,"parent":0,"menu_order":0,"comment_status":"closed","ping_status":"closed","template":"","meta":{"_exactmetrics_skip_tracking":false,"_exactmetrics_sitenote_active":false,"_exactmetrics_sitenote_note":"","_exactmetrics_sitenote_category":0,"footnotes":""},"class_list":["post-572","page","type-page","status-publish","hentry"],"_links":{"self":[{"href":"https:\/\/mernokvagyok.hu\/vizgazdalkodas\/wp-json\/wp\/v2\/pages\/572","targetHints":{"allow":["GET"]}}],"collection":[{"href":"https:\/\/mernokvagyok.hu\/vizgazdalkodas\/wp-json\/wp\/v2\/pages"}],"about":[{"href":"https:\/\/mernokvagyok.hu\/vizgazdalkodas\/wp-json\/wp\/v2\/types\/page"}],"author":[{"embeddable":true,"href":"https:\/\/mernokvagyok.hu\/vizgazdalkodas\/wp-json\/wp\/v2\/users\/871"}],"replies":[{"embeddable":true,"href":"https:\/\/mernokvagyok.hu\/vizgazdalkodas\/wp-json\/wp\/v2\/comments?post=572"}],"version-history":[{"count":43,"href":"https:\/\/mernokvagyok.hu\/vizgazdalkodas\/wp-json\/wp\/v2\/pages\/572\/revisions"}],"predecessor-version":[{"id":2192,"href":"https:\/\/mernokvagyok.hu\/vizgazdalkodas\/wp-json\/wp\/v2\/pages\/572\/revisions\/2192"}],"wp:attachment":[{"href":"https:\/\/mernokvagyok.hu\/vizgazdalkodas\/wp-json\/wp\/v2\/media?parent=572"}],"curies":[{"name":"wp","href":"https:\/\/api.w.org\/{rel}","templated":true}]}}