{"id":569,"date":"2022-10-26T15:32:17","date_gmt":"2022-10-26T15:32:17","guid":{"rendered":"https:\/\/mernokvagyok.hu\/vizgazdalkodas\/?page_id=569"},"modified":"2025-02-12T16:32:44","modified_gmt":"2025-02-12T16:32:44","slug":"konferenciak","status":"publish","type":"page","link":"https:\/\/mernokvagyok.hu\/vizgazdalkodas\/konferenciak\/","title":{"rendered":"Konferenci\u00e1k"},"content":{"rendered":"\n<figure class=\"wp-block-table is-style-stripes\"><table><thead><tr><th>D\u00e1tum<\/th><th>C\u00edm<\/th><th>Rendez\u0151<\/th><th>Le\u00edr\u00e1s<\/th><th>Kapcsol\u00f3d\u00f3 dokumentumok<\/th><\/tr><\/thead><tbody><tr><td>2025.02.27<\/td><td>Vizes tervez\u0151k, szolg\u00e1ltat\u00f3k \u00e9s a v\u00edzipar szerepe az ESG alap\u00fa fenntarthat\u00f3s\u00e1gi \u00e9rt\u00e9kl\u00e1ncban<\/td><td>MaSzeSz<\/td><td>A szakmai nap r\u00e9sztvev\u0151i betekint\u00e9st kaphatnak a vizes \u00e1gazatt\u00f3l elv\u00e1rt besz\u00e1mol\u00e1si \u00e9s megfelel\u00e9si k\u00f6telezetts\u00e9gekbe, a m\u0171szaki krit\u00e9rium rendszerbe, ill. az ezek ismeret\u00e9b\u0151l \u00e9s alkalmaz\u00e1s\u00e1b\u00f3l sz\u00e1rmaz\u00f3 lehet\u0151s\u00e9gekbe.<\/td><td><a href=\"https:\/\/mernokvagyok.hu\/vizgazdalkodas\/wp-content\/uploads\/2025\/02\/20250210_ESG_szakmai_nap.pdf\" target=\"_blank\" rel=\"noreferrer noopener\">Inform\u00e1ci\u00f3 \u00e9s jelentkez\u00e9s<\/a><\/td><\/tr><tr><td>2023.06.06<\/td><td>Z\u00f6ld-k\u00e9k infrastrukt\u00fara tervez\u0151k r\u00e9sz\u00e9re<\/td><td>A K\u00f6zleked\u00e9si, K\u00f6rnyezeti \u00e9s Energiahat\u00e9konys\u00e1gi Fejleszt\u00e9si Programok V\u00e9grehajt\u00e1s\u00e1\u00e9rt Felel\u0151s Helyettes \u00c1llamtitk\u00e1rs\u00e1g<\/td><td>Szeml\u00e9letform\u00e1l\u00f3 konferencia, c\u00e9lja annak el\u0151seg\u00edt\u00e9se, hogy a KEHOP + \u00e9s TOP+ programokb\u00f3l v\u00e1rhat\u00f3 z\u00f6ld-k\u00e9k infrastrukt\u00fara, telep\u00fcl\u00e9sfejleszt\u00e9s\u0171 t\u00e9m\u00e1j\u00fa projektekben \u00e9rintett tervez\u0151k ill. szak\u00e9rt\u0151k jobban megismerhess\u00e9k a term\u00e9szet-alap\u00fa megold\u00e1sokat \u00e9s alkalmazhat\u00f3s\u00e1g\u00e1t a v\u00edzgazd\u00e1lkod\u00e1si \u00e9s az \u00e9ghajlatv\u00e1ltoz\u00e1s probl\u00e9m\u00e1kat c\u00e9lz\u00f3 megold\u00e1sok kapcs\u00e1n.<\/td><td><a href=\"https:\/\/mernokvagyok.hu\/vizgazdalkodas\/wp-content\/uploads\/2023\/05\/202030518_ZKI_workshop_tervezoknek.pdf\" target=\"_blank\" rel=\"noreferrer noopener\">Felh\u00edv\u00e1s<\/a><\/td><\/tr><tr><td>2023.05.17<\/td><td>A Balaton v\u00edzgazd\u00e1lkod\u00e1si helyzete<\/td><td>MMK-VVT \u00e9s az MHT KDT Ter\u00fcleti szervezet\u00e9nek k\u00f6z\u00f6s rendezv\u00e9nye<\/td><td>Megval\u00f3sult \u00e9s folyamatban lev\u0151 projektek, fejleszt\u00e9si elk\u00e9pzel\u00e9sek<\/td><td><a rel=\"noreferrer noopener\" href=\"https:\/\/mernokvagyok.hu\/vizgazdalkodas\/wp-content\/uploads\/2023\/04\/Balaton-vizgazd-helyzete-MHT-Kamar-maj-17_v3..pdf\" target=\"_blank\">T\u00e1j\u00e9koztat\u00f3<\/a><br><a href=\"https:\/\/mernokvagyok.hu\/vizgazdalkodas\/wp-content\/uploads\/2023\/05\/20230525_Beszamolo_pdf.pdf\" target=\"_blank\" rel=\"noreferrer noopener\">Besz\u00e1mol\u00f3<\/a><\/td><\/tr><tr><td>2023.03.30<\/td><td>Dulovics Junior Szimp\u00f3zium 2023<\/td><td>Magyar Szennyv\u00edztechnikai Sz\u00f6vets\u00e9g<\/td><td>MASZESZ fiatal szakemberek sz\u00e1m\u00e1ra tartott konferenci\u00e1ja, melyre a sz\u00e9les szakm\u00e1t v\u00e1rj\u00e1k el\u0151ad\u00f3k\u00e9nt, r\u00e9sztvev\u0151k\u00e9nt.<\/td><td><a rel=\"noreferrer noopener\" href=\"https:\/\/maszesz.hu\/hireink\/aktualis-hirek\/2023-evi-dulovics-junior-szimpozium\" target=\"_blank\">Besz\u00e1mol\u00f3<\/a><\/td><\/tr><\/tbody><\/table><\/figure>\n","protected":false},"excerpt":{"rendered":"<p>D\u00e1tum C\u00edm Rendez\u0151 Le\u00edr\u00e1s Kapcsol\u00f3d\u00f3 dokumentumok 2025.02.27 Vizes tervez\u0151k, szolg\u00e1ltat\u00f3k \u00e9s a v\u00edzipar szerepe az ESG alap\u00fa fenntarthat\u00f3s\u00e1gi \u00e9rt\u00e9kl\u00e1ncban MaSzeSz A szakmai nap r\u00e9sztvev\u0151i betekint\u00e9st kaphatnak a vizes \u00e1gazatt\u00f3l elv\u00e1rt besz\u00e1mol\u00e1si \u00e9s megfelel\u00e9si k\u00f6telezetts\u00e9gekbe, a m\u0171szaki krit\u00e9rium rendszerbe, ill. az ezek ismeret\u00e9b\u0151l \u00e9s alkalmaz\u00e1s\u00e1b\u00f3l sz\u00e1rmaz\u00f3 lehet\u0151s\u00e9gekbe. Inform\u00e1ci\u00f3 \u00e9s jelentkez\u00e9s 2023.06.06 Z\u00f6ld-k\u00e9k infrastrukt\u00fara tervez\u0151k r\u00e9sz\u00e9re A [&hellip;]<\/p>\n","protected":false},"author":871,"featured_media":0,"parent":0,"menu_order":0,"comment_status":"closed","ping_status":"closed","template":"","meta":{"_exactmetrics_skip_tracking":false,"_exactmetrics_sitenote_active":false,"_exactmetrics_sitenote_note":"","_exactmetrics_sitenote_category":0,"footnotes":""},"class_list":["post-569","page","type-page","status-publish","hentry"],"_links":{"self":[{"href":"https:\/\/mernokvagyok.hu\/vizgazdalkodas\/wp-json\/wp\/v2\/pages\/569","targetHints":{"allow":["GET"]}}],"collection":[{"href":"https:\/\/mernokvagyok.hu\/vizgazdalkodas\/wp-json\/wp\/v2\/pages"}],"about":[{"href":"https:\/\/mernokvagyok.hu\/vizgazdalkodas\/wp-json\/wp\/v2\/types\/page"}],"author":[{"embeddable":true,"href":"https:\/\/mernokvagyok.hu\/vizgazdalkodas\/wp-json\/wp\/v2\/users\/871"}],"replies":[{"embeddable":true,"href":"https:\/\/mernokvagyok.hu\/vizgazdalkodas\/wp-json\/wp\/v2\/comments?post=569"}],"version-history":[{"count":17,"href":"https:\/\/mernokvagyok.hu\/vizgazdalkodas\/wp-json\/wp\/v2\/pages\/569\/revisions"}],"predecessor-version":[{"id":1454,"href":"https:\/\/mernokvagyok.hu\/vizgazdalkodas\/wp-json\/wp\/v2\/pages\/569\/revisions\/1454"}],"wp:attachment":[{"href":"https:\/\/mernokvagyok.hu\/vizgazdalkodas\/wp-json\/wp\/v2\/media?parent=569"}],"curies":[{"name":"wp","href":"https:\/\/api.w.org\/{rel}","templated":true}]}}