{"id":492,"date":"2022-10-26T15:08:41","date_gmt":"2022-10-26T15:08:41","guid":{"rendered":"https:\/\/mernokvagyok.hu\/vizgazdalkodas\/?page_id=492"},"modified":"2022-11-10T17:22:37","modified_gmt":"2022-11-10T17:22:37","slug":"szakmai-tovabbkepzesek","status":"publish","type":"page","link":"https:\/\/mernokvagyok.hu\/vizgazdalkodas\/szakmai-tovabbkepzesek\/","title":{"rendered":"Szakmai tov\u00e1bbk\u00e9pz\u00e9sek"},"content":{"rendered":"\n<p>A Magyar M\u00e9rn\u00f6ki Kamara szakmai k\u00e9pz\u00e9si napt\u00e1rja az al\u00e1bbi lapon \u00e9rhet\u0151 el: <a rel=\"noreferrer noopener\" href=\"https:\/\/www.mmk.hu\/szolgaltatasok\/tovabbkepzes\/naptar\" target=\"_blank\">https:\/\/www.mmk.hu\/szolgaltatasok\/tovabbkepzes\/naptar<\/a><\/p>\n","protected":false},"excerpt":{"rendered":"<p>A Magyar M\u00e9rn\u00f6ki Kamara szakmai k\u00e9pz\u00e9si napt\u00e1rja az al\u00e1bbi lapon \u00e9rhet\u0151 el: https:\/\/www.mmk.hu\/szolgaltatasok\/tovabbkepzes\/naptar<\/p>\n","protected":false},"author":871,"featured_media":0,"parent":0,"menu_order":0,"comment_status":"closed","ping_status":"closed","template":"","meta":{"_exactmetrics_skip_tracking":false,"_exactmetrics_sitenote_active":false,"_exactmetrics_sitenote_note":"","_exactmetrics_sitenote_category":0,"footnotes":""},"class_list":["post-492","page","type-page","status-publish","hentry"],"_links":{"self":[{"href":"https:\/\/mernokvagyok.hu\/vizgazdalkodas\/wp-json\/wp\/v2\/pages\/492","targetHints":{"allow":["GET"]}}],"collection":[{"href":"https:\/\/mernokvagyok.hu\/vizgazdalkodas\/wp-json\/wp\/v2\/pages"}],"about":[{"href":"https:\/\/mernokvagyok.hu\/vizgazdalkodas\/wp-json\/wp\/v2\/types\/page"}],"author":[{"embeddable":true,"href":"https:\/\/mernokvagyok.hu\/vizgazdalkodas\/wp-json\/wp\/v2\/users\/871"}],"replies":[{"embeddable":true,"href":"https:\/\/mernokvagyok.hu\/vizgazdalkodas\/wp-json\/wp\/v2\/comments?post=492"}],"version-history":[{"count":5,"href":"https:\/\/mernokvagyok.hu\/vizgazdalkodas\/wp-json\/wp\/v2\/pages\/492\/revisions"}],"predecessor-version":[{"id":698,"href":"https:\/\/mernokvagyok.hu\/vizgazdalkodas\/wp-json\/wp\/v2\/pages\/492\/revisions\/698"}],"wp:attachment":[{"href":"https:\/\/mernokvagyok.hu\/vizgazdalkodas\/wp-json\/wp\/v2\/media?parent=492"}],"curies":[{"name":"wp","href":"https:\/\/api.w.org\/{rel}","templated":true}]}}