{"id":45,"date":"2022-02-15T18:13:34","date_gmt":"2022-02-15T18:13:34","guid":{"rendered":"https:\/\/mernokvagyok.hu\/vizgazdalkodas\/?page_id=45"},"modified":"2022-11-10T17:21:07","modified_gmt":"2022-11-10T17:21:07","slug":"tagozat-fap-anyagai","status":"publish","type":"page","link":"https:\/\/mernokvagyok.hu\/vizgazdalkodas\/tagozat-fap-anyagai\/","title":{"rendered":"Tagozat FAP anyagai"},"content":{"rendered":"\n<figure class=\"wp-block-table is-style-stripes text-align-left\"><table><thead><tr><th>Dokumentum C\u00edm<\/th><th>Megjelen\u00e9s d\u00e1tuma<\/th><th>Link<\/th><\/tr><\/thead><tbody><tr><td>001-FAP P\u00e1lyazati ki\u00edr\u00e1s<\/td><td>2022<\/td><td><a href=\"https:\/\/mernokvagyok.hu\/vizgazdalkodas\/wp-content\/uploads\/2022\/05\/001-FAP_palyazati_KIIRAS_202205.pdf\" target=\"_blank\" rel=\"noreferrer noopener\">PDF<\/a><\/td><\/tr><tr><td>FAP P\u00e1ly\u00e1zati adatlap<\/td><td>2022<\/td><td><a href=\"https:\/\/mernokvagyok.hu\/vizgazdalkodas\/wp-content\/uploads\/2022\/05\/FAP_palyazati-ADATLAP-202205.pdf\" target=\"_blank\" rel=\"noreferrer noopener\">PDF<\/a><\/td><\/tr><tr><td>FAP Szakmai Segedletek, Kiadvanyok<\/td><td>2022.02.25<\/td><td><a href=\"https:\/\/mernokvagyok.hu\/vizgazdalkodas\/wp-content\/uploads\/2022\/05\/FAPszakmai-segedletek-kiadvanyok-20220225.pdf\" target=\"_blank\" rel=\"noreferrer noopener\">PDF<\/a><\/td><\/tr><tr><td>Dombvid\u00e9ki v\u00edzvisszatart\u00e1s, kisv\u00edzfoly\u00e1sok szab\u00e1lyoz\u00e1sa<\/td><td>2021<\/td><td><a href=\"https:\/\/mernokvagyok.hu\/vizgazdalkodas\/wp-content\/uploads\/2022\/05\/Dombvideki_vizvisszatartas_kisvizfolyasok_szabalyozasa_113-VVT.pdf\" target=\"_blank\" rel=\"noreferrer noopener\">PDF<\/a><\/td><\/tr><tr><td>Szakmai u\u0301tmutato\u0301 vi\u0301zile\u0301tesi\u0301tme\u0301ny tervez\u0151k sza\u0301ma\u0301ra<\/td><td>2020.09<\/td><td><a href=\"https:\/\/mernokvagyok.hu\/vizgazdalkodas\/wp-content\/uploads\/2022\/05\/Szakmai-u%CC%81tmutato%CC%81-vi%CC%81zile%CC%81tesi%CC%81tme%CC%81ny-tervezo%CC%8Bk-sza%CC%81ma%CC%81ra_117-VVT.pdf\" target=\"_blank\" rel=\"noreferrer noopener\">PDF<\/a><\/td><\/tr><tr><td>Csapade\u0301kvi\u0301zgazda\u0301lkoda\u0301s terveze\u0301si ko\u0308vetelme\u0301nyei<\/td><td>2019<\/td><td><a href=\"https:\/\/mernokvagyok.hu\/vizgazdalkodas\/wp-content\/uploads\/2022\/05\/Csapade%CC%81kvi%CC%81zgazda%CC%81lkoda%CC%81s-terveze%CC%81si-ko%CC%88vetelme%CC%81nyei_201-VVT.pdf\" target=\"_blank\" rel=\"noreferrer noopener\">PDF<\/a><\/td><\/tr><tr><td>V\u00edzjogi enged\u00e9lyez\u00e9si elj\u00e1r\u00e1ssal kapcsolatos<br>dokument\u00e1ci\u00f3k \u00e9s enged\u00e9lyeztet\u00e9ssel<br>kapcsolatos k\u00f6vetelm\u00e9nyek a 2018.01.01-\u00e9n<br>hat\u00e1lyba l\u00e9pett 41\/2017. (XII.29.) BM<br>rendelet alapj\u00e1n<\/td><td>2018<\/td><td><a href=\"https:\/\/mernokvagyok.hu\/vizgazdalkodas\/wp-content\/uploads\/2022\/05\/Jancso_Mernoki-segedanyag-Vizjogi-engedelyezesi_FAP-2018_011-VVT.pdf\" target=\"_blank\" rel=\"noreferrer noopener\">PDF<\/a><\/td><\/tr><tr><td>Seg\u00e9dlet Telepul\u00e9si V\u00edzk\u00e1relh\u00e1r\u00edt\u00e1shoz<\/td><td>2015.04<\/td><td><a href=\"https:\/\/mernokvagyok.hu\/vizgazdalkodas\/wp-content\/uploads\/2022\/05\/VVT-2015_segedlet-telepulesi-vizkarelharitashoz.pdf\" target=\"_blank\" rel=\"noreferrer noopener\">PDF<\/a><\/td><\/tr><tr><td>Viz\u00fcgyi m\u0171szaki Szabalyoz\u00e1sok Jegyz\u00e9ke<\/td><td>2015<\/td><td><a href=\"https:\/\/mernokvagyok.hu\/vizgazdalkodas\/wp-content\/uploads\/2022\/05\/VVT-2015_vizugyi-muszaki-szabalyozasok-jegyzeke.pdf\" target=\"_blank\" rel=\"noreferrer noopener\">PDF<\/a><\/td><\/tr><tr><td>A magyar V\u00edz\u00fcgy Nemzetk\u00f6zi Aktivit\u00e1sa<\/td><td>2012<\/td><td><a href=\"https:\/\/mernokvagyok.hu\/vizgazdalkodas\/wp-content\/uploads\/2022\/05\/VVT-2012_a-magyar-vizugy-nemzetkozi-aktivitasa.pdf\" target=\"_blank\" rel=\"noreferrer noopener\">PDF<\/a><\/td><\/tr><tr><td>Seg\u00e9dlet V\u00edz\u00e9p\u00edtm\u00e9nyek K\u00f6rnyezeti Tervez\u00e9s\u00e9hez<\/td><td>2012<\/td><td><a href=\"https:\/\/mernokvagyok.hu\/vizgazdalkodas\/wp-content\/uploads\/2022\/05\/VVT-2012_segedlet-vizep-korny-tervezesehez.pdf\" target=\"_blank\" rel=\"noreferrer noopener\">PDF<\/a><\/td><\/tr><tr><td><\/td><td><\/td><td><\/td><\/tr><\/tbody><\/table><\/figure>\n\n\n\n<p><\/p>\n","protected":false},"excerpt":{"rendered":"<p>Dokumentum C\u00edm Megjelen\u00e9s d\u00e1tuma Link 001-FAP P\u00e1lyazati ki\u00edr\u00e1s 2022 PDF FAP P\u00e1ly\u00e1zati adatlap 2022 PDF FAP Szakmai Segedletek, Kiadvanyok 2022.02.25 PDF Dombvid\u00e9ki v\u00edzvisszatart\u00e1s, kisv\u00edzfoly\u00e1sok szab\u00e1lyoz\u00e1sa 2021 PDF Szakmai u\u0301tmutato\u0301 vi\u0301zile\u0301tesi\u0301tme\u0301ny tervez\u0151k sza\u0301ma\u0301ra 2020.09 PDF Csapade\u0301kvi\u0301zgazda\u0301lkoda\u0301s terveze\u0301si ko\u0308vetelme\u0301nyei 2019 PDF V\u00edzjogi enged\u00e9lyez\u00e9si elj\u00e1r\u00e1ssal kapcsolatosdokument\u00e1ci\u00f3k \u00e9s enged\u00e9lyeztet\u00e9sselkapcsolatos k\u00f6vetelm\u00e9nyek a 2018.01.01-\u00e9nhat\u00e1lyba l\u00e9pett 41\/2017. (XII.29.) BMrendelet alapj\u00e1n 2018 PDF [&hellip;]<\/p>\n","protected":false},"author":871,"featured_media":0,"parent":0,"menu_order":0,"comment_status":"closed","ping_status":"closed","template":"","meta":{"_exactmetrics_skip_tracking":false,"_exactmetrics_sitenote_active":false,"_exactmetrics_sitenote_note":"","_exactmetrics_sitenote_category":0,"footnotes":""},"class_list":["post-45","page","type-page","status-publish","hentry"],"_links":{"self":[{"href":"https:\/\/mernokvagyok.hu\/vizgazdalkodas\/wp-json\/wp\/v2\/pages\/45","targetHints":{"allow":["GET"]}}],"collection":[{"href":"https:\/\/mernokvagyok.hu\/vizgazdalkodas\/wp-json\/wp\/v2\/pages"}],"about":[{"href":"https:\/\/mernokvagyok.hu\/vizgazdalkodas\/wp-json\/wp\/v2\/types\/page"}],"author":[{"embeddable":true,"href":"https:\/\/mernokvagyok.hu\/vizgazdalkodas\/wp-json\/wp\/v2\/users\/871"}],"replies":[{"embeddable":true,"href":"https:\/\/mernokvagyok.hu\/vizgazdalkodas\/wp-json\/wp\/v2\/comments?post=45"}],"version-history":[{"count":9,"href":"https:\/\/mernokvagyok.hu\/vizgazdalkodas\/wp-json\/wp\/v2\/pages\/45\/revisions"}],"predecessor-version":[{"id":697,"href":"https:\/\/mernokvagyok.hu\/vizgazdalkodas\/wp-json\/wp\/v2\/pages\/45\/revisions\/697"}],"wp:attachment":[{"href":"https:\/\/mernokvagyok.hu\/vizgazdalkodas\/wp-json\/wp\/v2\/media?parent=45"}],"curies":[{"name":"wp","href":"https:\/\/api.w.org\/{rel}","templated":true}]}}