{"id":27,"date":"2022-02-15T18:11:40","date_gmt":"2022-02-15T18:11:40","guid":{"rendered":"https:\/\/mernokvagyok.hu\/vizgazdalkodas\/?page_id=27"},"modified":"2026-02-10T07:26:08","modified_gmt":"2026-02-10T07:26:08","slug":"teruleti-szakcsoportok","status":"publish","type":"page","link":"https:\/\/mernokvagyok.hu\/vizgazdalkodas\/teruleti-szakcsoportok\/","title":{"rendered":"Ter\u00fcleti szakcsoportok"},"content":{"rendered":"\n<figure class=\"wp-block-table is-style-stripes\"><table><thead><tr><th class=\"has-text-align-left\" data-align=\"left\">Megyei M\u00e9rn\u00f6ki Kamara<\/th><th class=\"has-text-align-left\" data-align=\"left\">Szakcsoport vezet\u0151<\/th><th class=\"has-text-align-left\" data-align=\"left\">e-mail c\u00edm<\/th><\/tr><\/thead><tbody><tr><td class=\"has-text-align-left\" data-align=\"left\">Baranya<\/td><td class=\"has-text-align-left\" data-align=\"left\">Horv\u00e1th Szabolcs<\/td><td class=\"has-text-align-left\" data-align=\"left\">szhorvath.mmk@gmail.com<\/td><\/tr><tr><td class=\"has-text-align-left\" data-align=\"left\">B\u00e1cs-Kiskun<\/td><td class=\"has-text-align-left\" data-align=\"left\">Abonyi Csaba<\/td><td class=\"has-text-align-left\" data-align=\"left\">abonyics@gmail.com<\/td><\/tr><tr><td class=\"has-text-align-left\" data-align=\"left\">B\u00e9k\u00e9s<\/td><td class=\"has-text-align-left\" data-align=\"left\">Rung Attila<\/td><td class=\"has-text-align-left\" data-align=\"left\">rung.attila@alfoldviz.hu<\/td><\/tr><tr><td class=\"has-text-align-left\" data-align=\"left\">Borsod-Aba\u00faj-Zempl\u00e9n<\/td><td class=\"has-text-align-left\" data-align=\"left\">Csont Csaba<\/td><td class=\"has-text-align-left\" data-align=\"left\">csont.csaba@emvizig.hu<\/td><\/tr><tr><td class=\"has-text-align-left\" data-align=\"left\">Budapesti \u00e9s Pest<\/td><td class=\"has-text-align-left\" data-align=\"left\">Raum L\u00e1szl\u00f3<\/td><td class=\"has-text-align-left\" data-align=\"left\">raum.laszlo@gmail.com<\/td><\/tr><tr><td class=\"has-text-align-left\" data-align=\"left\">Csongr\u00e1d<\/td><td class=\"has-text-align-left\" data-align=\"left\">L\u00e1szl\u00f3 Zolt\u00e1n<\/td><td class=\"has-text-align-left\" data-align=\"left\">laszlo.zoltan@folyammernoki.hu<\/td><\/tr><tr><td class=\"has-text-align-left\" data-align=\"left\">Fej\u00e9r<\/td><td class=\"has-text-align-left\" data-align=\"left\">Hullay Gyula<\/td><td class=\"has-text-align-left\" data-align=\"left\">hullay.gyula@t-email.hu<\/td><\/tr><tr><td class=\"has-text-align-left\" data-align=\"left\">Gy\u0151r-Moson-Sopron<\/td><td class=\"has-text-align-left\" data-align=\"left\">Nagy Tam\u00e1s<\/td><td class=\"has-text-align-left\" data-align=\"left\">tender.muhely@gmail.com<\/td><\/tr><tr><td class=\"has-text-align-left\" data-align=\"left\">Hajd\u00fa-Bihar<\/td><td class=\"has-text-align-left\" data-align=\"left\">\u00c1nyos J\u00f3zsef L\u00e1szl\u00f3<\/td><td class=\"has-text-align-left\" data-align=\"left\">anyos.jozsef53@gmail.com<\/td><\/tr><tr><td class=\"has-text-align-left\" data-align=\"left\">Heves<\/td><td class=\"has-text-align-left\" data-align=\"left\">Vendrei M\u00e1ria<\/td><td class=\"has-text-align-left\" data-align=\"left\">vendrei.maria@gmail.com<\/td><\/tr><tr><td class=\"has-text-align-left\" data-align=\"left\">J\u00e1sz-Nagykun-Szolnok<\/td><td class=\"has-text-align-left\" data-align=\"left\">H\u00e1fra M\u00e1ty\u00e1s<\/td><td class=\"has-text-align-left\" data-align=\"left\">hafra.matyas@kotvizig.hu<\/td><\/tr><tr><td class=\"has-text-align-left\" data-align=\"left\">Kom\u00e1rom-Esztergom<\/td><td class=\"has-text-align-left\" data-align=\"left\">Botos Tam\u00e1s<\/td><td class=\"has-text-align-left\" data-align=\"left\">attila.aladar@gmail.com<\/td><\/tr><tr><td class=\"has-text-align-left\" data-align=\"left\">N\u00f3gr\u00e1d<\/td><td class=\"has-text-align-left\" data-align=\"left\">Bakos Ferenc J\u00f3zsef<\/td><td class=\"has-text-align-left\" data-align=\"left\">vizaramkft@gmail.com<\/td><\/tr><tr><td class=\"has-text-align-left\" data-align=\"left\">Somogy<\/td><td class=\"has-text-align-left\" data-align=\"left\">Boda Bal\u00e1zs<\/td><td class=\"has-text-align-left\" data-align=\"left\">boda.balazs@kaviz.hu<\/td><\/tr><tr><td class=\"has-text-align-left\" data-align=\"left\">Szabolcs-Szatm\u00e1r-Bereg<\/td><td class=\"has-text-align-left\" data-align=\"left\">M\u00e9sz\u00e1ros J\u00f3zsef<\/td><td class=\"has-text-align-left\" data-align=\"left\">merbt1@gmail.com<\/td><\/tr><tr><td class=\"has-text-align-left\" data-align=\"left\">Tolna<\/td><td class=\"has-text-align-left\" data-align=\"left\">Kaveczki Gergely<\/td><td class=\"has-text-align-left\" data-align=\"left\">gergo@kaveczki.hu<\/td><\/tr><tr><td class=\"has-text-align-left\" data-align=\"left\">Vas<\/td><td class=\"has-text-align-left\" data-align=\"left\">dr. Engi Zsuzsanna<\/td><td class=\"has-text-align-left\" data-align=\"left\">engi.zsuzsanna@nyuduvizig.hu<\/td><\/tr><tr><td class=\"has-text-align-left\" data-align=\"left\">Veszpr\u00e9m<\/td><td class=\"has-text-align-left\" data-align=\"left\">Somodi Ferenc<\/td><td class=\"has-text-align-left\" data-align=\"left\">somodi.ferenc@bakonykarsztrt.hu<\/td><\/tr><tr><td class=\"has-text-align-left\" data-align=\"left\">Zala<\/td><td class=\"has-text-align-left\" data-align=\"left\">Pezzetta-Tompa M\u00f3nika<\/td><td class=\"has-text-align-left\" data-align=\"left\">tompamonika@gmail.com<\/td><\/tr><\/tbody><\/table><\/figure>\n\n\n\n<p><\/p>\n","protected":false},"excerpt":{"rendered":"<p>Megyei M\u00e9rn\u00f6ki Kamara Szakcsoport vezet\u0151 e-mail c\u00edm Baranya Horv\u00e1th Szabolcs szhorvath.mmk@gmail.com B\u00e1cs-Kiskun Abonyi Csaba abonyics@gmail.com B\u00e9k\u00e9s Rung Attila rung.attila@alfoldviz.hu Borsod-Aba\u00faj-Zempl\u00e9n Csont Csaba csont.csaba@emvizig.hu Budapesti \u00e9s Pest Raum L\u00e1szl\u00f3 raum.laszlo@gmail.com Csongr\u00e1d L\u00e1szl\u00f3 Zolt\u00e1n laszlo.zoltan@folyammernoki.hu Fej\u00e9r Hullay Gyula hullay.gyula@t-email.hu Gy\u0151r-Moson-Sopron Nagy Tam\u00e1s tender.muhely@gmail.com Hajd\u00fa-Bihar \u00c1nyos J\u00f3zsef L\u00e1szl\u00f3 anyos.jozsef53@gmail.com Heves Vendrei M\u00e1ria vendrei.maria@gmail.com J\u00e1sz-Nagykun-Szolnok H\u00e1fra M\u00e1ty\u00e1s hafra.matyas@kotvizig.hu Kom\u00e1rom-Esztergom [&hellip;]<\/p>\n","protected":false},"author":871,"featured_media":0,"parent":0,"menu_order":0,"comment_status":"closed","ping_status":"closed","template":"","meta":{"_exactmetrics_skip_tracking":false,"_exactmetrics_sitenote_active":false,"_exactmetrics_sitenote_note":"","_exactmetrics_sitenote_category":0,"footnotes":""},"class_list":["post-27","page","type-page","status-publish","hentry"],"_links":{"self":[{"href":"https:\/\/mernokvagyok.hu\/vizgazdalkodas\/wp-json\/wp\/v2\/pages\/27","targetHints":{"allow":["GET"]}}],"collection":[{"href":"https:\/\/mernokvagyok.hu\/vizgazdalkodas\/wp-json\/wp\/v2\/pages"}],"about":[{"href":"https:\/\/mernokvagyok.hu\/vizgazdalkodas\/wp-json\/wp\/v2\/types\/page"}],"author":[{"embeddable":true,"href":"https:\/\/mernokvagyok.hu\/vizgazdalkodas\/wp-json\/wp\/v2\/users\/871"}],"replies":[{"embeddable":true,"href":"https:\/\/mernokvagyok.hu\/vizgazdalkodas\/wp-json\/wp\/v2\/comments?post=27"}],"version-history":[{"count":10,"href":"https:\/\/mernokvagyok.hu\/vizgazdalkodas\/wp-json\/wp\/v2\/pages\/27\/revisions"}],"predecessor-version":[{"id":2145,"href":"https:\/\/mernokvagyok.hu\/vizgazdalkodas\/wp-json\/wp\/v2\/pages\/27\/revisions\/2145"}],"wp:attachment":[{"href":"https:\/\/mernokvagyok.hu\/vizgazdalkodas\/wp-json\/wp\/v2\/media?parent=27"}],"curies":[{"name":"wp","href":"https:\/\/api.w.org\/{rel}","templated":true}]}}