{"id":11,"date":"2022-01-10T17:58:46","date_gmt":"2022-01-10T16:58:46","guid":{"rendered":"https:\/\/mernokvagyok.hu\/ugyintezes\/?page_id=11"},"modified":"2022-01-14T08:17:49","modified_gmt":"2022-01-14T07:17:49","slug":"kezdolap","status":"publish","type":"page","link":"https:\/\/mernokvagyok.hu\/ugyintezes\/","title":{"rendered":"Kamarai \u00fcgyint\u00e9z\u00e9s"},"content":{"rendered":"\n<p>Tisztelt \u00c9rdekl\u0151d\u0151!<\/p>\n\n\n\n<p>Ezen a honlapon egyes m\u00e9rn\u00f6ki kamarai szolg\u00e1ltat\u00e1sokkal kapcsolatban tal\u00e1l inform\u00e1ci\u00f3kat, kieg\u00e9sz\u00edt\u0151 lehet\u0151s\u00e9geket, \u0171rlapokat. K\u00e9rj\u00fck, az adott szolg\u00e1ltat\u00e1ssal kapcsolatos r\u00e9szletes inform\u00e1ci\u00f3k\u00e9rt keresse fel k\u00f6zponti kamarai oldalunkat a&nbsp;<a href=\"http:\/\/mmk.hu\/\">www.mmk.hu<\/a>&nbsp;c\u00edmen.<\/p>\n\n\n\n<p><strong>Tov\u00e1bbi lehet\u0151s\u00e9gek\u00e9rt k\u00e9rj\u00fck, v\u00e1lasszon a fenti men\u00fcpontok k\u00f6z\u00fcl vagy az al\u00e1bbi list\u00e1b\u00f3l!<\/strong><\/p>\n\n\n\n<div style=\"height:16px\" aria-hidden=\"true\" class=\"wp-block-spacer\"><\/div>\n\n\n\n<h4 class=\"wp-block-heading\"><strong>\u0170RLAPOK:<\/strong><\/h4>\n\n\n\n<ul class=\"wp-block-list\"><li><strong>Kamarai tov\u00e1bbk\u00e9pz\u00e9s<\/strong><ul><li><a href=\"https:\/\/mernokvagyok.hu\/ugyintezes\/urlapok\/jogi-tovabbkepzes\/\" data-type=\"page\" data-id=\"25\">Jogi tov\u00e1bbk\u00e9pz\u00e9s jelentkez\u00e9si lap<\/a><\/li><li><a href=\"https:\/\/mernokvagyok.hu\/ugyintezes\/urlapok\/felmentes\/\" data-type=\"page\" data-id=\"35\">Felment\u00e9s szakmai tov\u00e1bbk\u00e9pz\u00e9s al\u00f3l<\/a><\/li><li><a href=\"https:\/\/mernokvagyok.hu\/ugyintezes\/urlapok\/konferencia-akkreditacio\/\" data-type=\"page\" data-id=\"40\">Konferencia vagy szakmai nap akkredit\u00e1ci\u00f3ja<\/a><\/li><\/ul><\/li><\/ul>\n\n\n\n<ul class=\"wp-block-list\" id=\"block-056b0d07-6184-4d8a-a29d-affd161d81b8\"><li><strong>Energetikai auditorok \u00e9s szakreferensek<\/strong><ul><li><a href=\"https:\/\/mernokvagyok.hu\/ugyintezes\/urlapok\/energetikai-auditor-tovabbkepzes\/\" data-type=\"page\" data-id=\"48\">Tov\u00e1bbk\u00e9pz\u00e9s jelentkez\u00e9si lap<\/a><\/li><\/ul><\/li><\/ul>\n\n\n\n<ul class=\"wp-block-list\"><li><strong>M\u00e9rn\u00f6k igazolv\u00e1nyhoz kapcsol\u00f3d\u00f3 \u00fcgyek<\/strong><ul><li><a href=\"https:\/\/mernokvagyok.hu\/ugyintezes\/urlapok\/mol-kartya\/\" data-type=\"page\" data-id=\"57\">MOL \u00fczemanyagk\u00e1rtya ig\u00e9nyl\u00e9se<\/a><\/li><\/ul><\/li><\/ul>\n\n\n\n<div style=\"height:16px\" aria-hidden=\"true\" class=\"wp-block-spacer\"><\/div>\n\n\n\n<h4 class=\"wp-block-heading\"><strong>ID\u0150PONTFOGLAL\u00d3:<\/strong><\/h4>\n\n\n\n<ul class=\"wp-block-list\"><li><a href=\"https:\/\/mernokvagyok.hu\/ugyintezes\/idopontfoglalo\/gazszerelok\/\" data-type=\"page\" data-id=\"53\">G\u00e1zszerel\u0151 igazolv\u00e1ny \u00fcgyint\u00e9z\u00e9s<\/a><\/li><\/ul>\n","protected":false},"excerpt":{"rendered":"<p>Tisztelt \u00c9rdekl\u0151d\u0151! Ezen a honlapon egyes m\u00e9rn\u00f6ki kamarai szolg\u00e1ltat\u00e1sokkal kapcsolatban tal\u00e1l inform\u00e1ci\u00f3kat, kieg\u00e9sz\u00edt\u0151 lehet\u0151s\u00e9geket, \u0171rlapokat. K\u00e9rj\u00fck, az adott szolg\u00e1ltat\u00e1ssal kapcsolatos r\u00e9szletes inform\u00e1ci\u00f3k\u00e9rt keresse fel k\u00f6zponti kamarai oldalunkat a&nbsp;www.mmk.hu&nbsp;c\u00edmen. Tov\u00e1bbi lehet\u0151s\u00e9gek\u00e9rt k\u00e9rj\u00fck, v\u00e1lasszon a fenti men\u00fcpontok k\u00f6z\u00fcl vagy az al\u00e1bbi list\u00e1b\u00f3l! \u0170RLAPOK: Kamarai tov\u00e1bbk\u00e9pz\u00e9s Jogi tov\u00e1bbk\u00e9pz\u00e9s jelentkez\u00e9si lap Felment\u00e9s szakmai tov\u00e1bbk\u00e9pz\u00e9s al\u00f3l Konferencia vagy szakmai nap [&hellip;]<\/p>\n","protected":false},"author":1,"featured_media":0,"parent":0,"menu_order":0,"comment_status":"closed","ping_status":"closed","template":"page-templates\/page_fullwidth.php","meta":{"footnotes":""},"class_list":["post-11","page","type-page","status-publish","hentry"],"_links":{"self":[{"href":"https:\/\/mernokvagyok.hu\/ugyintezes\/wp-json\/wp\/v2\/pages\/11","targetHints":{"allow":["GET"]}}],"collection":[{"href":"https:\/\/mernokvagyok.hu\/ugyintezes\/wp-json\/wp\/v2\/pages"}],"about":[{"href":"https:\/\/mernokvagyok.hu\/ugyintezes\/wp-json\/wp\/v2\/types\/page"}],"author":[{"embeddable":true,"href":"https:\/\/mernokvagyok.hu\/ugyintezes\/wp-json\/wp\/v2\/users\/1"}],"replies":[{"embeddable":true,"href":"https:\/\/mernokvagyok.hu\/ugyintezes\/wp-json\/wp\/v2\/comments?post=11"}],"version-history":[{"count":14,"href":"https:\/\/mernokvagyok.hu\/ugyintezes\/wp-json\/wp\/v2\/pages\/11\/revisions"}],"predecessor-version":[{"id":60,"href":"https:\/\/mernokvagyok.hu\/ugyintezes\/wp-json\/wp\/v2\/pages\/11\/revisions\/60"}],"wp:attachment":[{"href":"https:\/\/mernokvagyok.hu\/ugyintezes\/wp-json\/wp\/v2\/media?parent=11"}],"curies":[{"name":"wp","href":"https:\/\/api.w.org\/{rel}","templated":true}]}}