{"id":763,"date":"2021-06-08T13:08:33","date_gmt":"2021-06-08T11:08:33","guid":{"rendered":"https:\/\/mernokvagyok.hu\/kozlekedesi\/?page_id=763"},"modified":"2022-03-29T14:21:42","modified_gmt":"2022-03-29T12:21:42","slug":"kiadvany-tervezetek-velemenyezese","status":"publish","type":"page","link":"https:\/\/mernokvagyok.hu\/kozlekedesi\/kiadvany-tervezetek-velemenyezese\/","title":{"rendered":"Kiadv\u00e1ny tervezetek v\u00e9lem\u00e9nyez\u00e9se"},"content":{"rendered":"\n<p>Az al\u00e1bbi oldalon a szakm\u00e1t \u00e9rint\u0151 dokumentumok egyeztet\u00e9si v\u00e1ltozata tal\u00e1lhat\u00f3, amelyre Tagjaink v\u00e9lem\u00e9ny\u00e9t k\u00e9rj\u00fck. <\/p>\n\n\n\n<p>K\u00e9rj\u00fck, hogy a megk\u00fcld\u00f6tt dokumentumtervezetre vonatkoz\u00f3 \u00e9szrev\u00e9teleket kiz\u00e1r\u00f3lag az adott t\u00e9mak\u00f6rh\u00f6z csatolt sablonban gy\u0171jts\u00e9k \u00f6ssze, mivel ez az \u00f6sszes\u00edt\u00e9s \u00e9s az \u00e9rt\u00e9kel\u00e9s \u00e1tl\u00e1that\u00f3s\u00e1g\u00e1t \u00e9s megfelel\u0151 szakmai min\u0151s\u00e9g\u00e9t hivatott biztos\u00edtani.  Az \u00e9szrev\u00e9telek kezel\u00e9s\u00e9hez elengedhetetlen a megfelel\u0151 hivatkoz\u00e1sok (\u00e9rintett fejezet, alpont, bekezd\u00e9s, mondat stb.) azonos\u00edthat\u00f3 m\u00f3don t\u00f6rt\u00e9n\u0151 megad\u00e1sa.<\/p>\n\n\n\n<p class=\"has-small-font-size\"><em>A kiadv\u00e1nyokkal kapcsolatos \u00e9szrev\u00e9teleket tagozatunk test\u00fcleti v\u00e9lem\u00e9nyk\u00e9nt szeretn\u00e9 tov\u00e1bb\u00edtani az illet\u00e9keseknek. Azokat tudjuk feldolgozni, melyek egy-egy konkr\u00e9t elv, vagy konkr\u00e9t sz\u00f6vegtervezettel kapcsolatban szakszer\u0171en ker\u00fclnek megfogalmaz\u00e1sra oly m\u00f3don, hogy azt ne kelljen stilisztikai, ill. nyelvtani okok miatt \u00e1tfogalmazni, \u00e1tszerkeszteni. <\/em><\/p>\n\n\n\n<p>Az ilyen t\u00edpus\u00fa anyagokat csak akkor tudjuk test\u00fcleti v\u00e9lem\u00e9nyk\u00e9nt kezelni, ha a <a href=\"mailto:szabalyozas@kozut.hu\">kozlekedesi.tagozat@mmk.hu<\/a> e-mail c\u00edmre \u00e9rkezik.<\/p>\n\n\n\n<h3 class=\"has-text-color wp-block-heading\" style=\"color:#0071a1\">Jelenleg az al\u00e1bbi t\u00e9m\u00e1kban v\u00e1rjuk a v\u00e9lem\u00e9nyeket:<\/h3>\n\n\n\n<p><strong>Hazai el\u0151\u00edr\u00e1sok, szabv\u00e1nyok \u00a0egyeztet\u00e9si dokumentumai:<\/strong><\/p>\n\n\n\n<p>Els\u0151k\u00f6r\u00f6s egyeztet\u00e9s alatt: <\/p>\n\n\n\n<p>M\u00e1sodik k\u00f6r\u00f6s egyezet\u00e9s alatt:<\/p>\n\n\n\n<p><\/p>\n\n\n\n<p><strong>Egy\u00e9b egyeztet\u00e9si dokumentumok:<\/strong> <\/p>\n\n\n\n<p><\/p>\n\n\n\n<hr class=\"wp-block-separator is-style-wide\" \/>\n\n\n\n<h3 class=\"has-text-color wp-block-heading\" style=\"color:#0071a1\">AZ EGYES T\u00c9M\u00c1K R\u00c9SZLETES INFORM\u00c1CI\u00d3I:<\/h3>\n\n\n\n<h3 class=\"has-text-color wp-block-heading\" style=\"color:#0071a1\">MA\u00daT &#8211; \u00datburkolati jelek tervez\u00e9se<\/h3>\n\n\n\n<p>A <em>MA\u00daT Magyar \u00dat- \u00e9s Vas\u00fat\u00fcgyi T\u00e1rsas\u00e1g<\/em> szakmai k\u00f6zmegegyeztet\u00e9si folyamat\u00e1nak keret\u00e9ben el\u00e9rhet\u0151v\u00e9 tessz\u00fck az e.UT 04.03.xx:xxxx c. tervezetet, a mell\u00e9kelt, v\u00e9lem\u00e9nyez\u00e9st seg\u00edt\u0151 sablonnal egy\u00fctt.<\/p>\n\n\n\n<p>Tervezet: <\/p>\n\n\n\n<div class=\"wp-block-file\"><a href=\"https:\/\/mernokvagyok.hu\/kozlekedesi\/wp-content\/uploads\/2021\/06\/eUT0403XX_MAUT-II_20210604.pdf\">eUT0403XX_MAUT-II_20210604<\/a><a href=\"https:\/\/mernokvagyok.hu\/kozlekedesi\/wp-content\/uploads\/2021\/06\/eUT0403XX_MAUT-II_20210604.pdf\" class=\"wp-block-file__button\" download>Let\u00f6lt\u00e9s<\/a><\/div>\n\n\n\n<p>Sablon: <\/p>\n\n\n\n<div class=\"wp-block-file\"><a href=\"https:\/\/mernokvagyok.hu\/kozlekedesi\/wp-content\/uploads\/2021\/06\/Eszrevetel_sablon_MAUT_e-UT0403XX.doc\">Eszrevetel_sablon_MAUT_e-UT0403XX<\/a><a href=\"https:\/\/mernokvagyok.hu\/kozlekedesi\/wp-content\/uploads\/2021\/06\/Eszrevetel_sablon_MAUT_e-UT0403XX.doc\" class=\"wp-block-file__button\" download>Let\u00f6lt\u00e9s<\/a><\/div>\n\n\n\n<p>A dokumentum jelen munkak\u00f6zi v\u00e1ltozata (d\u00e1tum: 2021.06.04.) a k\u00e9sz\u00edt\u0151 munkabizotts\u00e1g \u00e1ltal a k\u00f6zmegegyeztet\u00e9shez \u00f6ssze\u00e1ll\u00edtott v\u00e1ltozat. Az anyaggal kapcsolatos k\u00e9rd\u00e9sekben r\u00e9szletesebb felvil\u00e1gos\u00edt\u00e1s kaphat\u00f3: P\u00e1l Andr\u00e1s<strong> <\/strong>(<a href=\"mailto:pal.andras@kozut.hu\">pal.andras@kozut.hu<\/a>, tel: + 36 70 702 2840)&nbsp;<\/p>\n\n\n\n<p>K\u00e9rj\u00fck, hogy a v\u00e9lem\u00e9nyeket, \u00e9szrev\u00e9teleket legk\u00e9s\u0151bb 2021. j\u00fanius 28., 16:00 \u00f3r\u00e1ig k\u00fcldj\u00e9k meg a <a href=\"mailto:kozlekedesi.tagozat@mmk.hu\">kozlekedesi.tagozat@mmk.hu<\/a> e-mail c\u00edmre. <\/p>\n\n\n\n<h3 class=\"has-text-color wp-block-heading\" style=\"color:#0071a1\">MA\u00daT &#8211; Dinamikus k\u00f6nny\u0171 ejt\u0151s\u00falyos m\u00e9r\u00e9sek<\/h3>\n\n\n\n<p>A <em>MA\u00daT Magyar \u00dat- \u00e9s Vas\u00fat\u00fcgyi T\u00e1rsas\u00e1g<\/em> szakmai k\u00f6zmegegyeztet\u00e9si folyamat\u00e1nak keret\u00e9ben el\u00e9rhet\u0151v\u00e9 tessz\u00fck az e.UT 09.02.xx:xxxx c. tervezetet, a mell\u00e9kelt, v\u00e9lem\u00e9nyez\u00e9st seg\u00edt\u0151 sablonnal egy\u00fctt.<\/p>\n\n\n\n<p>Tervezet:<\/p>\n\n\n\n<div class=\"wp-block-file\"><a href=\"https:\/\/mernokvagyok.hu\/kozlekedesi\/wp-content\/uploads\/2021\/06\/eUT0902XX_MAUT-II_20210604.pdf\">eUT0902XX_MAUT-II_20210604<\/a><a href=\"https:\/\/mernokvagyok.hu\/kozlekedesi\/wp-content\/uploads\/2021\/06\/eUT0902XX_MAUT-II_20210604.pdf\" class=\"wp-block-file__button\" download>Let\u00f6lt\u00e9s<\/a><\/div>\n\n\n\n<p>Sablon:<\/p>\n\n\n\n<div class=\"wp-block-file\"><a href=\"https:\/\/mernokvagyok.hu\/kozlekedesi\/wp-content\/uploads\/2021\/06\/Eszrevetel_sablon_MAUT_e-UT0902XX.doc\">Eszrevetel_sablon_MAUT_e-UT0902XX<\/a><a href=\"https:\/\/mernokvagyok.hu\/kozlekedesi\/wp-content\/uploads\/2021\/06\/Eszrevetel_sablon_MAUT_e-UT0902XX.doc\" class=\"wp-block-file__button\" download>Let\u00f6lt\u00e9s<\/a><\/div>\n\n\n\n<p>A dokumentum jelen munkak\u00f6zi v\u00e1ltozata (d\u00e1tum: 2021.06.04.) a k\u00e9sz\u00edt\u0151 munkabizotts\u00e1g \u00e1ltal a k\u00f6zmegegyeztet\u00e9shez \u00f6ssze\u00e1ll\u00edtott v\u00e1ltozat. <\/p>\n\n\n\n<p>Az anyaggal kapcsolatos k\u00e9rd\u00e9sekben r\u00e9szletesebb felvil\u00e1gos\u00edt\u00e1s kaphat\u00f3: Dr. Szendefy J\u00e1nos (<a href=\"mailto:szendefy.janos@emk.bme.hu\">szendefy.janos@emk.bme.hu<\/a>, tel: +36 20 320 2291)&nbsp;<\/p>\n\n\n\n<p>K\u00e9rj\u00fck, hogy a v\u00e9lem\u00e9nyeket, \u00e9szrev\u00e9teleket legk\u00e9s\u0151bb 2021. j\u00fanius 28., 16:00 \u00f3r\u00e1ig k\u00fcldj\u00e9k meg a <a href=\"mailto:kozlekedesi.tagozat@mmk.hu\">kozlekedesi.tagozat@mmk.hu<\/a> e-mail c\u00edmre.<\/p>\n\n\n\n<h3 class=\"has-text-color wp-block-heading\" style=\"color:#0071a1\">V\u00e9lem\u00e9nyez\u00e9s alatt l\u00e9v\u0151 \u00fat\u00fcgyi m\u0171szaki el\u0151\u00edr\u00e1sok<\/h3>\n\n\n\n<p>Tov\u00e1bbi inform\u00e1ci\u00f3: <a rel=\"noreferrer noopener\" href=\"https:\/\/ume.kozut.hu\/statusz\/velemenyezes-alatt-levo-utugyi-muszaki-eloirasok\" target=\"_blank\">https:\/\/ume.kozut.hu\/statusz\/velemenyezes-alatt-levo-utugyi-muszaki-eloirasok<\/a><\/p>\n\n\n\n<p>V\u00e9lem\u00e9nyez\u00e9si \u0171rlap let\u00f6lthet\u0151:  <\/p>\n\n\n\n<div class=\"wp-block-file\"><a href=\"https:\/\/mernokvagyok.hu\/kozlekedesi\/wp-content\/uploads\/2021\/06\/ume-velemenyezesi-urlap_kozlekedesi.doc\">ume-velemenyezesi-urlap_kozlekedesi<\/a><a href=\"https:\/\/mernokvagyok.hu\/kozlekedesi\/wp-content\/uploads\/2021\/06\/ume-velemenyezesi-urlap_kozlekedesi.doc\" class=\"wp-block-file__button\" download>Let\u00f6lt\u00e9s<\/a><\/div>\n","protected":false},"excerpt":{"rendered":"<p>Az al\u00e1bbi oldalon a szakm\u00e1t \u00e9rint\u0151 dokumentumok egyeztet\u00e9si v\u00e1ltozata tal\u00e1lhat\u00f3, amelyre Tagjaink v\u00e9lem\u00e9ny\u00e9t k\u00e9rj\u00fck. K\u00e9rj\u00fck, hogy a megk\u00fcld\u00f6tt dokumentumtervezetre vonatkoz\u00f3 \u00e9szrev\u00e9teleket kiz\u00e1r\u00f3lag az adott t\u00e9mak\u00f6rh\u00f6z csatolt sablonban gy\u0171jts\u00e9k \u00f6ssze, mivel ez az \u00f6sszes\u00edt\u00e9s \u00e9s az \u00e9rt\u00e9kel\u00e9s \u00e1tl\u00e1that\u00f3s\u00e1g\u00e1t \u00e9s megfelel\u0151 szakmai min\u0151s\u00e9g\u00e9t hivatott biztos\u00edtani. Az \u00e9szrev\u00e9telek kezel\u00e9s\u00e9hez elengedhetetlen a megfelel\u0151 hivatkoz\u00e1sok (\u00e9rintett fejezet, alpont, bekezd\u00e9s, mondat [&hellip;]<\/p>\n","protected":false},"author":873,"featured_media":0,"parent":0,"menu_order":0,"comment_status":"closed","ping_status":"closed","template":"","meta":{"footnotes":""},"class_list":["post-763","page","type-page","status-publish","hentry"],"_links":{"self":[{"href":"https:\/\/mernokvagyok.hu\/kozlekedesi\/wp-json\/wp\/v2\/pages\/763","targetHints":{"allow":["GET"]}}],"collection":[{"href":"https:\/\/mernokvagyok.hu\/kozlekedesi\/wp-json\/wp\/v2\/pages"}],"about":[{"href":"https:\/\/mernokvagyok.hu\/kozlekedesi\/wp-json\/wp\/v2\/types\/page"}],"author":[{"embeddable":true,"href":"https:\/\/mernokvagyok.hu\/kozlekedesi\/wp-json\/wp\/v2\/users\/873"}],"replies":[{"embeddable":true,"href":"https:\/\/mernokvagyok.hu\/kozlekedesi\/wp-json\/wp\/v2\/comments?post=763"}],"version-history":[{"count":17,"href":"https:\/\/mernokvagyok.hu\/kozlekedesi\/wp-json\/wp\/v2\/pages\/763\/revisions"}],"predecessor-version":[{"id":1143,"href":"https:\/\/mernokvagyok.hu\/kozlekedesi\/wp-json\/wp\/v2\/pages\/763\/revisions\/1143"}],"wp:attachment":[{"href":"https:\/\/mernokvagyok.hu\/kozlekedesi\/wp-json\/wp\/v2\/media?parent=763"}],"curies":[{"name":"wp","href":"https:\/\/api.w.org\/{rel}","templated":true}]}}