{"id":747,"date":"2021-06-08T12:41:28","date_gmt":"2021-06-08T10:41:28","guid":{"rendered":"https:\/\/mernokvagyok.hu\/kozlekedesi\/?page_id=747"},"modified":"2022-06-17T11:22:32","modified_gmt":"2022-06-17T09:22:32","slug":"teruleti-szakcsoportok","status":"publish","type":"page","link":"https:\/\/mernokvagyok.hu\/kozlekedesi\/teruleti-szakcsoportok\/","title":{"rendered":"Ter\u00fcleti szakcsoportok"},"content":{"rendered":"\n<p id=\"block-c200e347-1d2f-4d6d-9973-97ad5f38eb87\"><strong>A K\u00f6zleked\u00e9si Tagozat megyei k\u00f6zleked\u00e9si szakcsoportjai vezet\u0151i \u00e9s felk\u00e9rt referensek<\/strong>:<\/p>\n\n\n\n<figure class=\"wp-block-table is-style-stripes\"><table><tbody><tr><\/tr><tr><th>megye<\/th><th>szakcsoport vezet\u0151je<\/th><th>felk\u00e9rt referens<\/th><th>\u00fcgyrend<\/th><\/tr><tr><td>B\u00e1cs-Kiskun megye<\/td><td>Iv\u00e1nyi Istv\u00e1n<\/td><td>\ufeff<\/td><td>\ufeff<\/td><\/tr><tr><td>Borsod-Aba\u00faj-Zempl\u00e9n megye<\/td><td>Sajtos Tibor<\/td><td>\ufeff<\/td><td>\ufeff<\/td><\/tr><tr><td>Baranya megye<\/td><td>L\u00e1donyi \u00c1kos<\/td><td>\ufeff<\/td><td>\ufeff<\/td><\/tr><tr><td>B\u00e9k\u00e9s megye<\/td><td>Sztank\u00f3 Ilona<\/td><td>\ufeff<\/td><td>\ufeff<\/td><\/tr><tr><td>Fej\u00e9r megye<\/td><td>Grimm Viktor<\/td><td>\ufeff<\/td><td>\ufeff<\/td><\/tr><tr><td>Csongr\u00e1d megye<\/td><td>\ufeff<\/td><td>Rig\u00f3 Mih\u00e1ly dr.<\/td><td>\ufeff<\/td><\/tr><tr><td>Gy\u0151r-Moson-Sopron megye<\/td><td>Szab\u00f3 Csaba<\/td><td>\ufeff<\/td><td>\ufeff<\/td><\/tr><tr><td>Hajd\u00fa-Bihar megye<\/td><td>Kocsis T\u00fcnde<\/td><td>\ufeff<\/td><td>\ufeff<\/td><\/tr><tr><td>Heves megye<\/td><td>Szerencsi G\u00e1bor<\/td><td>\ufeff<\/td><td>\ufeff<\/td><\/tr><tr><td>J\u00e1sz-Nagykun-Szolnok megye<\/td><td>Kov\u00e1cs Ferenc<\/td><td>\ufeff<\/td><td>\ufeff<\/td><\/tr><tr><td>Kom\u00e1rom-Esztergom megye<\/td><td>\ufeff<\/td><td>Komj\u00e1thy L\u00e1szl\u00f3<\/td><td>\ufeff<\/td><\/tr><tr><td>N\u00f3gr\u00e1d megye<\/td><td>\u00dcrm\u00f6ssy \u00c1kos<\/td><td>\ufeff<\/td><td>\ufeff<\/td><\/tr><tr><td>Budapest \u00e9s Pest megye<\/td><td>\ufeff<\/td><td>Erd\u00e9lyi Zs\u00f3fia<\/td><td>\ufeff<\/td><\/tr><tr><td>Somogy megye<\/td><td>\ufeff<\/td><td>Kosz\u00e9j L\u00e1szl\u00f3<\/td><td>\ufeff<\/td><\/tr><tr><td>Szabolcs-Szatm\u00e1r-Bereg megye<\/td><td>Koll\u00e1r Istv\u00e1n<\/td><td>\ufeff<\/td><td>\ufeff<\/td><\/tr><tr><td>Tolna megye<\/td><td>\ufeff<\/td><td>\ufeff<\/td><td><a rel=\"noreferrer noopener\" href=\"https:\/\/mernokvagyok.hu\/kozlekedesi\/wp-content\/uploads\/2021\/04\/TMMK_Kozlekedesi_Szakcsop_ugyrend_2017_.pdf\" target=\"_blank\">Let\u00f6lt\u00e9s<\/a><\/td><\/tr><tr><td>Vas megye<\/td><td>T\u00f3th Tibor<\/td><td>\ufeff<\/td><td>\ufeff<\/td><\/tr><tr><td>Veszpr\u00e9m megye<\/td><td>Kov\u00e1cs G\u00e9za<\/td><td>\ufeff<\/td><td>\ufeff<\/td><\/tr><tr><td>Zala megye<\/td><td>T\u00f3th J\u00e1nos<\/td><td>\ufeff<\/td><td>\ufeff<\/td><\/tr><\/tbody><\/table><\/figure>\n","protected":false},"excerpt":{"rendered":"<p>A K\u00f6zleked\u00e9si Tagozat megyei k\u00f6zleked\u00e9si szakcsoportjai vezet\u0151i \u00e9s felk\u00e9rt referensek: megye szakcsoport vezet\u0151je felk\u00e9rt referens \u00fcgyrend B\u00e1cs-Kiskun megye Iv\u00e1nyi Istv\u00e1n \ufeff \ufeff Borsod-Aba\u00faj-Zempl\u00e9n megye Sajtos Tibor \ufeff \ufeff Baranya megye L\u00e1donyi \u00c1kos \ufeff \ufeff B\u00e9k\u00e9s megye Sztank\u00f3 Ilona \ufeff \ufeff Fej\u00e9r megye Grimm Viktor \ufeff \ufeff Csongr\u00e1d megye \ufeff Rig\u00f3 Mih\u00e1ly dr. \ufeff Gy\u0151r-Moson-Sopron megye [&hellip;]<\/p>\n","protected":false},"author":873,"featured_media":0,"parent":0,"menu_order":0,"comment_status":"closed","ping_status":"closed","template":"","meta":{"footnotes":""},"class_list":["post-747","page","type-page","status-publish","hentry"],"_links":{"self":[{"href":"https:\/\/mernokvagyok.hu\/kozlekedesi\/wp-json\/wp\/v2\/pages\/747","targetHints":{"allow":["GET"]}}],"collection":[{"href":"https:\/\/mernokvagyok.hu\/kozlekedesi\/wp-json\/wp\/v2\/pages"}],"about":[{"href":"https:\/\/mernokvagyok.hu\/kozlekedesi\/wp-json\/wp\/v2\/types\/page"}],"author":[{"embeddable":true,"href":"https:\/\/mernokvagyok.hu\/kozlekedesi\/wp-json\/wp\/v2\/users\/873"}],"replies":[{"embeddable":true,"href":"https:\/\/mernokvagyok.hu\/kozlekedesi\/wp-json\/wp\/v2\/comments?post=747"}],"version-history":[{"count":2,"href":"https:\/\/mernokvagyok.hu\/kozlekedesi\/wp-json\/wp\/v2\/pages\/747\/revisions"}],"predecessor-version":[{"id":1206,"href":"https:\/\/mernokvagyok.hu\/kozlekedesi\/wp-json\/wp\/v2\/pages\/747\/revisions\/1206"}],"wp:attachment":[{"href":"https:\/\/mernokvagyok.hu\/kozlekedesi\/wp-json\/wp\/v2\/media?parent=747"}],"curies":[{"name":"wp","href":"https:\/\/api.w.org\/{rel}","templated":true}]}}