{"id":738,"date":"2021-06-08T12:31:24","date_gmt":"2021-06-08T10:31:24","guid":{"rendered":"https:\/\/mernokvagyok.hu\/kozlekedesi\/?page_id=738"},"modified":"2024-09-26T12:46:33","modified_gmt":"2024-09-26T10:46:33","slug":"kozuti-biztonsagi-auditor-szakosztaly","status":"publish","type":"page","link":"https:\/\/mernokvagyok.hu\/kozlekedesi\/kozuti-biztonsagi-auditor-szakosztaly\/","title":{"rendered":"K\u00f6z\u00fati Biztons\u00e1gi Auditor Szakoszt\u00e1ly"},"content":{"rendered":"\n<div class=\"wp-block-columns is-layout-flex wp-container-core-columns-is-layout-9d6595d7 wp-block-columns-is-layout-flex\">\n<div class=\"wp-block-column is-layout-flow wp-block-column-is-layout-flow\" style=\"flex-basis:100%\">\n<figure class=\"wp-block-table is-style-stripes\"><table><tbody><tr><td>Dr. Mocs\u00e1ri Tibor, eln\u00f6k<\/td><\/tr><tr><td>Kiss K\u00e1roly, eln\u00f6khelyettes<\/td><\/tr><tr><td>H\u00f3z Erzs\u00e9bet, eln\u00f6ks\u00e9gi tag<\/td><\/tr><tr><td>Litkei B\u00e1lint, eln\u00f6ks\u00e9gi tag<\/td><\/tr><tr><td>Dr. Miletics D\u00e1niel, eln\u00f6ks\u00e9gi tag<\/td><\/tr><tr><td>V\u00e1l\u00f3czi D\u00e9nes Gy\u00f6rgy, eln\u00f6ks\u00e9gi tag<\/td><\/tr><tr><td>Hajnal J\u00e1nos, eln\u00f6ks\u00e9gi p\u00f3ttag<\/td><\/tr><tr><td>Szecs\u0151 D\u00e1niel G\u00e9za, eln\u00f6ks\u00e9gi p\u00f3ttag<\/td><\/tr><\/tbody><\/table><\/figure>\n<\/div>\n<\/div>\n\n\n\n<h5 class=\"wp-block-heading\">K\u00f6z\u00fati Biztons\u00e1gi Auditor Szakoszt\u00e1ly \u00fcgyrendje:&nbsp;<a href=\"https:\/\/mernokvagyok.hu\/kozlekedesi\/wp-content\/uploads\/2021\/04\/Auditor-szakosztaly-ugyrend.pdf\" target=\"_blank\" rel=\"noreferrer noopener\">let\u00f6lt\u00e9s<\/a><\/h5>\n","protected":false},"excerpt":{"rendered":"<p>Dr. Mocs\u00e1ri Tibor, eln\u00f6k Kiss K\u00e1roly, eln\u00f6khelyettes H\u00f3z Erzs\u00e9bet, eln\u00f6ks\u00e9gi tag Litkei B\u00e1lint, eln\u00f6ks\u00e9gi tag Dr. Miletics D\u00e1niel, eln\u00f6ks\u00e9gi tag V\u00e1l\u00f3czi D\u00e9nes Gy\u00f6rgy, eln\u00f6ks\u00e9gi tag Hajnal J\u00e1nos, eln\u00f6ks\u00e9gi p\u00f3ttag Szecs\u0151 D\u00e1niel G\u00e9za, eln\u00f6ks\u00e9gi p\u00f3ttag K\u00f6z\u00fati Biztons\u00e1gi Auditor Szakoszt\u00e1ly \u00fcgyrendje:&nbsp;let\u00f6lt\u00e9s<\/p>\n","protected":false},"author":873,"featured_media":0,"parent":0,"menu_order":0,"comment_status":"closed","ping_status":"closed","template":"","meta":{"footnotes":""},"class_list":["post-738","page","type-page","status-publish","hentry"],"_links":{"self":[{"href":"https:\/\/mernokvagyok.hu\/kozlekedesi\/wp-json\/wp\/v2\/pages\/738","targetHints":{"allow":["GET"]}}],"collection":[{"href":"https:\/\/mernokvagyok.hu\/kozlekedesi\/wp-json\/wp\/v2\/pages"}],"about":[{"href":"https:\/\/mernokvagyok.hu\/kozlekedesi\/wp-json\/wp\/v2\/types\/page"}],"author":[{"embeddable":true,"href":"https:\/\/mernokvagyok.hu\/kozlekedesi\/wp-json\/wp\/v2\/users\/873"}],"replies":[{"embeddable":true,"href":"https:\/\/mernokvagyok.hu\/kozlekedesi\/wp-json\/wp\/v2\/comments?post=738"}],"version-history":[{"count":5,"href":"https:\/\/mernokvagyok.hu\/kozlekedesi\/wp-json\/wp\/v2\/pages\/738\/revisions"}],"predecessor-version":[{"id":1612,"href":"https:\/\/mernokvagyok.hu\/kozlekedesi\/wp-json\/wp\/v2\/pages\/738\/revisions\/1612"}],"wp:attachment":[{"href":"https:\/\/mernokvagyok.hu\/kozlekedesi\/wp-json\/wp\/v2\/media?parent=738"}],"curies":[{"name":"wp","href":"https:\/\/api.w.org\/{rel}","templated":true}]}}