{"id":736,"date":"2021-06-08T12:30:56","date_gmt":"2021-06-08T10:30:56","guid":{"rendered":"https:\/\/mernokvagyok.hu\/kozlekedesi\/?page_id=736"},"modified":"2021-06-08T12:30:58","modified_gmt":"2021-06-08T10:30:58","slug":"mernok-konzultans-szakosztaly","status":"publish","type":"page","link":"https:\/\/mernokvagyok.hu\/kozlekedesi\/mernok-konzultans-szakosztaly\/","title":{"rendered":"M\u00e9rn\u00f6k Konzult\u00e1ns Szakoszt\u00e1ly"},"content":{"rendered":"\n<p id=\"block-24464579-ca96-4445-bebd-6009410722b4\"><br>A Magyar M\u00e9rn\u00f6ki Kamara K\u00f6zleked\u00e9si Tagozat M\u00e9rn\u00f6k Konzult\u00e1ns Szakoszt\u00e1lya 2018. \u00e1prilis 19-\u00e9n tartotta taggy\u0171l\u00e9s\u00e9t \u00e9s tiszt\u00faj\u00edt\u00f3 k\u00f6zgy\u0171l\u00e9s\u00e9t.<br>A Szakoszt\u00e1ly tags\u00e1ga a szavazatok megsz\u00e1ml\u00e1l\u00e1sa alapj\u00e1n az al\u00e1bbi d\u00f6nt\u00e9st hozta a k\u00f6vetkez\u0151 n\u00e9gy\u00e9ves ciklus vezet\u0151s\u00e9g\u00e9re:<\/p>\n\n\n\n<figure class=\"wp-block-table is-style-stripes\"><table><tbody><tr><td>Eln\u00f6k:<\/td><td>Szil\u00e1gyi Andr\u00e1s<\/td><\/tr><tr><td>Eln\u00f6ks\u00e9gi tagok:<\/td><td>Kenderesy Kopp\u00e1ny<br>N\u00e9meth L\u00e1szl\u00f3<br>T\u00edm\u00e1r J\u00f3zsef<br>Heli Andr\u00e1s<\/td><\/tr><tr><td>P\u00f3ttag:<\/td><td>Somogyv\u00e1ri J\u00e1nos<\/td><\/tr><\/tbody><\/table><\/figure>\n\n\n\n<p id=\"block-528b780f-6bd5-4d63-bce5-182c28f818c8\">A Szakoszt\u00e1ly Eln\u00f6ks\u00e9ge nev\u00e9ben Szil\u00e1gyi Andr\u00e1s k\u00f6sz\u00f6nte meg a bizalmat, \u00e9s egyben k\u00e9rte a tov\u00e1bbi munk\u00e1hoz a tags\u00e1g t\u00e1mogat\u00e1s\u00e1t.<\/p>\n\n\n\n<p id=\"block-be4469c3-a85b-4cd8-a0ff-7c75cbdfc78a\">A M\u00e9rn\u00f6k Konzult\u00e1ns Szakoszt\u00e1ly \u00fcgyrendje: <a rel=\"noreferrer noopener\" href=\"https:\/\/mernokvagyok.hu\/kozlekedesi\/wp-content\/uploads\/2021\/04\/Mernok_Konzulans_Szakosztaly_ugyrend_2014.pdf\" target=\"_blank\">let\u00f6lt\u00e9s<\/a><\/p>\n","protected":false},"excerpt":{"rendered":"<p>A Magyar M\u00e9rn\u00f6ki Kamara K\u00f6zleked\u00e9si Tagozat M\u00e9rn\u00f6k Konzult\u00e1ns Szakoszt\u00e1lya 2018. \u00e1prilis 19-\u00e9n tartotta taggy\u0171l\u00e9s\u00e9t \u00e9s tiszt\u00faj\u00edt\u00f3 k\u00f6zgy\u0171l\u00e9s\u00e9t.A Szakoszt\u00e1ly tags\u00e1ga a szavazatok megsz\u00e1ml\u00e1l\u00e1sa alapj\u00e1n az al\u00e1bbi d\u00f6nt\u00e9st hozta a k\u00f6vetkez\u0151 n\u00e9gy\u00e9ves ciklus vezet\u0151s\u00e9g\u00e9re: Eln\u00f6k: Szil\u00e1gyi Andr\u00e1s Eln\u00f6ks\u00e9gi tagok: Kenderesy Kopp\u00e1nyN\u00e9meth L\u00e1szl\u00f3T\u00edm\u00e1r J\u00f3zsefHeli Andr\u00e1s P\u00f3ttag: Somogyv\u00e1ri J\u00e1nos A Szakoszt\u00e1ly Eln\u00f6ks\u00e9ge nev\u00e9ben Szil\u00e1gyi Andr\u00e1s k\u00f6sz\u00f6nte meg a bizalmat, [&hellip;]<\/p>\n","protected":false},"author":873,"featured_media":0,"parent":0,"menu_order":0,"comment_status":"closed","ping_status":"closed","template":"","meta":{"footnotes":""},"class_list":["post-736","page","type-page","status-publish","hentry"],"_links":{"self":[{"href":"https:\/\/mernokvagyok.hu\/kozlekedesi\/wp-json\/wp\/v2\/pages\/736","targetHints":{"allow":["GET"]}}],"collection":[{"href":"https:\/\/mernokvagyok.hu\/kozlekedesi\/wp-json\/wp\/v2\/pages"}],"about":[{"href":"https:\/\/mernokvagyok.hu\/kozlekedesi\/wp-json\/wp\/v2\/types\/page"}],"author":[{"embeddable":true,"href":"https:\/\/mernokvagyok.hu\/kozlekedesi\/wp-json\/wp\/v2\/users\/873"}],"replies":[{"embeddable":true,"href":"https:\/\/mernokvagyok.hu\/kozlekedesi\/wp-json\/wp\/v2\/comments?post=736"}],"version-history":[{"count":1,"href":"https:\/\/mernokvagyok.hu\/kozlekedesi\/wp-json\/wp\/v2\/pages\/736\/revisions"}],"predecessor-version":[{"id":737,"href":"https:\/\/mernokvagyok.hu\/kozlekedesi\/wp-json\/wp\/v2\/pages\/736\/revisions\/737"}],"wp:attachment":[{"href":"https:\/\/mernokvagyok.hu\/kozlekedesi\/wp-json\/wp\/v2\/media?parent=736"}],"curies":[{"name":"wp","href":"https:\/\/api.w.org\/{rel}","templated":true}]}}

Mérnök Konzultáns Szakosztály

<p id="block-24464579-ca96-4445-bebd-6009410722b4"><br>A Magyar Mérnöki Kamara Közlekedési Tagozat Mérnök Konzultáns Szakosztálya 2018. április 19-én tartotta taggyűlését és tisztújító közgyűlését.<br>A Szakosztály tagsága a szavazatok megszámlálása alapján az alábbi döntést hozta a következő négyéves ciklus vezetőségére:</p>



<figure class="wp-block-table is-style-stripes"><table><tbody><tr><td>Elnök:</td><td>Szilágyi András</td></tr><tr><td>Elnökségi tagok:</td><td>Kenderesy Koppány<br>Németh László<br>Tímár József<br>Heli András</td></tr><tr><td>Póttag:</td><td>Somogyvári János</td></tr></tbody></table></figure>



<p id="block-528b780f-6bd5-4d63-bce5-182c28f818c8">A Szakosztály Elnöksége nevében Szilágyi András köszönte meg a bizalmat, és egyben kérte a további munkához a tagság támogatását.</p>



<p id="block-be4469c3-a85b-4cd8-a0ff-7c75cbdfc78a">A Mérnök Konzultáns Szakosztály ügyrendje: <a rel="noreferrer noopener" href="https://mernokvagyok.hu/kozlekedesi/wp-content/uploads/2021/04/Mernok_Konzulans_Szakosztaly_ugyrend_2014.pdf" target="_blank">letöltés</a></p>

<p>A Magyar Mérnöki Kamara Közlekedési Tagozat Mérnök Konzultáns Szakosztálya 2018. április 19-én tartotta taggyűlését és tisztújító közgyűlését.A Szakosztály tagsága a szavazatok megszámlálása alapján az alábbi döntést hozta a következő négyéves ciklus vezetőségére: Elnök: Szilágyi András Elnökségi tagok: Kenderesy KoppányNémeth LászlóTímár JózsefHeli András Póttag: Somogyvári János A Szakosztály Elnöksége nevében Szilágyi András köszönte meg a bizalmat, [&hellip;]</p>
