{"id":274,"date":"2021-04-27T14:06:34","date_gmt":"2021-04-27T12:06:34","guid":{"rendered":"https:\/\/mernokvagyok.hu\/kozlekedesi\/?page_id=274"},"modified":"2023-10-30T10:09:29","modified_gmt":"2023-10-30T09:09:29","slug":"tagozat","status":"publish","type":"page","link":"https:\/\/mernokvagyok.hu\/kozlekedesi\/tagozat\/","title":{"rendered":"Tagozat"},"content":{"rendered":"\n<h2 class=\"wp-block-heading\">Eln\u00f6ki k\u00f6sz\u00f6nt\u0151<\/h2>\n\n\n\n<p><\/p>\n\n\n<div class=\"wp-block-image\">\n<figure class=\"alignleft is-resized\"><img fetchpriority=\"high\" decoding=\"async\" src=\"https:\/\/mernokvagyok.hu\/kozlekedesi\/wp-content\/uploads\/2021\/04\/Lakits-e1601975779245.jpg\" alt=\"\" class=\"wp-image-136\" width=\"365\" height=\"451\" \/><\/figure>\n<\/div>\n\n\n<p>A Magyar M\u00e9rn\u00f6ki Kamara egyik legsz\u00e9lesebb ter\u00fclettel foglalkoz\u00f3 tagozata a K\u00f6zleked\u00e9si tagozat.<\/p>\n\n\n\n<p>A tagozat k\u00f6zel 5000 tagja sz\u00e1mos ter\u00fcleten dolgozik, az \u00fat, vas\u00fat, vizik\u00f6zleked\u00e9s k\u00e9rd\u00e9sei a legik\u00e1bb hangs\u00falyos ter\u00fcletei az \u00e9p\u00edtett k\u00f6rnyezet\u00fcnknek. A m\u00e9rn\u00f6k\u00f6k munk\u00e1ja t\u00f6bb \u00e9vtizedre meghat\u00e1roz\u00f3ak a k\u00f6rnyezet\u00fck sz\u00e1m\u00e1ra, az infrastruktur\u00e1lis beruh\u00e1z\u00e1sok az eg\u00e9sz t\u00e1rsadalom \u00e9let\u00e9re hossz\u00fa t\u00e1v\u00fa hat\u00e1ssal vannak.<br>K\u00fcl\u00f6n\u00f6sen nagy a felel\u0151ss\u00e9ge ez\u00e9rt a szakmai munk\u00e1nak, amely a tagjainkhoz kapcsol\u00f3dik.<\/p>\n\n\n\n<p>A tagozatnak \u00f6t Szakoszt\u00e1lya van:<br>\u2013 Vas\u00fati Szakoszt\u00e1ly<br>\u2013 K\u00f6z\u00fati Biztons\u00e1gi Auditor Szakoszt\u00e1ly<br>\u2013 M\u00e9rn\u00f6k Konzult\u00e1ns Szakoszt\u00e1ly<br>\u2013 Ker\u00e9kp\u00e1ros Szakoszt\u00e1ly<br>\u2013 \u00dczemeltet\u00e9si Szakoszt\u00e1ly<\/p>\n\n\n\n<p>Lakits Gy\u00f6rgy, eln\u00f6k<\/p>\n\n\n\n<hr class=\"wp-block-separator is-style-dots\" style=\"padding-top: 40px\">\n\n\n\n<h2 class=\"wp-block-heading\">Test\u00fcletek<\/h2>\n\n\n\n<div class=\"wp-block-buttons is-layout-flex wp-block-buttons-is-layout-flex\">\n<div class=\"wp-block-button\"><a class=\"wp-block-button__link wp-element-button\">Eln\u00f6ks\u00e9g \/ eln\u00f6ks\u00e9gi tagok p\u00f3ttagok<\/a><\/div>\n\n\n\n<div class=\"wp-block-button\"><a class=\"wp-block-button__link wp-element-button\">Tagozati K\u00fcld\u00f6ttgy\u0171l\u00e9s: A tagozati k\u00fcld\u00f6ttgy\u0171l\u00e9sbe v\u00e1lasztott k\u00fcld\u00f6ttek<\/a><\/div>\n\n\n\n<div class=\"wp-block-button\"><a class=\"wp-block-button__link wp-element-button\">Szak\u00e9rt\u0151i test\u00fclet \/ tagok, p\u00f3ttagok<\/a><\/div>\n\n\n\n<div class=\"wp-block-button\"><a class=\"wp-block-button__link wp-element-button\">Szakoszt\u00e1lyok<\/a><\/div>\n\n\n\n<div class=\"wp-block-button\"><a class=\"wp-block-button__link wp-element-button\">Az MMK K\u00fcld\u00f6ttgy\u0171l\u00e9s\u00e9be deleg\u00e1lt k\u00fcld\u00f6ttek<\/a><\/div>\n\n\n\n<div class=\"wp-block-button\"><a class=\"wp-block-button__link wp-element-button\">Cs\u00e1ny L\u00e1szl\u00f3 d\u00edj kurat\u00f3rium<\/a><\/div>\n\n\n\n<div class=\"wp-block-button\"><a class=\"wp-block-button__link wp-element-button\">D\u00edjak, kit\u00fcntet\u00e9sek<\/a><\/div>\n\n\n\n<div class=\"wp-block-button\"><a class=\"wp-block-button__link wp-element-button\">Etikai \u00fcgyek<\/a><\/div>\n\n\n\n<div class=\"wp-block-button\"><a class=\"wp-block-button__link wp-element-button\">A szakma nagyjai<\/a><\/div>\n<\/div>\n","protected":false},"excerpt":{"rendered":"<p>Eln\u00f6ki k\u00f6sz\u00f6nt\u0151 A Magyar M\u00e9rn\u00f6ki Kamara egyik legsz\u00e9lesebb ter\u00fclettel foglalkoz\u00f3 tagozata a K\u00f6zleked\u00e9si tagozat. A tagozat k\u00f6zel 5000 tagja sz\u00e1mos ter\u00fcleten dolgozik, az \u00fat, vas\u00fat, vizik\u00f6zleked\u00e9s k\u00e9rd\u00e9sei a legik\u00e1bb hangs\u00falyos ter\u00fcletei az \u00e9p\u00edtett k\u00f6rnyezet\u00fcnknek. A m\u00e9rn\u00f6k\u00f6k munk\u00e1ja t\u00f6bb \u00e9vtizedre meghat\u00e1roz\u00f3ak a k\u00f6rnyezet\u00fck sz\u00e1m\u00e1ra, az infrastruktur\u00e1lis beruh\u00e1z\u00e1sok az eg\u00e9sz t\u00e1rsadalom \u00e9let\u00e9re hossz\u00fa t\u00e1v\u00fa hat\u00e1ssal vannak.K\u00fcl\u00f6n\u00f6sen nagy [&hellip;]<\/p>\n","protected":false},"author":873,"featured_media":0,"parent":0,"menu_order":0,"comment_status":"closed","ping_status":"closed","template":"page-templates\/page_fullwidth.php","meta":{"footnotes":""},"class_list":["post-274","page","type-page","status-publish","hentry"],"_links":{"self":[{"href":"https:\/\/mernokvagyok.hu\/kozlekedesi\/wp-json\/wp\/v2\/pages\/274","targetHints":{"allow":["GET"]}}],"collection":[{"href":"https:\/\/mernokvagyok.hu\/kozlekedesi\/wp-json\/wp\/v2\/pages"}],"about":[{"href":"https:\/\/mernokvagyok.hu\/kozlekedesi\/wp-json\/wp\/v2\/types\/page"}],"author":[{"embeddable":true,"href":"https:\/\/mernokvagyok.hu\/kozlekedesi\/wp-json\/wp\/v2\/users\/873"}],"replies":[{"embeddable":true,"href":"https:\/\/mernokvagyok.hu\/kozlekedesi\/wp-json\/wp\/v2\/comments?post=274"}],"version-history":[{"count":15,"href":"https:\/\/mernokvagyok.hu\/kozlekedesi\/wp-json\/wp\/v2\/pages\/274\/revisions"}],"predecessor-version":[{"id":1468,"href":"https:\/\/mernokvagyok.hu\/kozlekedesi\/wp-json\/wp\/v2\/pages\/274\/revisions\/1468"}],"wp:attachment":[{"href":"https:\/\/mernokvagyok.hu\/kozlekedesi\/wp-json\/wp\/v2\/media?parent=274"}],"curies":[{"name":"wp","href":"https:\/\/api.w.org\/{rel}","templated":true}]}}