{"id":18,"date":"2022-08-31T12:53:19","date_gmt":"2022-08-31T12:53:19","guid":{"rendered":"https:\/\/mernokvagyok.hu\/flr\/?page_id=18"},"modified":"2025-03-23T18:48:45","modified_gmt":"2025-03-23T18:48:45","slug":"hasznos-linkek","status":"publish","type":"page","link":"https:\/\/mernokvagyok.hu\/flr\/hasznos-linkek\/","title":{"rendered":"Hasznos linkek"},"content":{"rendered":"\n<p><a href=\"https:\/\/nkvh.kormany.hu\/\">Nemzeti Kl\u00edmav\u00e9delmi Hat\u00f3s\u00e1g<\/a><\/p>\n\n\n\n<p><a href=\"https:\/\/nemzetiklimavedelmihatosag.kormany.hu\/\">Kl\u00edmag\u00e1z Adatb\u00e1zis<\/a><\/p>\n\n\n\n<p><a href=\"https:\/\/klima.kormany.hu\/klimapolitika\">Kl\u00edmapolitika<\/a><\/p>\n\n\n\n<p><a href=\"https:\/\/klima.kormany.hu\/nemzeti-eghajlatvaltozasi-strategia-2008-2025-hatalyos\">Nemzeti \u00c9ghajlatv\u00e1ltoz\u00e1si Strat\u00e9gia 2008-2025.<\/a><\/p>\n\n\n\n<p><a href=\"https:\/\/magyarkozlony.hu\/dokumentumok\/6bcb816077f795960249fcc31c699245299be2da\/letoltes\">M\u00e1sodik Nemzeti \u00c9ghajlatv\u00e1ltoz\u00e1si Strat\u00e9gia 2017-2030.<\/a><\/p>\n\n\n\n<p><a href=\"http:\/\/www.mekh.hu\/\">Magyar Energetikai \u00e9s K\u00f6zm\u0171-szab\u00e1lyoz\u00e1si Hivatal<\/a><\/p>\n\n\n\n<p><a href=\"https:\/\/www.enhat.mekh.hu\/\">Energiahat\u00e9konys\u00e1g<\/a><\/p>\n\n\n\n<p><strong>F\u0171t\u0151 \u00e9s l\u00e9gkondicion\u00e1l\u00f3 rendszerek energetikai fel\u00fclvizsg\u00e1lata szakmai konferencia 2022. szeptember 2.<\/strong><\/p>\n\n\n\n<p><a href=\"https:\/\/mernokvagyok.hu\/flr\/wp-content\/uploads\/2022\/09\/Ehat-konf_2022_09_02-1-jogi.pdf\">Kiss Hermina &#8211; NKVH,&nbsp;Az energetikai fel\u00fclvizsg\u00e1lat jogszab\u00e1lyi h\u00e1ttere<\/a><\/p>\n\n\n\n<p><a href=\"https:\/\/mernokvagyok.hu\/flr\/wp-content\/uploads\/2022\/09\/Ehat-konf_2022_09_02-2-mmk.pdf\">Zubor Andr\u00e1s P\u00e1l &#8211; MMK,&nbsp;A kamara szerepe az energetikai fel\u00fclvizsg\u00e1latban<\/a><\/p>\n\n\n\n<p><a href=\"https:\/\/mernokvagyok.hu\/flr\/wp-content\/uploads\/2022\/09\/Ehat-konf_2022_09_02-3-rendszer.pdf\">Lenkovics L\u00e1szl\u00f3 &#8211; NKVH,&nbsp;Az energetikai fel\u00fclvizsg\u00e1l\u00f3i rendszer funkci\u00f3inak r\u00f6vid ismertet\u00e9se<\/a><\/p>\n\n\n\n<p><strong>Alkalmazand\u00f3 fontosabb jogszab\u00e1lyok<\/strong><\/p>\n\n\n\n<p><a href=\"https:\/\/njt.hu\/jogszabaly\/2015-57-00-00\">2015. \u00e9vi LVII. t\u00f6rv\u00e9ny<\/a> az energiahat\u00e9konys\u00e1gr\u00f3l<\/p>\n\n\n\n<p><a href=\"https:\/\/njt.hu\/jogszabaly\/1997-78-00-00\">1997. \u00e9vi LXXVIII. t\u00f6rv\u00e9ny<\/a> az \u00e9p\u00edtett k\u00f6rnyezet alak\u00edt\u00e1s\u00e1r\u00f3l \u00e9s v\u00e9delm\u00e9r\u0151l<\/p>\n\n\n\n<p><a href=\"https:\/\/njt.hu\/jogszabaly\/1995-53-00-00\">1995. \u00e9vi LIII. t\u00f6rv\u00e9ny<\/a> a k\u00f6rnyezet v\u00e9delm\u00e9nek \u00e1ltal\u00e1nos szab\u00e1lyair\u00f3l<\/p>\n\n\n\n<p><a href=\"https:\/\/njt.hu\/jogszabaly\/2020-666-20-22\">666\/2020. (XII.28.) Korm. rendelet<\/a> az energetikai fel\u00fclvizsg\u00e1latr\u00f3l<\/p>\n\n\n\n<p><a href=\"https:\/\/njt.hu\/jogszabaly\/2015-122-20-22\">122\/2015. (V. 26.) Korm. rendelet<\/a> az energiahat\u00e9konys\u00e1gr\u00f3l sz\u00f3l\u00f3 t\u00f6rv\u00e9ny v\u00e9grehajt\u00e1s\u00e1r\u00f3l<\/p>\n\n\n\n<p><a href=\"https:\/\/njt.hu\/jogszabaly\/2015-14-20-22\">14\/2015. (II. 10.) Korm. rendelet<\/a> a fluortartalm\u00fa \u00fcvegh\u00e1zhat\u00e1s\u00fa g\u00e1zokkal \u00e9s az \u00f3zonr\u00e9teget lebont\u00f3 anyagokkal kapcsolatos tev\u00e9kenys\u00e9gek v\u00e9gz\u00e9s\u00e9nek felt\u00e9teleir\u0151l<\/p>\n\n\n\n<p><a href=\"https:\/\/njt.hu\/jogszabaly\/2013-275-20-22\">275\/2013. (VII. 16.) Korm. rendelet<\/a> az \u00e9p\u00edt\u00e9si term\u00e9k \u00e9p\u00edtm\u00e9nybe t\u00f6rt\u00e9n\u0151 betervez\u00e9s\u00e9nek \u00e9s be\u00e9p\u00edt\u00e9s\u00e9nek, ennek sor\u00e1n a teljes\u00edtm\u00e9ny igazol\u00e1s\u00e1nak r\u00e9szletes szab\u00e1lyair\u00f3l<\/p>\n\n\n\n<p><a href=\"https:\/\/njt.hu\/jogszabaly\/2013-266-20-22\">266\/2013. (VII.11.) Korm. rendelet<\/a> az \u00e9p\u00edt\u00e9s\u00fcgyi \u00e9s az \u00e9p\u00edt\u00e9s\u00fcggyel \u00f6sszef\u00fcgg\u0151 szakmagyakorl\u00e1si tev\u00e9kenys\u00e9gekr\u0151l<\/p>\n\n\n\n<p><a href=\"https:\/\/njt.hu\/jogszabaly\/2008-176-20-22\">176\/2008. (VI. 30.) Korm. rendelet<\/a> az \u00e9p\u00fcletek energetikai jellemz\u0151inek tan\u00fas\u00edt\u00e1s\u00e1r\u00f3l<\/p>\n\n\n\n<p><a href=\"https:\/\/njt.hu\/jogszabaly\/2021-19-20-7Q\">19\/2021. (IV.14.) ITM rendelet<\/a> az energiahat\u00e9konys\u00e1gr\u00f3l sz\u00f3l\u00f3 2015. \u00e9vi LVII. t\u00f6rv\u00e9ny egyes energetikai fel\u00fclvizsg\u00e1latot \u00e9rint\u0151 szab\u00e1lyainak v\u00e9grehajt\u00e1s\u00e1r\u00f3l<\/p>\n\n\n\n<p><a href=\"https:\/\/njt.hu\/jogszabaly\/2023-9-20-8X\">9\/2023. (V. 25.) \u00c9KM rendelet<\/a> az \u00e9p\u00fcletek energetikai jellemz\u0151inek meghat\u00e1roz\u00e1s\u00e1r\u00f3l<\/p>\n\n\n\n<p><\/p>\n\n\n\n<p>AZ EUR\u00d3PAI PARLAMENT \u00c9S A TAN\u00c1CS (EU) <a href=\"https:\/\/eur-lex.europa.eu\/legal-content\/HU\/TXT\/HTML\/?uri=CELEX:32018L2002&amp;from=HU\">2018\/2002 IR\u00c1NYELVE<\/a> (2018. december 11.) az energiahat\u00e9konys\u00e1gr\u00f3l sz\u00f3l\u00f3 2012\/27\/EU ir\u00e1nyelv m\u00f3dos\u00edt\u00e1s\u00e1r\u00f3l<\/p>\n\n\n\n<p>AZ EUR\u00d3PAI PARLAMENT \u00c9S A TAN\u00c1CS (EU) <a href=\"https:\/\/eur-lex.europa.eu\/legal-content\/HU\/TXT\/HTML\/?uri=CELEX:32018L0844&amp;from=hu\">2018\/844 IR\u00c1NYELVE<\/a> (2018. m\u00e1jus 30.) az \u00e9p\u00fcletek energiahat\u00e9konys\u00e1g\u00e1r\u00f3l sz\u00f3l\u00f3 2010\/31\/EU ir\u00e1nyelv \u00e9s az energiahat\u00e9konys\u00e1gr\u00f3l sz\u00f3l\u00f3 2012\/27\/EU ir\u00e1nyelv m\u00f3dos\u00edt\u00e1s\u00e1r\u00f3l<\/p>\n\n\n\n<p>AZ EUR\u00d3PAI PARLAMENT \u00c9S A TAN\u00c1CS <a href=\"https:\/\/eur-lex.europa.eu\/legal-content\/HU\/TXT\/HTML\/?uri=CELEX:32012L0027&amp;from=hu\">2012\/27\/EU IR\u00c1NYELVE<\/a> (2012. okt\u00f3ber 25.) az energiahat\u00e9konys\u00e1gr\u00f3l, a 2009\/125\/EK \u00e9s a 2010\/30\/EU ir\u00e1nyelv m\u00f3dos\u00edt\u00e1s\u00e1r\u00f3l, valamint a 2004\/8\/EK \u00e9s a 2006\/32\/EK ir\u00e1nyelv hat\u00e1lyon k\u00edv\u00fcl helyez\u00e9s\u00e9r\u0151l<\/p>\n\n\n\n<p>AZ EUR\u00d3PAI PARLAMENT \u00c9S A TAN\u00c1CS <a href=\"https:\/\/eur-lex.europa.eu\/legal-content\/HU\/TXT\/HTML\/?uri=CELEX:32010L0031&amp;from=HU\">2010\/31\/EU IR\u00c1NYELVE<\/a> (2010. m\u00e1jus 19.) az \u00e9p\u00fcletek energiahat\u00e9konys\u00e1g\u00e1r\u00f3l<\/p>\n\n\n\n<p>A BIZOTTS\u00c1G (EU) <a href=\"https:\/\/eur-lex.europa.eu\/legal-content\/HU\/TXT\/HTML\/?uri=CELEX:32019H1658&amp;from=HU\">2019\/1658 AJ\u00c1NL\u00c1SA<\/a> (2019. szeptember 25.) az energiahat\u00e9konys\u00e1gi ir\u00e1nyelv \u00e9rtelm\u00e9ben el\u0151\u00edrt energiamegtakar\u00edt\u00e1si k\u00f6telezetts\u00e9gek \u00e1t\u00fcltet\u00e9s\u00e9r\u0151l<\/p>\n\n\n\n<p>A BIZOTTS\u00c1G (EU) <a href=\"https:\/\/eur-lex.europa.eu\/legal-content\/HU\/TXT\/HTML\/?uri=CELEX:32019H1019&amp;from=HU\">2019\/1019 AJ\u00c1NL\u00c1SA<\/a> (2019. j\u00fanius 7.) az \u00e9p\u00fcletek korszer\u0171s\u00edt\u00e9s\u00e9r\u0151l<\/p>\n","protected":false},"excerpt":{"rendered":"<p>Nemzeti Kl\u00edmav\u00e9delmi Hat\u00f3s\u00e1g Kl\u00edmag\u00e1z Adatb\u00e1zis Kl\u00edmapolitika Nemzeti \u00c9ghajlatv\u00e1ltoz\u00e1si Strat\u00e9gia 2008-2025. M\u00e1sodik Nemzeti \u00c9ghajlatv\u00e1ltoz\u00e1si Strat\u00e9gia 2017-2030. Magyar Energetikai \u00e9s K\u00f6zm\u0171-szab\u00e1lyoz\u00e1si Hivatal Energiahat\u00e9konys\u00e1g F\u0171t\u0151 \u00e9s l\u00e9gkondicion\u00e1l\u00f3 rendszerek energetikai fel\u00fclvizsg\u00e1lata szakmai konferencia 2022. szeptember 2. Kiss Hermina &#8211; NKVH,&nbsp;Az energetikai fel\u00fclvizsg\u00e1lat jogszab\u00e1lyi h\u00e1ttere Zubor Andr\u00e1s P\u00e1l &#8211; MMK,&nbsp;A kamara szerepe az energetikai fel\u00fclvizsg\u00e1latban Lenkovics L\u00e1szl\u00f3 &#8211; NKVH,&nbsp;Az energetikai [&hellip;]<\/p>\n","protected":false},"author":4,"featured_media":0,"parent":0,"menu_order":0,"comment_status":"closed","ping_status":"closed","template":"page-templates\/page_fullwidth.php","meta":{"footnotes":""},"class_list":["post-18","page","type-page","status-publish","hentry"],"_links":{"self":[{"href":"https:\/\/mernokvagyok.hu\/flr\/wp-json\/wp\/v2\/pages\/18","targetHints":{"allow":["GET"]}}],"collection":[{"href":"https:\/\/mernokvagyok.hu\/flr\/wp-json\/wp\/v2\/pages"}],"about":[{"href":"https:\/\/mernokvagyok.hu\/flr\/wp-json\/wp\/v2\/types\/page"}],"author":[{"embeddable":true,"href":"https:\/\/mernokvagyok.hu\/flr\/wp-json\/wp\/v2\/users\/4"}],"replies":[{"embeddable":true,"href":"https:\/\/mernokvagyok.hu\/flr\/wp-json\/wp\/v2\/comments?post=18"}],"version-history":[{"count":5,"href":"https:\/\/mernokvagyok.hu\/flr\/wp-json\/wp\/v2\/pages\/18\/revisions"}],"predecessor-version":[{"id":415,"href":"https:\/\/mernokvagyok.hu\/flr\/wp-json\/wp\/v2\/pages\/18\/revisions\/415"}],"wp:attachment":[{"href":"https:\/\/mernokvagyok.hu\/flr\/wp-json\/wp\/v2\/media?parent=18"}],"curies":[{"name":"wp","href":"https:\/\/api.w.org\/{rel}","templated":true}]}}

<p><a href="https://nkvh.kormany.hu/">Nemzeti Klímavédelmi Hatóság</a></p>



<p><a href="https://nemzetiklimavedelmihatosag.kormany.hu/">Klímagáz Adatbázis</a></p>



<p><a href="https://klima.kormany.hu/klimapolitika">Klímapolitika</a></p>



<p><a href="https://klima.kormany.hu/nemzeti-eghajlatvaltozasi-strategia-2008-2025-hatalyos">Nemzeti Éghajlatváltozási Stratégia 2008-2025.</a></p>



<p><a href="https://magyarkozlony.hu/dokumentumok/6bcb816077f795960249fcc31c699245299be2da/letoltes">Második Nemzeti Éghajlatváltozási Stratégia 2017-2030.</a></p>



<p><a href="http://www.mekh.hu/">Magyar Energetikai és Közmű-szabályozási Hivatal</a></p>



<p><a href="https://www.enhat.mekh.hu/">Energiahatékonyság</a></p>



<p><strong>Fűtő és légkondicionáló rendszerek energetikai felülvizsgálata szakmai konferencia 2022. szeptember 2.</strong></p>



<p><a href="https://mernokvagyok.hu/flr/wp-content/uploads/2022/09/Ehat-konf_2022_09_02-1-jogi.pdf">Kiss Hermina &#8211; NKVH,&nbsp;Az energetikai felülvizsgálat jogszabályi háttere</a></p>



<p><a href="https://mernokvagyok.hu/flr/wp-content/uploads/2022/09/Ehat-konf_2022_09_02-2-mmk.pdf">Zubor András Pál &#8211; MMK,&nbsp;A kamara szerepe az energetikai felülvizsgálatban</a></p>



<p><a href="https://mernokvagyok.hu/flr/wp-content/uploads/2022/09/Ehat-konf_2022_09_02-3-rendszer.pdf">Lenkovics László &#8211; NKVH,&nbsp;Az energetikai felülvizsgálói rendszer funkcióinak rövid ismertetése</a></p>



<p><strong>Alkalmazandó fontosabb jogszabályok</strong></p>



<p><a href="https://njt.hu/jogszabaly/2015-57-00-00">2015. évi LVII. törvény</a> az energiahatékonyságról</p>



<p><a href="https://njt.hu/jogszabaly/1997-78-00-00">1997. évi LXXVIII. törvény</a> az épített környezet alakításáról és védelméről</p>



<p><a href="https://njt.hu/jogszabaly/1995-53-00-00">1995. évi LIII. törvény</a> a környezet védelmének általános szabályairól</p>



<p><a href="https://njt.hu/jogszabaly/2020-666-20-22">666/2020. (XII.28.) Korm. rendelet</a> az energetikai felülvizsgálatról</p>



<p><a href="https://njt.hu/jogszabaly/2015-122-20-22">122/2015. (V. 26.) Korm. rendelet</a> az energiahatékonyságról szóló törvény végrehajtásáról</p>



<p><a href="https://njt.hu/jogszabaly/2015-14-20-22">14/2015. (II. 10.) Korm. rendelet</a> a fluortartalmú üvegházhatású gázokkal és az ózonréteget lebontó anyagokkal kapcsolatos tevékenységek végzésének feltételeiről</p>



<p><a href="https://njt.hu/jogszabaly/2013-275-20-22">275/2013. (VII. 16.) Korm. rendelet</a> az építési termék építménybe történő betervezésének és beépítésének, ennek során a teljesítmény igazolásának részletes szabályairól</p>



<p><a href="https://njt.hu/jogszabaly/2013-266-20-22">266/2013. (VII.11.) Korm. rendelet</a> az építésügyi és az építésüggyel összefüggő szakmagyakorlási tevékenységekről</p>



<p><a href="https://njt.hu/jogszabaly/2008-176-20-22">176/2008. (VI. 30.) Korm. rendelet</a> az épületek energetikai jellemzőinek tanúsításáról</p>



<p><a href="https://njt.hu/jogszabaly/2021-19-20-7Q">19/2021. (IV.14.) ITM rendelet</a> az energiahatékonyságról szóló 2015. évi LVII. törvény egyes energetikai felülvizsgálatot érintő szabályainak végrehajtásáról</p>



<p><a href="https://njt.hu/jogszabaly/2023-9-20-8X">9/2023. (V. 25.) ÉKM rendelet</a> az épületek energetikai jellemzőinek meghatározásáról</p>



<p></p>



<p>AZ EURÓPAI PARLAMENT ÉS A TANÁCS (EU) <a href="https://eur-lex.europa.eu/legal-content/HU/TXT/HTML/?uri=CELEX:32018L2002&amp;from=HU">2018/2002 IRÁNYELVE</a> (2018. december 11.) az energiahatékonyságról szóló 2012/27/EU irányelv módosításáról</p>



<p>AZ EURÓPAI PARLAMENT ÉS A TANÁCS (EU) <a href="https://eur-lex.europa.eu/legal-content/HU/TXT/HTML/?uri=CELEX:32018L0844&amp;from=hu">2018/844 IRÁNYELVE</a> (2018. május 30.) az épületek energiahatékonyságáról szóló 2010/31/EU irányelv és az energiahatékonyságról szóló 2012/27/EU irányelv módosításáról</p>



<p>AZ EURÓPAI PARLAMENT ÉS A TANÁCS <a href="https://eur-lex.europa.eu/legal-content/HU/TXT/HTML/?uri=CELEX:32012L0027&amp;from=hu">2012/27/EU IRÁNYELVE</a> (2012. október 25.) az energiahatékonyságról, a 2009/125/EK és a 2010/30/EU irányelv módosításáról, valamint a 2004/8/EK és a 2006/32/EK irányelv hatályon kívül helyezéséről</p>



<p>AZ EURÓPAI PARLAMENT ÉS A TANÁCS <a href="https://eur-lex.europa.eu/legal-content/HU/TXT/HTML/?uri=CELEX:32010L0031&amp;from=HU">2010/31/EU IRÁNYELVE</a> (2010. május 19.) az épületek energiahatékonyságáról</p>



<p>A BIZOTTSÁG (EU) <a href="https://eur-lex.europa.eu/legal-content/HU/TXT/HTML/?uri=CELEX:32019H1658&amp;from=HU">2019/1658 AJÁNLÁSA</a> (2019. szeptember 25.) az energiahatékonysági irányelv értelmében előírt energiamegtakarítási kötelezettségek átültetéséről</p>



<p>A BIZOTTSÁG (EU) <a href="https://eur-lex.europa.eu/legal-content/HU/TXT/HTML/?uri=CELEX:32019H1019&amp;from=HU">2019/1019 AJÁNLÁSA</a> (2019. június 7.) az épületek korszerűsítéséről</p>

<p>Nemzeti Klímavédelmi Hatóság Klímagáz Adatbázis Klímapolitika Nemzeti Éghajlatváltozási Stratégia 2008-2025. Második Nemzeti Éghajlatváltozási Stratégia 2017-2030. Magyar Energetikai és Közmű-szabályozási Hivatal Energiahatékonyság Fűtő és légkondicionáló rendszerek energetikai felülvizsgálata szakmai konferencia 2022. szeptember 2. Kiss Hermina &#8211; NKVH,&nbsp;Az energetikai felülvizsgálat jogszabályi háttere Zubor András Pál &#8211; MMK,&nbsp;A kamara szerepe az energetikai felülvizsgálatban Lenkovics László &#8211; NKVH,&nbsp;Az energetikai [&hellip;]</p>
