{"id":14,"date":"2022-08-31T12:52:02","date_gmt":"2022-08-31T12:52:02","guid":{"rendered":"https:\/\/mernokvagyok.hu\/flr\/?page_id=14"},"modified":"2025-10-28T15:13:20","modified_gmt":"2025-10-28T15:13:20","slug":"ajanlott-felulvizsgalati-dijszabas","status":"publish","type":"page","link":"https:\/\/mernokvagyok.hu\/flr\/ajanlott-felulvizsgalati-dijszabas\/","title":{"rendered":"Aj\u00e1nlott fel\u00fclvizsg\u00e1lati d\u00edjszab\u00e1s"},"content":{"rendered":"\n<p class=\"has-text-align-center has-large-font-size\"><strong>A Magyar M\u00e9rn\u00f6ki Kamara aj\u00e1nl\u00e1sa<br>a f\u0171t\u00e9si \u00e9s l\u00e9gkondicion\u00e1l\u00f3 rendszerek energetikai fel\u00fclvizsg\u00e1lata<br>elv\u00e9gz\u00e9s\u00e9\u00e9rt elsz\u00e1molhat\u00f3 d\u00edjakra vonatkoz\u00f3an<\/strong><\/p>\n\n\n\n<p>A Magyar M\u00e9rn\u00f6ki Kamara (tov\u00e1bbiakban: Kamara) az energetikai fel\u00fclvizsg\u00e1latr\u00f3l sz\u00f3l\u00f3 666\/2020. (XII.28.) Korm. rendelet 4. \u00a7 (6) bekezd\u00e9s\u00e9ben kapott felhatalmaz\u00e1s alapj\u00e1n, valamint az \u00e9p\u00edt\u00e9s\u00fcgyi \u00e9s az \u00e9p\u00edt\u00e9s\u00fcggyel \u00f6sszef\u00fcgg\u0151 szakmagyakorl\u00e1si tev\u00e9kenys\u00e9gekr\u0151l sz\u00f3l\u00f3 266\/2013. (VII.11.) Korm. rendelet 18. \u00a7-\u00e1ra is figyelemmel a f\u0171t\u00e9si \u00e9s l\u00e9gkondicion\u00e1l\u00f3 rendszerek energetikai fel\u00fclvizsg\u00e1lata elv\u00e9gz\u00e9s\u00e9\u00e9rt elsz\u00e1molhat\u00f3 d\u00edjakra vonatkoz\u00f3an az al\u00e1bbi aj\u00e1nl\u00e1st adja ki:<\/p>\n\n\n\n<ol class=\"wp-block-list has-medium-font-size\">\n<li><strong>Az energetikai fel\u00fclvizsg\u00e1lat sor\u00e1n alkalmazand\u00f3 l\u00e9nyeges el\u0151\u00edr\u00e1sokat az al\u00e1bbi hazai jogszab\u00e1lyok \u00e9s uni\u00f3s el\u0151\u00edr\u00e1sok tartalmazz\u00e1k:<\/strong><\/li>\n\n\n\n<li>az \u00e9p\u00edt\u00e9s\u00fcgyi \u00e9s az \u00e9p\u00edt\u00e9s\u00fcggyel \u00f6sszef\u00fcgg\u0151 szakmagyakorl\u00e1si tev\u00e9kenys\u00e9gekr\u0151l<\/li>\n<\/ol>\n\n\n\n<ul class=\"wp-block-list\">\n<li><strong>Az energetikai fel\u00fclvizsg\u00e1lat els\u0151 sorban az al\u00e1bbiakra terjed ki:<\/strong><\/li>\n\n\n\n<li>a rendszereket le\u00edr\u00f3 dokumentumok \u00e1tvizsg\u00e1l\u00e1s\u00e1ra;<\/li>\n\n\n\n<li>a berendez\u00e9sek, rendszerek azonos\u00edt\u00e1s\u00e1ra;<\/li>\n\n\n\n<li>a berendez\u00e9sek, rendszerek legfontosabb m\u0171szaki param\u00e9tereinek felv\u00e9tel\u00e9re;<\/li>\n\n\n\n<li>a m\u00e9retez\u00e9s megfelel\u0151s\u00e9g\u00e9nek vizsg\u00e1lat\u00e1ra;<\/li>\n\n\n\n<li>a szakszer\u0171 \u00fczemeltet\u00e9s ellen\u0151rz\u00e9s\u00e9re;<\/li>\n\n\n\n<li>a szakszer\u0171 karbantart\u00e1s ellen\u0151rz\u00e9s\u00e9re;<\/li>\n\n\n\n<li>a korszer\u0171s\u00edt\u00e9si, m\u00f3dos\u00edt\u00e1si javaslatok meghat\u00e1roz\u00e1s\u00e1ra;<\/li>\n\n\n\n<li>az energiamegtakar\u00edt\u00e1si potenci\u00e1l meghat\u00e1roz\u00e1s\u00e1ra;<\/li>\n\n\n\n<li>a fel\u00fclvizsg\u00e1lat dokument\u00e1l\u00e1s\u00e1ra.<\/li>\n<\/ul>\n\n\n\n<ol start=\"3\" class=\"wp-block-list has-medium-font-size\">\n<li><strong>Az energetikai fel\u00fclvizsg\u00e1lat aj\u00e1nlott m\u00e9rn\u00f6ki d\u00edj\u00e1nak tartalma:<\/strong><\/li>\n<\/ol>\n\n\n\n<ul type=\"A\"><li>A 266\/2013. (VII.11.) Korm. rendelet 18. \u00a7-\u00e1nak figyelembev\u00e9tel\u00e9vel <strong>az aj\u00e1nlott d\u00edj mag\u00e1ban foglalja<\/strong>:\n<ol type=\"a\"><li>a szolg\u00e1ltat\u00e1st v\u00e9gz\u0151k brutt\u00f3 munkad\u00edj\u00e1t, valamint ezek j\u00e1rul\u00e9kait;<\/li><li>az ad\u00f3kat (az \u00e1ltal\u00e1nos forgalmi ad\u00f3 kiv\u00e9tel\u00e9vel);<\/li><li>az \u00e9rt\u00e9kcs\u00f6kken\u00e9si le\u00edr\u00e1st;<\/li><li>a v\u00e1llalkoz\u00f3i nyeres\u00e9get;<\/li><li>az \u00e1ltal\u00e1nos rezsik\u00f6lts\u00e9geket, ennek keret\u00e9ben:\n<ol type=\"a\" start=\"131\"><li>irodab\u00e9rlet, \u00e9s amortiz\u00e1ci\u00f3 k\u00f6lts\u00e9ge;<\/li><li>hardverek (sz\u00e1m\u00edt\u00f3g\u00e9p, nyomtat\u00f3, szkenner stb.), szoftverek k\u00f6lts\u00e9ge;<\/li><li>k\u00f6nyvel\u00e9s, \u00fcgyv\u00e9di szolg\u00e1ltat\u00e1s k\u00f6lts\u00e9ge;<\/li><li>helyi k\u00f6zleked\u00e9s k\u00f6lts\u00e9ge;<\/li><li>adminisztr\u00e1ci\u00f3s k\u00f6lts\u00e9gek (posta, nyomtat\u00e1s, m\u00e1sol\u00e1s);<\/li><li>kommunik\u00e1ci\u00f3s k\u00f6lts\u00e9gek;<\/li><li>felel\u0151ss\u00e9gbiztos\u00edt\u00e1si d\u00edj;<\/li><li>kamarai tagd\u00edjak k\u00f6lts\u00e9ge, szakmai tov\u00e1bbk\u00e9pz\u00e9s k\u00f6lts\u00e9ge;<\/li><li>banki k\u00f6lts\u00e9gek;<\/li><\/ol><\/li><li>az egy\u00e9b r\u00e1ford\u00edt\u00e1sok teljes \u00f6sszeg\u00e9t.<\/li><\/ol><\/li><li>Az aj\u00e1nlott d\u00edj <strong>nem tartalmazza a t\u00e1vols\u00e1gi k\u00f6zleked\u00e9s k\u00f6lts\u00e9geit<\/strong>, azt k\u00fcl\u00f6n lehet elsz\u00e1molni.<\/li><\/ul>\n\n\n\n<ol start=\"4\" class=\"wp-block-list has-medium-font-size\">\n<li><strong>Az energetikai fel\u00fclvizsg\u00e1lat aj\u00e1nlott s\u00e1vos m\u00e9rn\u00f6ki d\u00edja:<\/strong><\/li>\n<\/ol>\n\n\n\n<figure class=\"wp-block-table is-style-regular\"><table><tbody>\n<tr bgcolor=\"lightblue\"><td><strong>&nbsp;<\/strong><\/td><td><strong>S\u00e1voz\u00e1s<\/span><\/strong><\/td><td><strong>Aj\u00e1nlott d\u00edj<\/strong><\/td><\/tr>\n<tr bgcolor=\"lightblue\"><td><strong>Lak\u00f3\u00e9p\u00fcletekben<\/strong><\/td><\/tr>\n<tr><td>F\u0171t\u00e9si rendszerek<\/td><td>50 lak\u00e1ssz\u00e1mig<\/td><td>195 000 Ft + \u00c1fa<\/td><\/tr>\n<tr><td>&nbsp;<\/td><td>50 lak\u00e1ssz\u00e1m felett<\/td><td>325 000 Ft + \u00c1fa<\/td><\/tr>\n<tr><td>L\u00e9gkondicion\u00e1l\u00f3 rendszerek, h\u0151szivatty\u00fak<\/td><td>50 lak\u00e1ssz\u00e1mig<\/td><td>325 000 Ft + \u00c1fa<\/td><\/tr><tr><td>&nbsp;<\/td><td>50 lak\u00e1ssz\u00e1m felett<\/td><td>455 000 Ft + \u00c1fa<\/td><\/tr>\n<tr bgcolor=\"lightblue\"><td><strong>V\u00e1llalkoz\u00e1sokn\u00e1l<\/strong><\/td><\/tr>\n<tr><td>F\u0171t\u00e9si rendszerek<\/td><td>70 kW felett<\/td><td>195 000 Ft + \u00c1fa<\/td><\/tr>\n<tr><td>&nbsp;<\/td><td>290 kW felett<\/td><td>325 000 Ft + \u00c1fa<\/td><\/tr><tr><td>L\u00e9gkondicion\u00e1l\u00f3 rendszerek, h\u0151szivatty\u00fak<\/td><td>290 kW teljes\u00edtm\u00e9nyig<\/td><td>455 000 Ft + \u00c1fa<\/td><\/tr><tr><td>&nbsp;<\/td><td>290 kW felett<\/td><td>585 000 Ft + \u00c1fa<\/td><\/tr><\/tbody><\/table><\/figure>\n\n\n\n<ol start=\"5\" class=\"wp-block-list has-medium-font-size\">\n<li><strong>Az aj\u00e1nl\u00e1s alkalmaz\u00e1s\u00e1ra vonatkoz\u00f3 szab\u00e1lyok<\/strong><\/li>\n<\/ol>\n\n\n\n<p>A Kamara eln\u00f6ks\u00e9ge a 34\/2021. (IX. 15.) MMK Eln\u00f6ks\u00e9gi hat\u00e1rozat\u00e1val elfogadott aj\u00e1nl\u00e1s\u00e1nak m\u00f3dos\u00edt\u00e1s\u00e1t a 2025. okt\u00f3ber h\u00f3 8.-\u00e1n megtartott \u00fcl\u00e9s\u00e9n megt\u00e1rgyalta, \u00e9s a 78\/2025. (X. 8.) MMK Eln\u00f6ks\u00e9gi hat\u00e1rozat\u00e1val elfogadta. Az aj\u00e1nl\u00e1sban megjel\u00f6lt d\u00edjak m\u00e9rt\u00e9k\u00e9t legal\u00e1bb 2 \u00e9vente fel\u00fcl kell vizsg\u00e1lni.<\/p>\n\n\n\n<p>Az aj\u00e1nl\u00e1st a 2025. okt\u00f3ber 13-\u00e1t k\u00f6vet\u0151en elv\u00e9gzett f\u0171t\u00e9si \u00e9s l\u00e9gkondicion\u00e1l\u00f3 rendszerek energetikai fel\u00fclvizsg\u00e1lata elv\u00e9gz\u00e9s\u00e9\u00e9rt elsz\u00e1molhat\u00f3 d\u00edjak meg\u00e1llap\u00edt\u00e1sakor lehet alkalmazni.<\/p>\n\n\n\n<p>Amennyiben k\u00e9rd\u00e9se lenne, k\u00e9rj\u00fck forduljon hozz\u00e1nk e-mailben az <a href=\"mailto:flr@mmk.hu\"><strong>flr@mmk.hu<\/strong><\/a> c\u00edmen, vagy keressen minket telefonon \u00fcgyf\u00e9lfogad\u00e1si id\u0151ben a +361\/455-7080\/114 sz\u00e1mon.<\/p>\n\n\n\n<p>Telefonos \u00fcgyf\u00e9lfogad\u00e1s: h\u00e9tf\u0151, szerda: 9:00-12:00, kedd-cs\u00fct\u00f6rt\u00f6k 13:00-16:00. Szem\u00e9lyes \u00fcgyint\u00e9z\u00e9sre el\u0151zetes id\u0151pontegyeztet\u00e9s alapj\u00e1n van lehet\u0151s\u00e9g.<\/p>\n\n\n\n<p><strong>Let\u00f6lthet\u0151 dokumentum:<\/strong><a href=\"https:\/\/mernokvagyok.hu\/flr\/wp-content\/uploads\/2025\/10\/MMK_ajanlas_dijazasra.pdf\">MMK Aj\u00e1nl\u00e1s 2025. okt\u00f3ber<\/a><\/p>\n\n\n\n<p><\/p>\n","protected":false},"excerpt":{"rendered":"<p>A Magyar M\u00e9rn\u00f6ki Kamara aj\u00e1nl\u00e1saa f\u0171t\u00e9si \u00e9s l\u00e9gkondicion\u00e1l\u00f3 rendszerek energetikai fel\u00fclvizsg\u00e1lataelv\u00e9gz\u00e9s\u00e9\u00e9rt elsz\u00e1molhat\u00f3 d\u00edjakra vonatkoz\u00f3an A Magyar M\u00e9rn\u00f6ki Kamara (tov\u00e1bbiakban: Kamara) az energetikai fel\u00fclvizsg\u00e1latr\u00f3l sz\u00f3l\u00f3 666\/2020. (XII.28.) Korm. rendelet 4. \u00a7 (6) bekezd\u00e9s\u00e9ben kapott felhatalmaz\u00e1s alapj\u00e1n, valamint az \u00e9p\u00edt\u00e9s\u00fcgyi \u00e9s az \u00e9p\u00edt\u00e9s\u00fcggyel \u00f6sszef\u00fcgg\u0151 szakmagyakorl\u00e1si tev\u00e9kenys\u00e9gekr\u0151l sz\u00f3l\u00f3 266\/2013. (VII.11.) Korm. rendelet 18. \u00a7-\u00e1ra is figyelemmel a f\u0171t\u00e9si [&hellip;]<\/p>\n","protected":false},"author":4,"featured_media":0,"parent":0,"menu_order":0,"comment_status":"closed","ping_status":"closed","template":"page-templates\/page_fullwidth.php","meta":{"footnotes":""},"class_list":["post-14","page","type-page","status-publish","hentry"],"_links":{"self":[{"href":"https:\/\/mernokvagyok.hu\/flr\/wp-json\/wp\/v2\/pages\/14","targetHints":{"allow":["GET"]}}],"collection":[{"href":"https:\/\/mernokvagyok.hu\/flr\/wp-json\/wp\/v2\/pages"}],"about":[{"href":"https:\/\/mernokvagyok.hu\/flr\/wp-json\/wp\/v2\/types\/page"}],"author":[{"embeddable":true,"href":"https:\/\/mernokvagyok.hu\/flr\/wp-json\/wp\/v2\/users\/4"}],"replies":[{"embeddable":true,"href":"https:\/\/mernokvagyok.hu\/flr\/wp-json\/wp\/v2\/comments?post=14"}],"version-history":[{"count":7,"href":"https:\/\/mernokvagyok.hu\/flr\/wp-json\/wp\/v2\/pages\/14\/revisions"}],"predecessor-version":[{"id":471,"href":"https:\/\/mernokvagyok.hu\/flr\/wp-json\/wp\/v2\/pages\/14\/revisions\/471"}],"wp:attachment":[{"href":"https:\/\/mernokvagyok.hu\/flr\/wp-json\/wp\/v2\/media?parent=14"}],"curies":[{"name":"wp","href":"https:\/\/api.w.org\/{rel}","templated":true}]}}