{"id":12,"date":"2022-08-31T12:48:00","date_gmt":"2022-08-31T12:48:00","guid":{"rendered":"https:\/\/mernokvagyok.hu\/flr\/?page_id=12"},"modified":"2026-02-19T21:35:59","modified_gmt":"2026-02-19T21:35:59","slug":"felulvizsgalat-aloli-mentesseg-igazolasa","status":"publish","type":"page","link":"https:\/\/mernokvagyok.hu\/flr\/felulvizsgalat-aloli-mentesseg-igazolasa\/","title":{"rendered":"Fel\u00fclvizsg\u00e1lat al\u00f3li mentess\u00e9g igazol\u00e1sa"},"content":{"rendered":"\n<p class=\"has-text-align-center has-large-font-size\"><strong>T\u00c1J\u00c9KOZTAT\u00d3<br>a f\u0171t\u0151 \u00e9s l\u00e9gkondicion\u00e1l\u00f3 rendszerek k\u00f6telez\u0151 fel\u00fclvizsg\u00e1lat\u00e1val \u00f6sszef\u00fcgg\u0151 mentess\u00e9gi elj\u00e1r\u00e1sr\u00f3l<\/strong><\/p>\n\n\n\n<p>Az Eur\u00f3pai Parlament \u00e9s a Tan\u00e1cs 2010\/31\/EU ir\u00e1nyelve (2010. m\u00e1jus 19.) az \u00e9p\u00fcletek energiahat\u00e9konys\u00e1g\u00e1r\u00f3l 2010. j\u00fanius 18.-\u00e1n ker\u00fclt kihirdet\u00e9sre, \u00e9s a kor\u00e1bbi azonos t\u00e1rgy\u00fa 2002\/91\/EK ir\u00e1nyelvet v\u00e1ltotta fel. A m\u00f3dos\u00edtott ir\u00e1nyelvet el\u0151bb 2012-ben majd legut\u00f3bb 2018. m\u00e1jus\u00e1ban \u00e1tdolgozt\u00e1k \u00e9s a 2018\/844\/EU ir\u00e1nyelvvel elfogadt\u00e1k annak v\u00e1ltoz\u00e1sait.<\/p>\n\n\n\n<p>Az energiahat\u00e9konys\u00e1gr\u00f3l sz\u00f3l\u00f3 2015. \u00e9vi LVII. t\u00f6rv\u00e9ny decemberi m\u00f3dosul\u00e1sa \u00e9rtelm\u00e9ben a mentess\u00e9gi felt\u00e9telek kib\u0151v\u00fcltek. Energiahat\u00e9konys\u00e1g-alap\u00fa szerz\u0151d\u00e9s, valamint t\u00e1vh\u0151szolg\u00e1ltat\u00f3val megk\u00f6t\u00f6tt rendszer\u00fczemeletet\u00e9si szerz\u0151d\u00e9s alapj\u00e1n is lehet\u0151s\u00e9g van fel\u00fclvizsg\u00e1lat al\u00f3li mentess\u00e9g meg\u00e1llap\u00edt\u00e1s\u00e1ra.<\/p>\n\n\n\n<p class=\"has-medium-font-size\"><strong>Milyen esetben nem sz\u00fcks\u00e9ges a fel\u00fclvizsg\u00e1lat?<\/strong><\/p>\n\n\n\n<p><strong>Lak\u00f3\u00e9p\u00fcletek eset\u00e9ben<\/strong> akkor nem sz\u00fcks\u00e9ges fel\u00fclvizsg\u00e1latot v\u00e9geztetni, ha az \u00e9p\u00fclet:<\/p>\n\n\n\n<ol type=\"a\"><li>olyan folyamatos elektronikus fel\u00fcgyeleti funkci\u00f3val, amely m\u00e9ri a rendszer hat\u00e9konys\u00e1g\u00e1t \u00e9s t\u00e1j\u00e9koztatja az \u00e9p\u00fclet tulajdonos\u00e1t vagy kezel\u0151j\u00e9t, ha a hat\u00e9konys\u00e1g jelent\u0151sen cs\u00f6kkent, \u00e9s jelzi, ha sz\u00fcks\u00e9g van a rendszer karbantart\u00e1s\u00e1ra, valamint<\/li><li>hat\u00e9kony ellen\u0151rz\u0151 funkci\u00f3kkal az energiatermel\u00e9si, -eloszt\u00e1si, -t\u00e1rol\u00e1si \u00e9s -felhaszn\u00e1l\u00e1si optimum el\u00e9r\u00e9se \u00e9rdek\u00e9ben.<\/li><\/ol>\n\n\n\n<p><strong>A nem lak\u00e1s c\u00e9l\u00fa \u00e9p\u00fcletek eset\u00e9ben<\/strong> a fel\u00fclvizsg\u00e1lat al\u00f3li mentess\u00e9g felt\u00e9tele, hogy az \u00e9rintett rendszer \u2013 melynek effekt\u00edv n\u00e9vleges teljes\u00edtm\u00e9nye nagyobb, mint 290 kW, \u2013 rendelkezzen \u00e9p\u00fcletautomatiz\u00e1l\u00e1si \u00e9s -szab\u00e1lyoz\u00e1si rendszerrel, amely alkalmas:<\/p>\n\n\n\n<ol type=\"a\"><li>az energiafelhaszn\u00e1l\u00e1s folyamatos ellen\u0151rz\u00e9s\u00e9re, napl\u00f3z\u00e1s\u00e1ra, elemz\u00e9s\u00e9re \u00e9s kiigaz\u00edt\u00e1s\u00e1nak lehet\u0151v\u00e9 t\u00e9tel\u00e9re;<\/li><li>az \u00e9p\u00fclet energiahat\u00e9konys\u00e1g\u00e1nak \u00e9rt\u00e9kel\u00e9s\u00e9re, az \u00e9p\u00fclettechnikai rendszerek hat\u00e9konys\u00e1gcs\u00f6kken\u00e9s\u00e9nek felt\u00e1r\u00e1s\u00e1ra, a berendez\u00e9sek vagy az \u00e9p\u00fclettechnikai rendszer kezel\u00e9s\u00e9\u00e9rt felel\u0151s szem\u00e9ly t\u00e1j\u00e9koztat\u00e1s\u00e1ra az energiahat\u00e9konys\u00e1g jav\u00edt\u00e1s\u00e1nak lehet\u0151s\u00e9g\u00e9r\u0151l; valamint<\/li><li>az \u00f6sszekapcsolt \u00e9p\u00fclettechnikai rendszerekkel vagy az \u00e9p\u00fcleten bel\u00fcli m\u00e1s k\u00e9sz\u00fcl\u00e9kekkel val\u00f3 kommunik\u00e1ci\u00f3 lehet\u0151v\u00e9 t\u00e9tel\u00e9re, valamint az \u00e9p\u00fclettechnikai rendszerekkel t\u00f6rt\u00e9n\u0151 \u00e1tj\u00e1rhat\u00f3s\u00e1gra, a k\u00fcl\u00f6nb\u00f6z\u0151 t\u00edpus\u00fa jogv\u00e9dett technol\u00f3gi\u00e1kt\u00f3l, berendez\u00e9sekt\u0151l \u00e9s gy\u00e1rt\u00f3kt\u00f3l f\u00fcggetlen\u00fcl.<\/li><\/ol>\n\n\n\n<p><strong>Nem sz\u00fcks\u00e9ges tov\u00e1bb\u00e1 <\/strong>energetikai fel\u00fclvizsg\u00e1lat azon \u00e9p\u00fcletek vonatkoz\u00e1s\u00e1ban sem, amelyekben az Ehat. 43. \u00a7 (1) bekezd\u00e9s\u00e9ben meghat\u00e1rozott rendszer \u00fczemel, \u00e9s amelyekben a rendszer m\u0171k\u00f6dtet\u00e9se<\/p>\n\n\n\n<ol type=\"a\"><li>az energiahat\u00e9konys\u00e1gr\u00f3l sz\u00f3l\u00f3 t\u00f6rv\u00e9ny v\u00e9grehajt\u00e1s\u00e1r\u00f3l sz\u00f3l\u00f3 122\/2015. (V. 26.) Korm. rendelet 8. \u00a7-a szerinti tartalmi elemeket r\u00f6gz\u00edt\u0151 energiahat\u00e9konys\u00e1g-alap\u00fa szerz\u0151d\u00e9s vagy;<\/li><li>t\u00e1vh\u0151szolg\u00e1ltat\u00f3val megk\u00f6t\u00f6tt rendszer\u00fczemeltet\u00e9si szerz\u0151d\u00e9s<\/li><\/ol>\n\n\n\n<p>hat\u00e1lya al\u00e1 tartozik.<\/p>\n\n\n\n<p>A mentess\u00e9g lehets\u00e9ges eseteit az al\u00e1bbi t\u00e1bl\u00e1zat foglalja \u00f6ssze:<\/p>\n\n\n<div class=\"wp-block-image\">\n<figure class=\"aligncenter size-full is-resized\"><img loading=\"lazy\" decoding=\"async\" width=\"969\" height=\"447\" src=\"https:\/\/mernokvagyok.hu\/flr\/wp-content\/uploads\/2025\/03\/image.png\" alt=\"\" class=\"wp-image-395\" style=\"width:840px;height:387px\" \/><\/figure>\n<\/div>\n\n\n<p><\/p>\n\n\n\n<p class=\"has-medium-font-size\"><strong>A mentess\u00e9g igazol\u00e1s\u00e1nak l\u00e9p\u00e9sei<\/strong><\/p>\n\n\n\n<ol type=\"\"><li>Az \u00e9rintett \u00e9p\u00fcletet regisztr\u00e1lni kell a <a href=\"https:\/\/nemzetiklimavedelmihatosag.kormany.hu\/\">Kl\u00edmag\u00e1z Adatb\u00e1zis<\/a>ban, amelyet a jogszab\u00e1ly szerint egy feljogos\u00edtott energetikai fel\u00fclvizsg\u00e1l\u00f3 v\u00e9gezhet el. Ez nem tekintend\u0151 fel\u00fclvizsg\u00e1latnak.<\/li><li>Az \u00e9p\u00fclet rendszer\u00fczemeltet\u0151je a Kl\u00edmag\u00e1z Adatb\u00e1zis erre szolg\u00e1l\u00f3 fel\u00fclet\u00e9re felt\u00f6lti:\n<ol type=\"a\"><li>a mentess\u00e9g bejelent\u00e9s\u00e9re vonatkoz\u00f3 k\u00e9relm\u00e9t (k\u00f6telez\u0151),<\/li><li>a bejelent\u00e9ssel \u00e9rintett rendszer le\u00edr\u00e1s\u00e1t tartalmaz\u00f3 dokumentumokat (\u00e9p\u00fcletenergetikai rendszerterv) (k\u00f6telez\u0151),<\/li><li>az \u00e9rintett rendszerhez kapcsol\u00f3d\u00f3 \u00e9p\u00fcletautomatiz\u00e1l\u00e1si \u00e9s szab\u00e1lyoz\u00e1si rendszer le\u00edr\u00e1s\u00e1t tartalmaz\u00f3 dokumentumokat (k\u00f6telez\u0151),<\/li><li>egy r\u00e9szletes indokol\u00e1st tartalmaz\u00f3 le\u00edr\u00e1st arr\u00f3l, hogy a b., \u00e9s c. pontban foglalt dokumentumok szerint m\u0171k\u00f6d\u0151 rendszerek mik\u00e9nt val\u00f3s\u00edtj\u00e1k meg az Ehat. 43. \u00a7 (4) bekezd\u00e9s\u00e9ben foglalt k\u00f6vetelm\u00e9nyeket (k\u00f6telez\u0151), valamint<\/li><li>egy\u00e9b az azonos\u00edt\u00e1st szolg\u00e1l\u00f3 dokumentumokat (c\u00e9g k\u00e9pviselet, tulajdonviszony, amit m\u00e9g fontosnak \u00edt\u00e9lnek a d\u00f6nt\u00e9s meghozatala \u00e9rdek\u00e9ben).<\/li><\/ol>\n<\/li><li>A felt\u00f6lt\u00e9st k\u00f6vet\u0151en a rendszer \u00e9rtes\u00edt\u00e9st k\u00fcld a Kamara r\u00e9sz\u00e9re a beny\u00fajt\u00e1sr\u00f3l.<\/li><li>A Kamara ki\u00e1ll\u00edtja az elj\u00e1r\u00e1si d\u00edjr\u00f3l sz\u00f3l\u00f3 d\u00edjbek\u00e9r\u0151t a k\u00e9relemben megjel\u00f6lt d\u00edjfizet\u0151 r\u00e9sz\u00e9re.<\/li><li>A Kamara megvizsg\u00e1lja a bejelent\u00e9s tartalm\u00e1t, \u00e9s 8 napon bel\u00fcl d\u00f6nt a k\u00e9relem elfogad\u00e1s\u00e1r\u00f3l, az esetleges hi\u00e1nyp\u00f3tl\u00e1sr\u00f3l vagy a t\u00e9ny\u00e1ll\u00e1s tiszt\u00e1z\u00e1s\u00e1hoz sz\u00fcks\u00e9ges tov\u00e1bbi felt\u00e9telekr\u0151l.<\/li><li>Amennyiben 8 napon bel\u00fcl a d\u00f6nt\u00e9s nem hozhat\u00f3 meg, \u00fagy V\u00e9gz\u00e9st bocs\u00e1t ki a hi\u00e1nyp\u00f3tl\u00e1sr\u00f3l, \u00e9s az \u00fcgyint\u00e9z\u00e9s teljes elj\u00e1r\u00e1s keret\u00e9ben 60 napra hosszabbodik.<\/li><li>A d\u00f6nt\u00e9s meghozatal\u00e1r\u00f3l \u00e9rtes\u00edti a k\u00e9relmez\u0151t \u00e9s a Kl\u00edmag\u00e1z Adatb\u00e1zis \u00fatj\u00e1n a Nemzeti Kl\u00edmav\u00e9delmi Hat\u00f3s\u00e1got.<\/li><\/ol>\n\n\n\n<p><\/p>\n\n\n\n<p class=\"has-medium-font-size\"><strong>A mentess\u00e9gi elj\u00e1r\u00e1s d\u00edja, \u00e9s megfizet\u00e9s\u00e9nek m\u00f3dja<\/strong> <strong>(K\u00f6zz\u00e9t\u00e9tel: 2025. m\u00e1rcius 24.)<\/strong><\/p>\n\n\n\n<p>Az energiahat\u00e9konys\u00e1gr\u00f3l sz\u00f3l\u00f3 2015. \u00e9vi LVII. t\u00f6rv\u00e9ny 43. \u00a7 (12) bekezd\u00e9se az al\u00e1bbiak szerint rendezi a mentess\u00e9gi elj\u00e1r\u00e1sok d\u00edjait.<\/p>\n\n\n\n<p><em>\u201e43. \u00a7 (12) A mentess\u00e9gi k\u00e9relem elb\u00edr\u00e1l\u00e1s\u00e1\u00e9rt az energetikai fel\u00fclvizsg\u00e1l\u00f3 k\u00e9relmenk\u00e9nt a Magyar M\u00e9rn\u00f6ki Kamara k\u00fcl\u00f6n szab\u00e1lyzat\u00e1ban meghat\u00e1rozott d\u00edjat k\u00f6teles fizetni a Magyar M\u00e9rn\u00f6ki Kamar\u00e1nak. A d\u00edj a Magyar M\u00e9rn\u00f6ki Kamara bev\u00e9tel\u00e9t k\u00e9pezi, amelyet a Magyar M\u00e9rn\u00f6ki Kamara a mentess\u00e9gi k\u00e9relem elb\u00edr\u00e1l\u00e1s\u00e1val kapcsolatos tev\u00e9kenys\u00e9gei ell\u00e1t\u00e1s\u00e1ra ford\u00edt. A Magyar M\u00e9rn\u00f6ki Kamara a t\u00e1rgy\u00e9vre vonatkoz\u00f3 d\u00edjat a t\u00e1rgy\u00e9vet megel\u0151z\u0151 \u00e9v december 31-ig a honlapj\u00e1n k\u00f6zz\u00e9teszi.\u201d<\/em><\/p>\n\n\n\n<p>A Magyar M\u00e9rn\u00f6ki Kamara eln\u00f6ks\u00e9g\u00e9nek az Ehat. 43. \u00a7 (12) bekezd\u00e9s\u00e9ben kapott felhatalmaz\u00e1sa alapj\u00e1n elfogadott 22\/2025. (III.12.) Eln\u00f6ks\u00e9gi hat\u00e1rozat\u00e1ra figyelemmel a MMK P\u00e9nz\u00fcgyi \u00e9s Gazd\u00e1lkod\u00e1si Szab\u00e1lyzat\u00e1nak 3. sz\u00e1m\u00fa mell\u00e9klete az al\u00e1bbiak szerint hat\u00e1rozza meg az elj\u00e1r\u00e1si d\u00edjakat:<\/p>\n\n\n\n<p><em>&#8220;<strong>3. sz\u00e1m\u00fa mell\u00e9klet<\/strong><\/em><\/p>\n\n\n\n<p class=\"has-text-align-center\"><strong><em>A f\u0171t\u0151 \u00e9s l\u00e9gkondicion\u00e1l\u00f3 rendszerek k\u00f6telez\u0151 energetikai fel\u00fclvizsg\u00e1lata<br>al\u00f3li mentess\u00e9gi k\u00e9relem hat\u00f3s\u00e1gi elb\u00edr\u00e1l\u00e1s\u00e1nak d\u00edj\u00e1r\u00f3l, \u00e9s megfizet\u00e9s\u00e9nek szab\u00e1lyair\u00f3l<\/em><\/strong><\/p>\n\n\n\n<p><em>(1) A hat\u00f3s\u00e1gi elj\u00e1r\u00e1s rendszer t\u00edpushoz igazod\u00f3 al\u00e1bbi t\u00e1bl\u00e1zatban meghat\u00e1rozott d\u00edj\u00e1t a k\u00e9relem beny\u00fajt\u00e1s\u00e1t k\u00f6vet\u0151 3 napon bel\u00fcl, a ki\u00e1ll\u00edtott d\u00edjbek\u00e9r\u0151 alapj\u00e1n kell megfizetni a Magyar M\u00e9rn\u00f6ki Kamara OTP Bankn\u00e1l vezetett 11784009-21124341 sz\u00e1mlasz\u00e1m\u00e1ra.<\/em><\/p>\n\n\n\n<p><em>(2) A d\u00edj megfizet\u00e9s\u00e9nek elmulaszt\u00e1sa eset\u00e9n 15 napos hat\u00e1rid\u0151vel hi\u00e1nyp\u00f3tl\u00e1st bocs\u00e1tunk ki. A hi\u00e1nyp\u00f3tl\u00e1sra rendelkez\u00e9sre \u00e1ll\u00f3 hat\u00e1rid\u0151 eredm\u00e9nytelen letelt\u00e9t k\u00f6vet\u0151en a mentess\u00e9gi k\u00e9relem elutas\u00edt\u00e1sra ker\u00fcl.<\/em><\/p>\n\n\n\n<p><em>(3) Jelen mell\u00e9kletben szerepl\u0151 d\u00edjakat, az elfogad\u00f3 MMK Eln\u00f6ks\u00e9gi hat\u00e1rozat k\u00f6zz\u00e9t\u00e9tel\u00e9t k\u00f6vet\u0151en beny\u00fajtott mentess\u00e9gi k\u00e9relmekre kell alkalmazni.<\/em><\/p>\n\n\n\n<figure class=\"wp-block-table is-style-stripes\"><table><tbody><tr><td><\/td><td class=\"has-text-align-left\" data-align=\"left\"><strong>A mentess\u00e9gi k\u00e9relemben megjel\u00f6lt rendszer<br>t\u00edpusa, teljes\u00edtm\u00e9nye, bonyolults\u00e1ga<\/strong><\/td><td class=\"has-text-align-center\" data-align=\"center\"><strong>D\u00edj m\u00e9rt\u00e9ke<\/strong><\/td><\/tr><tr><td>1.a.<\/td><td class=\"has-text-align-left\" data-align=\"left\">70 kW-n\u00e1l nagyobb effekt\u00edv n\u00e9vleges teljes\u00edtm\u00e9ny\u0171 f\u0171t\u00e9si rendszer<\/td><td class=\"has-text-align-center\" data-align=\"center\">41&nbsp;000,- Ft<\/td><\/tr><tr><td>1.b.<\/td><td class=\"has-text-align-left\" data-align=\"left\">70 kW-n\u00e1l nagyobb effekt\u00edv n\u00e9vleges teljes\u00edtm\u00e9ny\u0171 l\u00e9gkondicion\u00e1l\u00f3 rendszer<\/td><td class=\"has-text-align-center\" data-align=\"center\">41&nbsp;000,- Ft<\/td><\/tr><tr><td>1.c.<\/td><td class=\"has-text-align-left\" data-align=\"left\">olyan rendszer, amely energiahat\u00e9konys\u00e1g-alap\u00fa szerz\u0151d\u00e9s, vagy t\u00e1vh\u0151szolg\u00e1ltat\u00f3val megk\u00f6t\u00f6tt rendszer\u00fczemeltet\u00e9si szerz\u0151d\u00e9s hat\u00e1lya al\u00e1 tartozik<\/td><td class=\"has-text-align-center\" data-align=\"center\">41&nbsp;000,- Ft<\/td><\/tr><tr><td>2.a.<\/td><td class=\"has-text-align-left\" data-align=\"left\">70 kW-n\u00e1l nagyobb effekt\u00edv n\u00e9vleges teljes\u00edtm\u00e9ny\u0171 kombin\u00e1ltan helyis\u00e9gf\u0171t\u00e9si \u00e9s szell\u0151z\u0151rendszer<\/td><td class=\"has-text-align-center\" data-align=\"center\">82&nbsp;000,- Ft<\/td><\/tr><tr><td>2.b.<\/td><td class=\"has-text-align-left\" data-align=\"left\">70 kW-n\u00e1l nagyobb effekt\u00edv n\u00e9vleges teljes\u00edtm\u00e9ny\u0171 kombin\u00e1ltan l\u00e9gkondicion\u00e1l\u00f3 \u00e9s szell\u0151z\u0151rendszer<\/td><td class=\"has-text-align-center\" data-align=\"center\">82&nbsp;000,- Ft<\/td><\/tr><tr><td>3.a.<\/td><td class=\"has-text-align-left\" data-align=\"left\">290 kW-n\u00e1l nagyobb effekt\u00edv n\u00e9vleges teljes\u00edtm\u00e9ny\u0171 f\u0171t\u00e9si rendszer<\/td><td class=\"has-text-align-center\" data-align=\"center\">82&nbsp;000,- Ft<\/td><\/tr><tr><td>3.b.<\/td><td class=\"has-text-align-left\" data-align=\"left\">290 kW-n\u00e1l nagyobb effekt\u00edv n\u00e9vleges teljes\u00edtm\u00e9ny\u0171 l\u00e9gkondicion\u00e1l\u00f3 rendszer<\/td><td class=\"has-text-align-center\" data-align=\"center\">82&nbsp;000,- Ft<\/td><\/tr><tr><td>4.a.<\/td><td class=\"has-text-align-left\" data-align=\"left\">290 kW-n\u00e1l nagyobb effekt\u00edv n\u00e9vleges teljes\u00edtm\u00e9ny\u0171 kombin\u00e1ltan helyis\u00e9gf\u0171t\u00e9si \u00e9s szell\u0151z\u0151rendszer<\/td><td class=\"has-text-align-center\" data-align=\"center\">123&nbsp;000,- Ft<\/td><\/tr><tr><td>4.b.<\/td><td class=\"has-text-align-left\" data-align=\"left\">290 kW-n\u00e1l nagyobb effekt\u00edv n\u00e9vleges teljes\u00edtm\u00e9ny\u0171 kombin\u00e1ltan l\u00e9gkondicion\u00e1l\u00f3 \u00e9s szell\u0151z\u0151rendszer<\/td><td class=\"has-text-align-center\" data-align=\"center\">123&nbsp;000,- Ft<\/td><\/tr><tr><td>5.<\/td><td class=\"has-text-align-left\" data-align=\"left\">290 kW-n\u00e1l nagyobb effekt\u00edv n\u00e9vleges teljes\u00edtm\u00e9ny\u0171 kombin\u00e1ltan f\u0171t\u00e9si \u00e9s l\u00e9gkondicion\u00e1l\u00f3 rendszer, amely szell\u0151z\u0151rendszerrel kieg\u00e9sz\u00edtett<\/td><td class=\"has-text-align-center\" data-align=\"center\">164&nbsp;000,- Ft<\/td><\/tr><tr><td>6.<\/td><td class=\"has-text-align-left\" data-align=\"left\">nagyv\u00e1llalatok eset\u00e9ben 290 kW-n\u00e1l nagyobb effekt\u00edv n\u00e9vleges teljes\u00edtm\u00e9ny\u0171 kombin\u00e1ltan f\u0171t\u00e9si \u00e9s l\u00e9gkondicion\u00e1l\u00f3 rendszer, amely szell\u0151z\u0151rendszerrel kieg\u00e9sz\u00edtett tov\u00e1bb\u00e1 a mentess\u00e9gi elj\u00e1r\u00e1sban \u00e9rintett rendszerhez tartoz\u00f3 h\u0151termel\u0151 \u00e9s l\u00e9gkondicion\u00e1l\u00f3 berendez\u00e9sek egy\u00fcttes sz\u00e1ma meghaladja az 50 darabot<\/td><td class=\"has-text-align-center\" data-align=\"center\">az utols\u00f3 lez\u00e1rt \u00fczleti \u00e9v<br>\u00e1rbev\u00e9tel\u00e9nek 0,05\u2030-e<br>minimum 50&nbsp;000 Ft, de<br>maximum 2&nbsp;000&nbsp;000 Ft<\/td><\/tr><\/tbody><\/table><\/figure>\n\n\n\n<p><br>Amennyiben k\u00e9rd\u00e9se lenne, k\u00e9rj\u00fck forduljon hozz\u00e1nk e-mailben az <a href=\"mailto:flr@mmk.hu\"><strong>flr@mmk.hu<\/strong><\/a> c\u00edmen (<strong>a lev\u00e9l t\u00e1rgy\u00e1ban adja meg<\/strong>: mentess\u00e9gi elj\u00e1r\u00e1s, n\u00e9v), vagy keressen minket telefonon \u00fcgyf\u00e9lfogad\u00e1si id\u0151ben a +361\/455-7080\/114 sz\u00e1mon.<\/p>\n\n\n\n<p>Telefonos \u00fcgyf\u00e9lfogad\u00e1s: h\u00e9tf\u0151, szerda: 9:00-12:00, kedd-cs\u00fct\u00f6rt\u00f6k 13:00-16:00. Szem\u00e9lyes \u00fcgyint\u00e9z\u00e9sre el\u0151zetes id\u0151pontegyeztet\u00e9s alapj\u00e1n van lehet\u0151s\u00e9g.<\/p>\n\n\n\n<p><strong>Let\u00f6lthet\u0151 dokumentumok:    <\/strong><a href=\"https:\/\/mernokvagyok.hu\/flr\/wp-content\/uploads\/2025\/03\/FLR_kerelem_mentesseg_2025.pdf\" data-type=\"URL\">Mentess\u00e9gi k\u00e9relem<\/a>, <a href=\"https:\/\/mernokvagyok.hu\/flr\/wp-content\/uploads\/2026\/02\/INDOKOLAS_minta_231026.pdf\">Indokol\u00e1s minta (pdf)<\/a>, <a href=\"https:\/\/mernokvagyok.hu\/flr\/wp-content\/uploads\/2026\/02\/INDOKOLAS_minta_231026.docx\">Indokol\u00e1s minta (docx)<\/a><\/p>\n\n\n\n<p><\/p>\n","protected":false},"excerpt":{"rendered":"<p>T\u00c1J\u00c9KOZTAT\u00d3a f\u0171t\u0151 \u00e9s l\u00e9gkondicion\u00e1l\u00f3 rendszerek k\u00f6telez\u0151 fel\u00fclvizsg\u00e1lat\u00e1val \u00f6sszef\u00fcgg\u0151 mentess\u00e9gi elj\u00e1r\u00e1sr\u00f3l Az Eur\u00f3pai Parlament \u00e9s a Tan\u00e1cs 2010\/31\/EU ir\u00e1nyelve (2010. m\u00e1jus 19.) az \u00e9p\u00fcletek energiahat\u00e9konys\u00e1g\u00e1r\u00f3l 2010. j\u00fanius 18.-\u00e1n ker\u00fclt kihirdet\u00e9sre, \u00e9s a kor\u00e1bbi azonos t\u00e1rgy\u00fa 2002\/91\/EK ir\u00e1nyelvet v\u00e1ltotta fel. A m\u00f3dos\u00edtott ir\u00e1nyelvet el\u0151bb 2012-ben majd legut\u00f3bb 2018. m\u00e1jus\u00e1ban \u00e1tdolgozt\u00e1k \u00e9s a 2018\/844\/EU ir\u00e1nyelvvel elfogadt\u00e1k annak v\u00e1ltoz\u00e1sait. [&hellip;]<\/p>\n","protected":false},"author":4,"featured_media":0,"parent":0,"menu_order":0,"comment_status":"closed","ping_status":"closed","template":"page-templates\/page_fullwidth.php","meta":{"footnotes":""},"class_list":["post-12","page","type-page","status-publish","hentry"],"_links":{"self":[{"href":"https:\/\/mernokvagyok.hu\/flr\/wp-json\/wp\/v2\/pages\/12","targetHints":{"allow":["GET"]}}],"collection":[{"href":"https:\/\/mernokvagyok.hu\/flr\/wp-json\/wp\/v2\/pages"}],"about":[{"href":"https:\/\/mernokvagyok.hu\/flr\/wp-json\/wp\/v2\/types\/page"}],"author":[{"embeddable":true,"href":"https:\/\/mernokvagyok.hu\/flr\/wp-json\/wp\/v2\/users\/4"}],"replies":[{"embeddable":true,"href":"https:\/\/mernokvagyok.hu\/flr\/wp-json\/wp\/v2\/comments?post=12"}],"version-history":[{"count":21,"href":"https:\/\/mernokvagyok.hu\/flr\/wp-json\/wp\/v2\/pages\/12\/revisions"}],"predecessor-version":[{"id":497,"href":"https:\/\/mernokvagyok.hu\/flr\/wp-json\/wp\/v2\/pages\/12\/revisions\/497"}],"wp:attachment":[{"href":"https:\/\/mernokvagyok.hu\/flr\/wp-json\/wp\/v2\/media?parent=12"}],"curies":[{"name":"wp","href":"https:\/\/api.w.org\/{rel}","templated":true}]}}