{"id":71,"date":"2021-01-13T20:34:23","date_gmt":"2021-01-13T20:34:23","guid":{"rendered":"https:\/\/mernokvagyok.hu\/epitesi\/?page_id=71"},"modified":"2023-07-25T12:09:22","modified_gmt":"2023-07-25T12:09:22","slug":"ajanlott-kepzesek","status":"publish","type":"page","link":"https:\/\/mernokvagyok.hu\/epitesi\/ajanlott-kepzesek\/","title":{"rendered":"Aj\u00e1nlott k\u00e9pz\u00e9sek"},"content":{"rendered":"\n<p><a href=\"https:\/\/mernokvagyok.hu\/epitesi\/wp-content\/uploads\/2023\/07\/Hirkozlesihalozat-tervezo-szakmernok-kepzes-hirdetes-2023.pdf\" target=\"_blank\" rel=\"noreferrer noopener\">https:\/\/mernokvagyok.hu\/epitesi\/wp-content\/uploads\/2023\/07\/Hirkozlesihalozat-tervezo-szakmernok-kepzes-hirdetes-2023.pdf<\/a><\/p>\n\n\n\n<p><a href=\"https:\/\/mailchi.mp\/eszk\/energetikai-szakkollgium-hrlevl-20210201?e=4a3bb37e66\" target=\"_blank\" rel=\"noreferrer noopener\">https:\/\/mailchi.mp\/eszk\/energetikai-szakkollgium-hrlevl-20210201?e=4a3bb37e66<\/a><\/p>\n","protected":false},"excerpt":{"rendered":"<p>https:\/\/mernokvagyok.hu\/epitesi\/wp-content\/uploads\/2023\/07\/Hirkozlesihalozat-tervezo-szakmernok-kepzes-hirdetes-2023.pdf https:\/\/mailchi.mp\/eszk\/energetikai-szakkollgium-hrlevl-20210201?e=4a3bb37e66<\/p>\n","protected":false},"author":871,"featured_media":0,"parent":0,"menu_order":0,"comment_status":"closed","ping_status":"closed","template":"","meta":{"footnotes":""},"class_list":["post-71","page","type-page","status-publish","hentry"],"_links":{"self":[{"href":"https:\/\/mernokvagyok.hu\/epitesi\/wp-json\/wp\/v2\/pages\/71","targetHints":{"allow":["GET"]}}],"collection":[{"href":"https:\/\/mernokvagyok.hu\/epitesi\/wp-json\/wp\/v2\/pages"}],"about":[{"href":"https:\/\/mernokvagyok.hu\/epitesi\/wp-json\/wp\/v2\/types\/page"}],"author":[{"embeddable":true,"href":"https:\/\/mernokvagyok.hu\/epitesi\/wp-json\/wp\/v2\/users\/871"}],"replies":[{"embeddable":true,"href":"https:\/\/mernokvagyok.hu\/epitesi\/wp-json\/wp\/v2\/comments?post=71"}],"version-history":[{"count":10,"href":"https:\/\/mernokvagyok.hu\/epitesi\/wp-json\/wp\/v2\/pages\/71\/revisions"}],"predecessor-version":[{"id":1985,"href":"https:\/\/mernokvagyok.hu\/epitesi\/wp-json\/wp\/v2\/pages\/71\/revisions\/1985"}],"wp:attachment":[{"href":"https:\/\/mernokvagyok.hu\/epitesi\/wp-json\/wp\/v2\/media?parent=71"}],"curies":[{"name":"wp","href":"https:\/\/api.w.org\/{rel}","templated":true}]}}