{"id":2942,"date":"2026-01-14T12:38:46","date_gmt":"2026-01-14T12:38:46","guid":{"rendered":"https:\/\/mernokvagyok.hu\/epitesi\/?page_id=2942"},"modified":"2026-01-14T12:38:47","modified_gmt":"2026-01-14T12:38:47","slug":"arpad-hazi-szent-margitrol-nevezett-domonkos-noverek-kolostora","status":"publish","type":"page","link":"https:\/\/mernokvagyok.hu\/epitesi\/arpad-hazi-szent-margitrol-nevezett-domonkos-noverek-kolostora\/","title":{"rendered":"\u00c1rp\u00e1d-h\u00e1zi Szent Margitr\u00f3l nevezett Domonkos N\u0151v\u00e9rek Kolostora"},"content":{"rendered":"\n<div class=\"wp-block-group is-nowrap is-layout-flex wp-container-core-group-is-layout-64989fb1 wp-block-group-is-layout-flex\">\n<figure class=\"wp-block-image size-full is-resized\"><img loading=\"lazy\" decoding=\"async\" width=\"2560\" height=\"1440\" src=\"https:\/\/mernokvagyok.hu\/epitesi\/wp-content\/uploads\/2026\/01\/Domokos-kolostor-2-1-scaled.png\" alt=\"\" class=\"wp-image-2944\" style=\"width:460px;height:329px\" srcset=\"https:\/\/mernokvagyok.hu\/epitesi\/wp-content\/uploads\/2026\/01\/Domokos-kolostor-2-1-scaled.png 2560w, https:\/\/mernokvagyok.hu\/epitesi\/wp-content\/uploads\/2026\/01\/Domokos-kolostor-2-1-300x169.png 300w, https:\/\/mernokvagyok.hu\/epitesi\/wp-content\/uploads\/2026\/01\/Domokos-kolostor-2-1-1024x576.png 1024w, https:\/\/mernokvagyok.hu\/epitesi\/wp-content\/uploads\/2026\/01\/Domokos-kolostor-2-1-768x432.png 768w, https:\/\/mernokvagyok.hu\/epitesi\/wp-content\/uploads\/2026\/01\/Domokos-kolostor-2-1-1536x864.png 1536w, https:\/\/mernokvagyok.hu\/epitesi\/wp-content\/uploads\/2026\/01\/Domokos-kolostor-2-1-2048x1152.png 2048w, https:\/\/mernokvagyok.hu\/epitesi\/wp-content\/uploads\/2026\/01\/Domokos-kolostor-2-1-830x467.png 830w, https:\/\/mernokvagyok.hu\/epitesi\/wp-content\/uploads\/2026\/01\/Domokos-kolostor-2-1-230x129.png 230w, https:\/\/mernokvagyok.hu\/epitesi\/wp-content\/uploads\/2026\/01\/Domokos-kolostor-2-1-350x197.png 350w, https:\/\/mernokvagyok.hu\/epitesi\/wp-content\/uploads\/2026\/01\/Domokos-kolostor-2-1-480x270.png 480w\" sizes=\"auto, (max-width: 2560px) 100vw, 2560px\" \/><\/figure>\n\n\n\n<p><strong>\u00c9p\u00edttet\u0151: <\/strong>\u00c1rp\u00e1d-H\u00e1zi Szent Margitr\u00f3l<br>Szent Domonkos Rendi N\u0151v\u00e9rek Apostoli Kongreg\u00e1ci\u00f3ja,<br>Advocata Nostra bels\u0151 egyh\u00e1zi jogi szem\u00e9ly<em><br><\/em><strong>Tervez\u0151: <\/strong>Fej\u00e9rdy \u00e9s Bart\u00f3k \u00c9p\u00edt\u00e9szeti Kft. (Budapest)<em><br><\/em><strong>Lebonyol\u00edt\u00f3:<\/strong> Nisus Kft. (Budakeszi)<em><br><\/em><strong>Gener\u00e1lkivitelez\u0151: <\/strong>MERKBAU Zrt. (Kiskunhalas)<em><br><\/em><strong>Alv\u00e1llalkoz\u00f3: <\/strong>Fit Verzi\u00f3 Kft. (Budapest)<em><br><\/em><strong>Alv\u00e1llalkoz\u00f3: <\/strong>Premium Goods Kft. (Kisk\u0151r\u00f6s)<em><br><\/em><strong>Alv\u00e1llalkoz\u00f3: <\/strong>Jeszenszky Zolt\u00e1n E.V. (Nagyk\u0151r\u00f6s)<\/p>\n<\/div>\n\n\n\n<p><\/p>\n\n\n\n<p>A budakeszi r.k. templom pl\u00e9b\u00e1ni\u00e1j\u00e1hoz tartoz\u00f3 telken h\u00e1rom \u00e9p\u00fcletb\u0151l \u00e1llt \u00f6ssze a domonkos n\u0151v\u00e9rek kolostor\u00e1nak \u00e9p\u00fcletegy\u00fcttese, az Otthonh\u00e1z, a K\u00e1polna \u00e9s a Rendh\u00e1z. A meredek hegyoldalon \u00e1thalad\u00f3 patak nyomvonal\u00e1t meg\u0151rizve a r\u00e9gi \u00e9p\u00fcletek elbont\u00e1s\u00e1val \u00e9s bonyolult \u00e9p\u00edt\u00e9szeti \u00e9s statikai \u00e1talak\u00edt\u00e1sokkal, valamint \u00faj b\u0151v\u00edtm\u00e9nyekkel alakult ki a mai \u00e1llapot. Z\u00e1rt h\u00eddon folyos\u00f3 k\u00f6ti \u00f6ssze az \u00e9p\u00fcleteket. Az Otthonh\u00e1z a n\u0151v\u00e9rek otthona, a K\u00e1polna k\u00e9t szintes, ar\u00e1nyosan berendezett egyszer\u0171 feh\u00e9r falakkal. K\u00f6rnyezet\u00e9b\u0151l kiemelkedik a Rendh\u00e1z, mely a megn\u00f6vekedett l\u00e9tsz\u00e1mnak ad helyet. Nagy \u00e9rdeme a megval\u00f3s\u00edt\u00e1sban r\u00e9sztvev\u0151knek, hogy a rendk\u00edv\u00fcl lehat\u00e1rolt kis ter\u00fcleten, csal\u00e1di h\u00e1zas k\u00f6rnyezetben megval\u00f3s\u00edtott \u00e9p\u00edtkez\u00e9st mindenki megel\u00e9ged\u00e9s\u00e9re v\u00e9gezt\u00e9k el, bele\u00e9rtve az ez id\u0151 alatt mindv\u00e9gig bentlak\u00f3 n\u0151v\u00e9reket is.\u00a0<\/p>\n","protected":false},"excerpt":{"rendered":"<p>\u00c9p\u00edttet\u0151: \u00c1rp\u00e1d-H\u00e1zi Szent Margitr\u00f3lSzent Domonkos Rendi N\u0151v\u00e9rek Apostoli Kongreg\u00e1ci\u00f3ja,Advocata Nostra bels\u0151 egyh\u00e1zi jogi szem\u00e9lyTervez\u0151: Fej\u00e9rdy \u00e9s Bart\u00f3k \u00c9p\u00edt\u00e9szeti Kft. (Budapest)Lebonyol\u00edt\u00f3: Nisus Kft. (Budakeszi)Gener\u00e1lkivitelez\u0151: MERKBAU Zrt. (Kiskunhalas)Alv\u00e1llalkoz\u00f3: Fit Verzi\u00f3 Kft. (Budapest)Alv\u00e1llalkoz\u00f3: Premium Goods Kft. (Kisk\u0151r\u00f6s)Alv\u00e1llalkoz\u00f3: Jeszenszky Zolt\u00e1n E.V. (Nagyk\u0151r\u00f6s) A budakeszi r.k. templom pl\u00e9b\u00e1ni\u00e1j\u00e1hoz tartoz\u00f3 telken h\u00e1rom \u00e9p\u00fcletb\u0151l \u00e1llt \u00f6ssze a domonkos n\u0151v\u00e9rek kolostor\u00e1nak \u00e9p\u00fcletegy\u00fcttese, az [&hellip;]<\/p>\n","protected":false},"author":4,"featured_media":0,"parent":0,"menu_order":0,"comment_status":"closed","ping_status":"closed","template":"","meta":{"footnotes":""},"class_list":["post-2942","page","type-page","status-publish","hentry"],"_links":{"self":[{"href":"https:\/\/mernokvagyok.hu\/epitesi\/wp-json\/wp\/v2\/pages\/2942","targetHints":{"allow":["GET"]}}],"collection":[{"href":"https:\/\/mernokvagyok.hu\/epitesi\/wp-json\/wp\/v2\/pages"}],"about":[{"href":"https:\/\/mernokvagyok.hu\/epitesi\/wp-json\/wp\/v2\/types\/page"}],"author":[{"embeddable":true,"href":"https:\/\/mernokvagyok.hu\/epitesi\/wp-json\/wp\/v2\/users\/4"}],"replies":[{"embeddable":true,"href":"https:\/\/mernokvagyok.hu\/epitesi\/wp-json\/wp\/v2\/comments?post=2942"}],"version-history":[{"count":1,"href":"https:\/\/mernokvagyok.hu\/epitesi\/wp-json\/wp\/v2\/pages\/2942\/revisions"}],"predecessor-version":[{"id":2945,"href":"https:\/\/mernokvagyok.hu\/epitesi\/wp-json\/wp\/v2\/pages\/2942\/revisions\/2945"}],"wp:attachment":[{"href":"https:\/\/mernokvagyok.hu\/epitesi\/wp-json\/wp\/v2\/media?parent=2942"}],"curies":[{"name":"wp","href":"https:\/\/api.w.org\/{rel}","templated":true}]}}

Árpád-házi Szent Margitról nevezett Domonkos Nővérek Kolostora

<div class="wp-block-group is-nowrap is-layout-flex wp-container-core-group-is-layout-64989fb1 wp-block-group-is-layout-flex">
<figure class="wp-block-image size-full is-resized"><img loading="lazy" decoding="async" width="2560" height="1440" src="https://mernokvagyok.hu/epitesi/wp-content/uploads/2026/01/Domokos-kolostor-2-1-scaled.png" alt="" class="wp-image-2944" style="width:460px;height:329px" srcset="https://mernokvagyok.hu/epitesi/wp-content/uploads/2026/01/Domokos-kolostor-2-1-scaled.png 2560w, https://mernokvagyok.hu/epitesi/wp-content/uploads/2026/01/Domokos-kolostor-2-1-300x169.png 300w, https://mernokvagyok.hu/epitesi/wp-content/uploads/2026/01/Domokos-kolostor-2-1-1024x576.png 1024w, https://mernokvagyok.hu/epitesi/wp-content/uploads/2026/01/Domokos-kolostor-2-1-768x432.png 768w, https://mernokvagyok.hu/epitesi/wp-content/uploads/2026/01/Domokos-kolostor-2-1-1536x864.png 1536w, https://mernokvagyok.hu/epitesi/wp-content/uploads/2026/01/Domokos-kolostor-2-1-2048x1152.png 2048w, https://mernokvagyok.hu/epitesi/wp-content/uploads/2026/01/Domokos-kolostor-2-1-830x467.png 830w, https://mernokvagyok.hu/epitesi/wp-content/uploads/2026/01/Domokos-kolostor-2-1-230x129.png 230w, https://mernokvagyok.hu/epitesi/wp-content/uploads/2026/01/Domokos-kolostor-2-1-350x197.png 350w, https://mernokvagyok.hu/epitesi/wp-content/uploads/2026/01/Domokos-kolostor-2-1-480x270.png 480w" sizes="auto, (max-width: 2560px) 100vw, 2560px" /></figure>



<p><strong>Építtető: </strong>Árpád-Házi Szent Margitról<br>Szent Domonkos Rendi Nővérek Apostoli Kongregációja,<br>Advocata Nostra belső egyházi jogi személy<em><br></em><strong>Tervező: </strong>Fejérdy és Bartók Építészeti Kft. (Budapest)<em><br></em><strong>Lebonyolító:</strong> Nisus Kft. (Budakeszi)<em><br></em><strong>Generálkivitelező: </strong>MERKBAU Zrt. (Kiskunhalas)<em><br></em><strong>Alvállalkozó: </strong>Fit Verzió Kft. (Budapest)<em><br></em><strong>Alvállalkozó: </strong>Premium Goods Kft. (Kiskőrös)<em><br></em><strong>Alvállalkozó: </strong>Jeszenszky Zoltán E.V. (Nagykőrös)</p>
</div>



<p></p>



<p>A budakeszi r.k. templom plébániájához tartozó telken három épületből állt össze a domonkos nővérek kolostorának épületegyüttese, az Otthonház, a Kápolna és a Rendház. A meredek hegyoldalon áthaladó patak nyomvonalát megőrizve a régi épületek elbontásával és bonyolult építészeti és statikai átalakításokkal, valamint új bővítményekkel alakult ki a mai állapot. Zárt hídon folyosó köti össze az épületeket. Az Otthonház a nővérek otthona, a Kápolna két szintes, arányosan berendezett egyszerű fehér falakkal. Környezetéből kiemelkedik a Rendház, mely a megnövekedett létszámnak ad helyet. Nagy érdeme a megvalósításban résztvevőknek, hogy a rendkívül lehatárolt kis területen, családi házas környezetben megvalósított építkezést mindenki megelégedésére végezték el, beleértve az ez idő alatt mindvégig bentlakó nővéreket is. </p>

<p>Építtető: Árpád-Házi Szent MargitrólSzent Domonkos Rendi Nővérek Apostoli Kongregációja,Advocata Nostra belső egyházi jogi személyTervező: Fejérdy és Bartók Építészeti Kft. (Budapest)Lebonyolító: Nisus Kft. (Budakeszi)Generálkivitelező: MERKBAU Zrt. (Kiskunhalas)Alvállalkozó: Fit Verzió Kft. (Budapest)Alvállalkozó: Premium Goods Kft. (Kiskőrös)Alvállalkozó: Jeszenszky Zoltán E.V. (Nagykőrös) A budakeszi r.k. templom plébániájához tartozó telken három épületből állt össze a domonkos nővérek kolostorának épületegyüttese, az [&hellip;]</p>
