{"id":385,"date":"2023-08-29T00:10:40","date_gmt":"2023-08-29T00:10:40","guid":{"rendered":"https:\/\/mernokvagyok.hu\/akusztika\/?page_id=385"},"modified":"2026-01-10T23:13:57","modified_gmt":"2026-01-10T23:13:57","slug":"jogszabalyok_jegyzeke","status":"publish","type":"page","link":"https:\/\/mernokvagyok.hu\/akusztika\/jogszabalyok_jegyzeke\/","title":{"rendered":"Jogszab\u00e1lyok jegyz\u00e9ke"},"content":{"rendered":"\n<p class=\"has-text-align-center\">(2025. december 20. szerinti \u00e1llapot)<\/p>\n\n\n\n<p class=\"has-text-align-center\">\u00a9 Dr. Szak\u00e1cs Gy\u00f6rgy, 2020-2024.<\/p>\n\n\n\n<p>A jegyz\u00e9kben felsorolt jogszab\u00e1lyok az utols\u00f3 friss\u00edt\u00e9s (ellen\u0151rz\u00e9s) szerinti tartalommal a jegyz\u00e9kb\u0151l linkkel k\u00f6zvetlen\u00fcl el\u00e9rhet\u0151k a Nemzeti Jogszab\u00e1lyt\u00e1rban, illetve az EUR-Lex-ben. \u00c1ltal\u00e1ban ett\u0151l elt\u00e9r\u0151 id\u0151\u00e1llapotok is megtal\u00e1lhat\u00f3k az <a href=\"https:\/\/mernokvagyok.hu\/akusztika\/jogszabalyok-osszefoglalo\/#Fejezet01\" data-type=\"URL\" data-id=\"https:\/\/mernokvagyok.hu\/akusztika\/jogszabalyok-osszefoglalo\">I. f\u0151fejezet 1. fejezet\u00e9ben<\/a> megadott keres\u00e9si lehet\u0151s\u00e9gek alkalmaz\u00e1s\u00e1val, tov\u00e1bb\u00e1 a jogszab\u00e1lyok aktu\u00e1lis \u00e1llapota is leellen\u0151rizhet\u0151.&nbsp;<\/p>\n\n\n\n<p>A magyar jogszab\u00e1lyokban a legut\u00f3bb m\u00f3dosult sz\u00f6vegr\u00e9szek (ha voltak ilyenek) baloldalt f\u00fcgg\u0151leges piros cs\u00edkkal vannak kiemelve. Az uni\u00f3s jogszab\u00e1lyokban a dokumentum elej\u00e9n felsorolj\u00e1k az \u00f6sszes eddigi m\u00f3dos\u00edt\u00f3 jogszab\u00e1ly sz\u00e1m\u00e1t \u00e9s c\u00edm\u00e9t (ha voltak ilyenek).<\/p>\n\n\n\n<h2 class=\"wp-block-heading has-text-align-center\"><strong>Tartalom a jogszab\u00e1lyok jegyz\u00e9k\u00e9hez<\/strong>&nbsp;<\/h2>\n\n\n<p><a href=\"#resz1\">1. Zaj- \u00e9s rezg\u00e9sv\u00e9delmi jogszab\u00e1lycsomag<\/a><\/p>\n<p><a href=\"#resz2\">2. A zajt\u00e9rk\u00e9pekkel, valamint a rep\u00fcl\u00e9si zajjal kapcsolatos jogszab\u00e1lyok<\/a><\/p>\n<p><a href=\"#resz3\">3. Munkahelyi zajjal \u00e9s rezg\u00e9ssel kapcsolatos jogszab\u00e1lyok<\/a><\/p>\n<p><a href=\"#resz4\">4. \u00c9p\u00edt\u00e9s\u00fcgyi jogszab\u00e1lyok<\/a><\/p>\n<p><a href=\"#resz5\">5. Szakmagyakorl\u00e1ssal kapcsolatos jogszab\u00e1lyok<\/a><\/p>\n\n\n<hr class=\"wp-block-separator has-alpha-channel-opacity\" \/>\n\n\n\n<h2 class=\"wp-block-heading\" id=\"resz1\">1. Zaj- \u00e9s rezg\u00e9sv\u00e9delmi jogszab\u00e1lycsomag<\/h2>\n\n\n\n<p><a href=\"http:\/\/njt.hu\/cgi_bin\/njt_doc.cgi?docid=112436.377905\">284\/2007. (X. 29.) Korm. rendelet<\/a> a k\u00f6rnyezeti zaj \u00e9s rezg\u00e9s elleni v\u00e9delem egyes szab\u00e1lyair\u00f3l <em>(2023. m\u00e1rcius 1-j\u00e9n m\u00f3dosult n\u00e9h\u00e1ny el\u0151\u00edr\u00e1sa)<\/em><\/p>\n\n\n\n<p><a href=\"http:\/\/njt.hu\/cgi_bin\/njt_doc.cgi?docid=110953.366207\">93\/2007. (XII. 18.) KvVM rendelet<\/a> a zajkibocs\u00e1t\u00e1si hat\u00e1r\u00e9rt\u00e9kek meg\u00e1llap\u00edt\u00e1s\u00e1nak, valamint a zaj- \u00e9s rezg\u00e9skibocs\u00e1t\u00e1s ellen\u0151rz\u00e9s\u00e9nek m\u00f3dj\u00e1r\u00f3l&nbsp;<\/p>\n\n\n\n<p><a href=\"http:\/\/njt.hu\/cgi_bin\/njt_doc.cgi?docid=117357.370208\">27\/2008. (XII. 3.) KvVM-E\u00fcM egy\u00fcttes rendelet<\/a> a k\u00f6rnyezeti zaj- \u00e9s rezg\u00e9sterhel\u00e9si hat\u00e1r\u00e9rt\u00e9kek meg\u00e1llap\u00edt\u00e1s\u00e1r\u00f3l&nbsp;<\/p>\n\n\n\n<p><a href=\"http:\/\/njt.hu\/cgi_bin\/njt_doc.cgi?docid=57786.418039\">140\/2001. (VIII. 8.) Korm. rendelet<\/a> egyes k\u00fclt\u00e9ri berendez\u00e9sek zajkibocs\u00e1t\u00e1si k\u00f6vetelm\u00e9nyeir\u0151l \u00e9s megfelel\u0151s\u00e9g\u00fck tan\u00fas\u00edt\u00e1s\u00e1r\u00f3l (<em>2021. janu\u00e1r 1-j\u00e9n m\u00f3dosult n\u00e9h\u00e1ny el\u0151\u00edr\u00e1sa<\/em>)<\/p>\n\n\n\n<p><a href=\"http:\/\/njt.hu\/cgi_bin\/njt_doc.cgi?docid=56468.81601\">29\/2001. (XII. 23.) K\u00f6M-GM egy\u00fcttes rendelet<\/a> egyes k\u00fclt\u00e9ri berendez\u00e9sek zajkibocs\u00e1t\u00e1s\u00e1nak korl\u00e1toz\u00e1s\u00e1r\u00f3l \u00e9s a zajkibocs\u00e1t\u00e1s m\u00e9r\u00e9si m\u00f3dszer\u00e9r\u0151l &nbsp;<\/p>\n\n\n\n<p><a href=\"http:\/\/njt.hu\/jogszabaly\/2001-142-20-22\">142\/2001. (VIII. 8.) Korm. rendelet<\/a> a h\u00e1ztart\u00e1si g\u00e9pek zajkibocs\u00e1t\u00e1si \u00e9rt\u00e9keinek felt\u00fcntet\u00e9si k\u00f6telezetts\u00e9g\u00e9r\u0151l<\/p>\n\n\n\n<h2 class=\"wp-block-heading\" id=\"resz2\">2. A zajt\u00e9rk\u00e9pekkel, valamint a rep\u00fcl\u00e9si zajjal kapcsolatos jogszab\u00e1lyok<\/h2>\n\n\n\n<p><a href=\"http:\/\/njt.hu\/jogszabaly\/2004-280-20-22\">280\/2004. (X. 20.) Korm. rendelet<\/a> a k\u00f6rnyezeti zaj \u00e9rt\u00e9kel\u00e9s\u00e9r\u0151l \u00e9s kezel\u00e9s\u00e9r\u0151l <em>(2023. m\u00e1rcius 1-j\u00e9n m\u00f3dosult n\u00e9h\u00e1ny el\u0151\u00edr\u00e1sa)<\/em>&nbsp;<\/p>\n\n\n\n<p><a href=\"http:\/\/njt.hu\/jogszabaly\/2004-25-20-0N\">25\/2004. (XII. 20.) KvVM rendelet<\/a> a strat\u00e9giai zajt\u00e9rk\u00e9pek, valamint az int\u00e9zked\u00e9si tervek k\u00e9sz\u00edt\u00e9s\u00e9nek r\u00e9szletes szab\u00e1lyair\u00f3l &nbsp;<\/p>\n\n\n\n<p><a href=\"https:\/\/njt.hu\/jogszabaly\/1997-176-20-22.14#CI\">176\/1997. (X. 11.) Korm. rendelet<\/a> a rep\u00fcl\u0151terek k\u00f6rnyezet\u00e9ben l\u00e9tes\u00edtend\u0151 zajg\u00e1tl\u00f3 v\u00e9d\u0151\u00f6vezetek kijel\u00f6l\u00e9s\u00e9nek, hasznos\u00edt\u00e1s\u00e1nak \u00e9s megsz\u00fcntet\u00e9s\u00e9nek szab\u00e1lyair\u00f3l&nbsp;<\/p>\n\n\n\n<p><a href=\"http:\/\/njt.hu\/cgi_bin\/njt_doc.cgi?docid=29419.377468\">18\/1997. (X. 11.) KHVM-KTM egy\u00fcttes rendelet<\/a> a rep\u00fcl\u0151terek k\u00f6rnyezet\u00e9ben l\u00e9tes\u00edtend\u0151 zajg\u00e1tl\u00f3 v\u00e9d\u0151\u00f6vezetek kijel\u00f6l\u00e9s\u00e9nek, hasznos\u00edt\u00e1s\u00e1nak \u00e9s megsz\u00fcntet\u00e9s\u00e9nek r\u00e9szletes m\u0171szaki szab\u00e1lyair\u00f3l&nbsp;<\/p>\n\n\n\n<p><a href=\"http:\/\/njt.hu\/cgi_bin\/njt_doc.cgi?docid=65354.332304\">43\/2002. (VIII. 12.) HM-KvVM egy\u00fcttes rendelet<\/a> az \u00e1llami rep\u00fcl\u0151terek k\u00f6rnyezet\u00e9ben l\u00e9tes\u00edtend\u0151 zajg\u00e1tl\u00f3 v\u00e9d\u0151\u00f6vezetek kijel\u00f6l\u00e9s\u00e9nek, hasznos\u00edt\u00e1s\u00e1nak \u00e9s megsz\u00fcntet\u00e9s\u00e9nek r\u00e9szletes m\u0171szaki k\u00f6vetelm\u00e9nyeir\u0151l<\/p>\n\n\n\n<h2 class=\"wp-block-heading\" id=\"resz3\">3. Munkahelyi zajjal \u00e9s rezg\u00e9ssel kapcsolatos jogszab\u00e1lyok<\/h2>\n\n\n\n<p><a href=\"http:\/\/njt.hu\/cgi_bin\/njt_doc.cgi?docid=49261.273343\">2000. \u00e9vi LXXII. t\u00f6rv\u00e9ny<\/a> a munkav\u00e1llal\u00f3knak a munkahelyi leveg\u0151szennyez\u0151d\u00e9s, a zaj \u00e9s rezg\u00e9s \u00e1ltal okozott foglalkoz\u00e1si vesz\u00e9lyek elleni v\u00e9delm\u00e9r\u0151l sz\u00f3l\u00f3, a Nemzetk\u00f6zi Munka\u00fcgyi Konferencia 1977. \u00e9vi 63. \u00fcl\u00e9sszak\u00e1n elfogadott 148. sz\u00e1m\u00fa Egyezm\u00e9ny kihirdet\u00e9s\u00e9r\u0151l&nbsp;<\/p>\n\n\n\n<p><a href=\"http:\/\/njt.hu\/cgi_bin\/njt_doc.cgi?docid=64040.385275\">3\/2002. (II. 8.) SzCsM-E\u00fcM egy\u00fcttes rendelet<\/a> a munkahelyek munkav\u00e9delmi k\u00f6vetelm\u00e9nyeinek minim\u00e1lis szintj\u00e9r\u0151l (<em>2023. janu\u00e1r 1-j\u00e9n m\u00f3dosult n\u00e9h\u00e1ny el\u0151\u00edr\u00e1sa<\/em>)<\/p>\n\n\n\n<p><a href=\"http:\/\/njt.hu\/cgi_bin\/njt_doc.cgi?docid=93513.385283\">22\/2005. (VI. 24.) E\u00fcM rendelet<\/a> a rezg\u00e9sexpoz\u00edci\u00f3nak kitett munkav\u00e1llal\u00f3kra vonatkoz\u00f3 minim\u00e1lis eg\u00e9szs\u00e9gi \u00e9s munkabiztons\u00e1gi k\u00f6vetelm\u00e9nyekr\u0151l (<em>2023. janu\u00e1r 1-j\u00e9n m\u00f3dosult n\u00e9h\u00e1ny el\u0151\u00edr\u00e1sa<\/em>)<\/p>\n\n\n\n<p><a href=\"http:\/\/njt.hu\/cgi_bin\/njt_doc.cgi?docid=94559.385284\">66\/2005. (XII. 22.) E\u00fcM rendelet<\/a> a munkav\u00e1llal\u00f3kat \u00e9r\u0151 zajexpoz\u00edci\u00f3ra vonatkoz\u00f3 minim\u00e1lis eg\u00e9szs\u00e9gi \u00e9s biztons\u00e1gi k\u00f6vetelm\u00e9nyekr\u0151l (<em>2023. janu\u00e1r 1-j\u00e9n m\u00f3dosult n\u00e9h\u00e1ny el\u0151\u00edr\u00e1sa<\/em>)<\/p>\n\n\n\n<h2 class=\"wp-block-heading\" id=\"resz4\">4. \u00c9p\u00edt\u00e9s\u00fcgyi jogszab\u00e1lyok<\/h2>\n\n\n\n<p><a href=\"https:\/\/njt.hu\/jogszabaly\/2023-100-00-00\">2023. \u00e9vi C. t\u00f6rv\u00e9ny<\/a> a magyar \u00e9p\u00edt\u00e9szetr\u0151l<\/p>\n\n\n\n<p><a href=\"https:\/\/njt.hu\/jogszabaly\/1997-253-20-22\">253\/1997. (XII. 20.) Korm. rendelet<\/a> az orsz\u00e1gos telep\u00fcl\u00e9srendez\u00e9si \u00e9s \u00e9p\u00edt\u00e9si k\u00f6vetelm\u00e9nyekr\u0151l<\/p>\n\n\n\n<p><em>(2025. janu\u00e1r 1-j\u00e9vel hat\u00e1ly\u00e1t veszti, helyette az egyidej\u0171leg hat\u00e1lyba l\u00e9p\u0151, hasonl\u00f3 tartalm\u00fa \u201eA telep\u00fcl\u00e9srendez\u00e9si \u00e9s \u00e9p\u00edt\u00e9si k\u00f6vetelm\u00e9nyek alapszab\u00e1lyzat\u00e1r\u00f3l sz\u00f3l\u00f3 280\/2024. (IX. 30.) Korm. rendeletet\u201d (T\u00c9KA) kell majd alkalmazni)<\/em> <\/p>\n\n\n\n<p><a href=\"https:\/\/eur-lex.europa.eu\/legal-content\/HU\/TXT\/?uri=CELEX%3A02011R0305-20241117\">305\/2011\/EU eur\u00f3pai parlamenti \u00e9s tan\u00e1csi rendelet<\/a> az \u00e9p\u00edt\u00e9si term\u00e9kek forgalmaz\u00e1s\u00e1ra vonatkoz\u00f3 harmoniz\u00e1lt felt\u00e9telek meg\u00e1llap\u00edt\u00e1s\u00e1r\u00f3l \u00e9s a 89\/106\/EGK tan\u00e1csi ir\u00e1nyelv hat\u00e1lyon k\u00edv\u00fcl helyez\u00e9s\u00e9r\u0151l (2011. m\u00e1rcius 9.)<\/p>\n\n\n\n<p><a href=\"https:\/\/eur-lex.europa.eu\/legal-content\/HU\/TXT\/PDF\/?uri=CELEX:32013R1062&amp;qid=1581178253783&amp;from=HU\">1062\/2013\/EU bizotts\u00e1gi v\u00e9grehajt\u00e1si rendelet<\/a> az \u00e9p\u00edt\u00e9si term\u00e9kek eur\u00f3pai m\u0171szaki \u00e9rt\u00e9kel\u00e9s\u00e9nek form\u00e1tum\u00e1r\u00f3l (2013. okt\u00f3ber 30.)&nbsp;<\/p>\n\n\n\n<p><a href=\"https:\/\/eur-lex.europa.eu\/legal-content\/HU\/TXT\/PDF\/?uri=CELEX:32014R0157&amp;qid=1581178693064&amp;from=HU\">157\/2014\/EU felhatalmaz\u00e1son alapul\u00f3 bizotts\u00e1gi rendelet<\/a> az \u00e9p\u00edt\u00e9si term\u00e9kek teljes\u00edtm\u00e9nynyilatkozat\u00e1nak weboldalon val\u00f3 k\u00f6zz\u00e9t\u00e9tel\u00e9re vonatkoz\u00f3 felt\u00e9telekr\u0151l (2013. okt\u00f3ber 30.)&nbsp;<\/p>\n\n\n\n<p><a href=\"https:\/\/njt.hu\/jogszabaly\/2013-275-20-22.10#CI\" target=\"_blank\" rel=\"noreferrer noopener\">275\/2013. (VII. 16.) Korm. rendelet<\/a> az \u00e9p\u00edt\u00e9si term\u00e9k \u00e9p\u00edtm\u00e9nybe t\u00f6rt\u00e9n\u0151 betervez\u00e9s\u00e9nek \u00e9s be\u00e9p\u00edt\u00e9s\u00e9nek, ennek sor\u00e1n a teljes\u00edtm\u00e9ny igazol\u00e1s\u00e1nak r\u00e9szletes szab\u00e1lyair\u00f3l&nbsp;<\/p>\n\n\n\n<h2 class=\"wp-block-heading\" id=\"resz5\">5. Szakmagyakorl\u00e1ssal kapcsolatos jogszab\u00e1lyok<\/h2>\n\n\n\n<p><a href=\"https:\/\/www.njt.hu\/jogszabaly\/1999-76-00-00\">1999. \u00e9vi LXXVI. t\u00f6rv\u00e9ny<\/a> a szerz\u0151i jogr\u00f3l <\/p>\n\n\n\n<p><a href=\"https:\/\/njt.hu\/jogszabaly\/2013-266-20-22\">266\/2013. (VII. 11.) Korm. rendelet<\/a> az \u00e9p\u00edt\u00e9s\u00fcgyi \u00e9s az \u00e9p\u00edt\u00e9s\u00fcggyel \u00f6sszef\u00fcgg\u0151 szakmagyakorl\u00e1si tev\u00e9kenys\u00e9gekr\u0151l&nbsp;<\/p>\n\n\n\n<p><a href=\"https:\/\/njt.hu\/jogszabaly\/2009-297-20-22\">297\/2009. (XII. 21.) Korm. rendelet<\/a> a k\u00f6rnyezetv\u00e9delmi, term\u00e9szetv\u00e9delmi, v\u00edzgazd\u00e1lkod\u00e1si \u00e9s t\u00e1jv\u00e9delmi szak\u00e9rt\u0151i tev\u00e9kenys\u00e9gr\u0151l<\/p>\n","protected":false},"excerpt":{"rendered":"<p>(2025. december 20. szerinti \u00e1llapot) \u00a9 Dr. Szak\u00e1cs Gy\u00f6rgy, 2020-2024. A jegyz\u00e9kben felsorolt jogszab\u00e1lyok az utols\u00f3 friss\u00edt\u00e9s (ellen\u0151rz\u00e9s) szerinti tartalommal a jegyz\u00e9kb\u0151l linkkel k\u00f6zvetlen\u00fcl el\u00e9rhet\u0151k a Nemzeti Jogszab\u00e1lyt\u00e1rban, illetve az EUR-Lex-ben. \u00c1ltal\u00e1ban ett\u0151l elt\u00e9r\u0151 id\u0151\u00e1llapotok is megtal\u00e1lhat\u00f3k az I. f\u0151fejezet 1. fejezet\u00e9ben megadott keres\u00e9si lehet\u0151s\u00e9gek alkalmaz\u00e1s\u00e1val, tov\u00e1bb\u00e1 a jogszab\u00e1lyok aktu\u00e1lis \u00e1llapota is leellen\u0151rizhet\u0151.&nbsp; A magyar [&hellip;]<\/p>\n","protected":false},"author":1159,"featured_media":0,"parent":0,"menu_order":0,"comment_status":"closed","ping_status":"closed","template":"","meta":{"footnotes":""},"class_list":["post-385","page","type-page","status-publish","hentry"],"_links":{"self":[{"href":"https:\/\/mernokvagyok.hu\/akusztika\/wp-json\/wp\/v2\/pages\/385","targetHints":{"allow":["GET"]}}],"collection":[{"href":"https:\/\/mernokvagyok.hu\/akusztika\/wp-json\/wp\/v2\/pages"}],"about":[{"href":"https:\/\/mernokvagyok.hu\/akusztika\/wp-json\/wp\/v2\/types\/page"}],"author":[{"embeddable":true,"href":"https:\/\/mernokvagyok.hu\/akusztika\/wp-json\/wp\/v2\/users\/1159"}],"replies":[{"embeddable":true,"href":"https:\/\/mernokvagyok.hu\/akusztika\/wp-json\/wp\/v2\/comments?post=385"}],"version-history":[{"count":29,"href":"https:\/\/mernokvagyok.hu\/akusztika\/wp-json\/wp\/v2\/pages\/385\/revisions"}],"predecessor-version":[{"id":1126,"href":"https:\/\/mernokvagyok.hu\/akusztika\/wp-json\/wp\/v2\/pages\/385\/revisions\/1126"}],"wp:attachment":[{"href":"https:\/\/mernokvagyok.hu\/akusztika\/wp-json\/wp\/v2\/media?parent=385"}],"curies":[{"name":"wp","href":"https:\/\/api.w.org\/{rel}","templated":true}]}}